{"id":7,"date":"2011-10-26T17:28:10","date_gmt":"2011-10-26T17:28:10","guid":{"rendered":"https:\/\/web.ciidiroaxaca.ipn.mx\/emmartinez\/proyectos-de-investigacion\/"},"modified":"2025-10-16T16:34:20","modified_gmt":"2025-10-16T22:34:20","slug":"proyectos-de-investigacion","status":"publish","type":"page","link":"https:\/\/web.ciidiroaxaca.ipn.mx\/emmartinez\/proyectos-de-investigacion\/","title":{"rendered":"Proyectos de investigaci\u00f3n"},"content":{"rendered":"\n<h3 class=\"wp-block-heading has-text-align-left has-primary-color has-transparent-background-color has-text-color has-background has-link-color wp-elements-dee173ef75c061b675a46cf690a560b0\"><strong>Director de proyecto:<\/strong><\/h3>\n\n\n\n<ul class=\"wp-block-list\">\n<li>Los peces del r\u00edo Atoyac, Oaxaca. <strong>SIP 20254149<\/strong>. Enero-diciembre 2025.<\/li>\n\n\n\n<li>Ictiofauna de la cuenca alta del r\u00edo Atoyac, Oaxaca. <strong>SIP 20241970<\/strong>. Enero-diciembre 2024.<\/li>\n\n\n\n<li>Diagn\u00f3stico de las especies dulceacu\u00edcolas potenciales en el \u00e1rea Oaxaque\u00f1a del Corredor Interoce\u00e1nico del Istmo de Tehuantepec. Junio-diciembre\/2023.<\/li>\n\n\n\n<li>M\u00f3dulo de acuapon\u00eda familiar en un municipio del distrito Centro de Oaxaca. <strong>SIP 20230163<\/strong>. Enero-diciembre 2023.<\/li>\n\n\n\n<li>M\u00f3dulo \u201cEvaluaci\u00f3n prototipos digitales en ambientes dulceacu\u00edcolas en zonas semi\u00e1ridas y \u00e1ridas para el apoyo de estudios de cambio clim\u00e1tico\u201d <strong>SIP 20202099<\/strong>, <strong>SIP 20210288 y SIP 20220652.<\/strong> Proyecto multidisciplinario \u00abDesarrollo de dispositivos de registro continuo para el monitoreo en tiempo real de la calidad del agua para apoyar el estudio del cambio clim\u00e1tico en ambientes marino-costero, dulceacu\u00edcolas, y su uso en cultivos acu\u00edcolas\u00bb N\u00b0 2125. Director del m\u00f3dulo. Enero 2020- diciembre 2022.<\/li>\n\n\n\n<li>Peces dulceacu\u00edcolas del r\u00edo Copalita. Clave <strong>SIP20195206<\/strong>. Enero-Diciembre 2019.<\/li>\n\n\n\n<li>Comunidades de peces nativos continentales de Oaxaca. Clave <strong>SIP20181061<\/strong>. Enero-Diciembre 2018.<\/li>\n\n\n\n<li>Apoyo a la Colecci\u00f3n de Peces del CIIDIR Unidad Oaxaca. <strong>SIP-IPN 20171133<\/strong>. Enero-diciembre 2017.<\/li>\n\n\n\n<li>Relaci\u00f3n tr\u00f3fica entre especies ex\u00f3ticas y nativas de peces en la parte oaxaque\u00f1a de la Reserva de la Biosfera Tehuac\u00e1n-Cuicatl\u00e1n. <strong>SIP-IPN 20164780<\/strong>. Enero-diciembre 2016.<\/li>\n\n\n\n<li>Diagn\u00f3stico de las especies invasoras de peces en el \u00e1rea oaxaque\u00f1a de la Reserva de la Biosfera Tehuac\u00e1n-Cuicatl\u00e1n. Clave <strong>CONABIO LI007 y SIP-2015-RE\/054<\/strong>. 15\/junio\/2015-8\/septiembre\/2017.<\/li>\n\n\n\n<li>Estado actual de la ictiofauna oaxaque\u00f1a de la Reserva de la Biosfera Tehuac\u00e1n-Cuicatl\u00e1n. <strong>SIP-IPN 20151627<\/strong>. Enero-diciembre 2015.<\/li>\n\n\n\n<li>M\u00f3dulo \u00abEvaluaci\u00f3n de alternativas para la mitigaci\u00f3n de los efectos del cambio clim\u00e1tico en los sectores de inter\u00e9s para el estado de Oaxaca\u00bb <strong>SIP-IPN 20130163 <\/strong>y<strong> 20140512<\/strong>. Proyecto multidisciplinario \u00abEvaluaci\u00f3n de alternativas para la mitigaci\u00f3n de los efectos del cambio clim\u00e1tico en los sectores de inter\u00e9s para el estado de Oaxaca\u00bb <strong>SIP-IPN 1583<\/strong>. Coordinador del proyecto y director del m\u00f3dulo. Enero 2013-diciembre 2014. <\/li>\n\n\n\n<li>Impacto de los ciclones en la ictiofauna de la cuenca alta del r\u00edo Papaloapan, Oaxaca. Clave <strong>SIP-IPN 20110236<\/strong> y <strong>20121011<\/strong>. Enero 2011-diciembre 2012.<\/li>\n\n\n\n<li>Plan general de validaci\u00f3n y transferencia de tecnolog\u00eda en el cultivo semi-intensivo de tilapia revertida sexualmente en San Isidro Chacalapa, San Pedro Huamelula, Tehuantepec, Oaxaca. Proyecto 20-2007-0807 Fundaci\u00f3n Produce Oaxaca, A. C. y clave <strong>SIP-IPN 20090220<\/strong> y <strong>20100219<\/strong>. Junio 2008-diciembre 2009 y enero-agosto 2010.<\/li>\n\n\n\n<li>Ictiofauna del sistema lagunar costero Chacahua-La Pastor\u00eda, Oaxaca. Clave <strong>CONABIO DJ023<\/strong> y <strong>SIP-IPN 20070713<\/strong> y <strong>20080420<\/strong>. Noviembre 2006-diciembre 2008.<\/li>\n\n\n\n<li>Los peces del \u00e1rea oaxaque\u00f1a de la Reserva de la Biosfera Tehuac\u00e1n-Cuicatl\u00e1n. Clave DT002 de la CONABIO. Clave <strong>CGPI-IPN 20050243<\/strong> y <strong>SIP-IPN 20060496<\/strong>. Febrero 2005-septiembre 2007.<\/li>\n\n\n\n<li>Evaluaci\u00f3n de un modelo de producci\u00f3n pisc\u00edcola en la regi\u00f3n Mixteca alta del estado de Oaxaca. Clave <strong>CGPI-IPN 20030906<\/strong>. 01\/febrero\/2003-marzo\/2004.<\/li>\n\n\n\n<li>Propuestas de las categor\u00edas de riesgo para 6 especies de peces del PROY-NOM-ECOL-2000. Clave <strong>W021 de la CONABIO<\/strong>. 15\/junio\/2001-15\/octubre\/2002<\/li>\n\n\n\n<li>Colecci\u00f3n de peces continentales del Estado de Oaxaca. Clave CONACYT I35614-V. Clave <strong>CGPI-IPN 20010879<\/strong>. Octubre 200-abril 2003.<\/li>\n\n\n\n<li>Biodiversidad de los peces continentales de Oaxaca, M\u00e9xico. Conservaci\u00f3n y Aprovechamiento. Clave <strong>DEPI 966948<\/strong>. Enero-diciembre 1996.<\/li>\n\n\n\n<li>Policultivo de peces y su integraci\u00f3n a la avicultura y horticultura. Sin clave<\/li>\n\n\n\n<li>Contribuci\u00f3n al estudio de la biolog\u00eda y el cultivo del langostino <em>Macrobrachium americanum<\/em> Bate en el estado de Oaxaca. <strong>Clave DEPI-IPN 923826<\/strong>. 1992-1993.<\/li>\n\n\n\n<li>Cultivo semi intensivo del langostino malayo <em>Macrobrachium rosenbergii<\/em> en Oaxaca. Clave <strong>DEPI-IPN 912727<\/strong>. Enero-diciembre 1991.<\/li>\n\n\n\n<li>Cultivo piloto del osti\u00f3n japon\u00e9s (<em>Crassostrea<\/em><em> gigas<\/em>) en la Laguna Superior en San Dionisio del Mar. Clave <strong>DEPI-IPN 85403<\/strong>. Enero-diciembre 1986.<\/li>\n\n\n\n<li>Estudio ecol\u00f3gico del sistema lagunar Chacahua La Pastor\u00eda, Oaxaca. Clave Direcc. de Estud. de Posgrad. e Investig. Clave <strong>DEPI-IPN 842737<\/strong>. Abril 1984-octubre1988<\/li>\n\n\n\n<li>Estudio del contenido estomacal de <em>Eucinostomus argenteus<\/em> en la Bah\u00eda de la Paz, La Paz, B.C.S. Abril-agosto 1982.<\/li>\n<\/ul>\n\n\n\n<h3 class=\"wp-block-heading has-primary-color has-transparent-background-color has-text-color has-background has-link-color wp-elements-a204743175ffd25985b212894497c7a5\"><strong>Participante de proyecto:<\/strong><\/h3>\n\n\n\n<ul class=\"wp-block-list\">\n<li>Explorando los patrones de especiaci\u00f3n en un callej\u00f3n sin salida evolutivo: diversidad, relaciones filogen\u00e9ticas, filogeograf\u00eda, ecolog\u00eda y asociaciones cofilogen\u00e9ticas de Gyrodactylys y peces pec\u00edlidos neotropicales. <strong>N\u00b0 CF-2023-G-95 CONAHCYT<\/strong>, convenio Instituto de Ecolog\u00eda, A. C. y CONAHCYT firmado 16 junio 2023 y Convocatoria Ciencia de Frontera 2023. 2024-2026.<\/li>\n\n\n\n<li>Generaci\u00f3n de un modelo de calidad del agua para r\u00edos de \u00e1reas naturales protegidas basado en l\u00f3gica difusa. <strong>SIP-IPN 20171324<\/strong>. Enero-diciembre 2017.<\/li>\n\n\n\n<li>Valoraci\u00f3n de la condici\u00f3n de salud de cuerpos de agua en \u00e1reas naturales protegidas a trav\u00e9s del monitoreo biol\u00f3gico con fines de conservaci\u00f3n y gesti\u00f3n del recurso h\u00eddrico, clave <strong>CONACyT 1931<\/strong>. Inicio enero 2017-2021.<\/li>\n\n\n\n<li>Evaluaci\u00f3n de las actividades de educaci\u00f3n ambiental en el CIIDIR Oaxaca SIP 20141165.<\/li>\n\n\n\n<li>M\u00f3dulo \u00abContribuci\u00f3n a gases de efecto invernadero por cambio y uso de suelo en el estado de Oaxaca y medidas de mitigaci\u00f3n\u00bb <strong>SIP 20130242<\/strong> y <strong>SIP 20140469<\/strong>, director del proyecto Dr. Salvador Isidro Belmonte Jim\u00e9nez. Investigador participante en m\u00f3dulo. Enero 2013-diciembre 2014. En el Proyecto multidisciplinario. Evaluaci\u00f3n de alternativas para la mitigaci\u00f3n de los efectos del cambio clim\u00e1tico en los sectores de inter\u00e9s para el estado de Oaxaca. <strong>SIP-IPN 1583<\/strong>.<\/li>\n\n\n\n<li>Riqueza de especies de helmintos par\u00e1sitos con relaci\u00f3n a las caracter\u00edsticas ecol\u00f3gicas de los hospederos: comunidades de helmintos de peces de la familia Profundulidae. Convenio <strong>CB-2010-01 CONACyT<\/strong>. Marzo 2012-diciembre 2015.<\/li>\n\n\n\n<li>Helmintos de peces de agua dulce de los cuerpos de agua epicontinentales de Oaxaca y de la Reserva de la Bi\u00f3sfera Pantanos de Centla, Tabasco. 2007-2009.<\/li>\n\n\n\n<li>Propuesta de incubaci\u00f3n de una Agencia de Desarrollo Rural (ADR). Mixteca II, Sede Juxtlahuaca. 2007-2009.<\/li>\n\n\n\n<li>Riqueza biol\u00f3gica de la regi\u00f3n de la Chinantla alta, Sierra Norte de Oaxaca, M\u00e9xico. Clave <strong>CGPI-IPN 20040211<\/strong>. 01\/abril\/2004-febrero\/2005<\/li>\n\n\n\n<li>Metodolog\u00eda educativa en la b\u00fasqueda de la sustentabilidad alimentaria y la salud de mujeres ind\u00edgenas y sus familiares participantes en el proyecto de cocinas comunitarias del DIF OAXACA. Clave <strong>CGEPI 200321<\/strong> y <strong>CONACYT 200005003012<\/strong>. Septiembre 2000-diciembre 2004.<\/li>\n\n\n\n<li>Especiaciones cenozoicas en la ictiofauna continental europea. Julio-octubre 1995.<\/li>\n\n\n\n<li>Impactos ambientales en r\u00edos de alta monta\u00f1a. Mayo 1994-julio 1995.<\/li>\n\n\n\n<li>Ecofisiolog\u00eda y principios nutritivos esenciales en <em>Artemia<\/em>. Influencia de esta esencialidad en el crecimiento de dorada (<em>Sparus aurata<\/em>). Julio-agosto 1994.<\/li>\n\n\n\n<li>Centro reproductor de carpa espejo (<em>Cyprinus carpio specularis<\/em>) en comunidades rurales de la Mixteca oaxaque\u00f1a. Clave <strong>DEPI 903248<\/strong>. Enero diciembre 1990.<\/li>\n\n\n\n<li>Ictiofauna continental de Oaxaca. Clave <strong>DEPI 895601<\/strong>. Enero 1989 junio 1991<\/li>\n\n\n\n<li>Unidad de producci\u00f3n en piscicultura rural. Clave <strong>DEPI 871877<\/strong>.Enero 1987 diciembre 1989.<\/li>\n\n\n\n<li>Investigaci\u00f3n multidisciplinaria para el desarrollo integral de una comunidad rural en Oaxaca. Clave <strong>DEPI 871851<\/strong>. Enero diciembre 1987.<\/li>\n\n\n\n<li>Estudio del bentos, plancton, sedimentos y factores fisicoqu\u00edmicos de la Costa Oriental de Bah\u00eda de La Paz, La Paz, B.C.S. Septiembre noviembre 1983.<\/li>\n\n\n\n<li>Estudio del cultivo de <em>Crassostrea gigas<\/em> en dos artes de cultivo (canastillas Nesstier y de carrizo) en la Ensenada de Ampe, La Paz, B.C.S. Febrero 1982 noviembre 1983.<\/li>\n\n\n\n<li>Subprograma Necton, Bentos y Sedimentos del Programa Sardina en el sistema lagunar de Bah\u00eda Magdalena Bah\u00eda Almejas, B.C.S. Febrero 1982 noviembre 1983.<\/li>\n\n\n\n<li>Estudio ecol\u00f3gico de la desembocadura del R\u00edo Balsas. Enero febrero 1981.<\/li>\n<\/ul>\n\n\n\n<h3 class=\"wp-block-heading has-primary-color has-text-color has-link-color wp-elements-2616766ee137f0418d9a0a1c53031531\"><strong>Propuestas de estudio como investigador participante:<\/strong><\/h3>\n\n\n\n<ul class=\"wp-block-list\">\n<li>Diagn\u00f3stico de la situaci\u00f3n actual del cultivo de trucha en Sierra Norte de Oaxaca <strong>SIP 20070137<\/strong>. Enero 2007-diciembre 2008.<\/li>\n\n\n\n<li>Evaluaci\u00f3n de un modelo de producci\u00f3n de cultivo de tilapia revertida sexualmente en la regi\u00f3n del Istmo, estado de Oaxaca. Clave <strong>CGPI-IPN 20050286<\/strong> y <strong>SIP-IPN 20060469<\/strong>. Febrero 2005-diciembre 2006.<\/li>\n<\/ul>\n\n\n\n<h3 class=\"wp-block-heading has-primary-color has-text-color has-link-color wp-elements-829f51cde3672f5f881bafb0ef33a4b5\"><strong>Proyectos de servicio externo como investigador participante:<\/strong><\/h3>\n\n\n\n<ul class=\"wp-block-list\">\n<li>Proyecto vinculado: Vulnerabilidad y adaptaci\u00f3n de los sectores y sistemas de inter\u00e9s para el estado de Oaxaca, ante los efectos del cambio clim\u00e1tico. 3 septiembre 2012-15 abril 2013.<\/li>\n\n\n\n<li>Proyecto vinculado: An\u00e1lisis de los sectores estatales con mayores emisiones de GEI y su relaci\u00f3n con variables y actividades socioecon\u00f3micas. Subproyecto: Uso de suelo y cambio de uso de suelo, y Residuos. Junio-septiembre 2012.<\/li>\n\n\n\n<li>Proyecto de investigaci\u00f3n para la caracterizaci\u00f3n de fauna y vegetaci\u00f3n acu\u00e1tica y terrestre del sistema ambiental regional del proyecto de aprovechamiento hidr\u00e1ulico de usos m\u00faltiples Paso de la Reina, Oaxaca. 2008-2010.<\/li>\n\n\n\n<li>Evaluaci\u00f3n de los recursos h\u00eddricos con fines de aprovechamiento comercial, comunidad Uni\u00f3n y Libertad, Mpio. San Agust\u00edn Chayuco, Dto. Jamiltepec, Oax. 2000-2001.<\/li>\n\n\n\n<li>Evaluaci\u00f3n de los recursos h\u00eddricos con fines de aprovechamiento comercial, comunidad San Jos\u00e9 de las Flores, Mpio. y Dto. Santiago Jamiltepec, Oax. 2000-2001.<\/li>\n\n\n\n<li>Evaluaci\u00f3n de los recursos h\u00eddricos con fines de aprovechamiento comercial, comunidad El Porvenir, Mpio. La Reforma, Dto. Putla de Guerrero, Oax. 2000-2001.<\/li>\n<\/ul>\n","protected":false},"excerpt":{"rendered":"<p>Director de proyecto: Participante de proyecto: Propuestas de estudio como investigador participante: Proyectos de servicio externo como investigador participante:<\/p>\n","protected":false},"author":41,"featured_media":0,"parent":0,"menu_order":0,"comment_status":"closed","ping_status":"closed","template":"","meta":{"_swt_meta_header_display":false,"_swt_meta_footer_display":false,"_swt_meta_site_title_display":false,"_swt_meta_sticky_header":false,"_swt_meta_transparent_header":false,"footnotes":""},"class_list":["post-7","page","type-page","status-publish","hentry"],"_links":{"self":[{"href":"https:\/\/web.ciidiroaxaca.ipn.mx\/emmartinez\/wp-json\/wp\/v2\/pages\/7","targetHints":{"allow":["GET"]}}],"collection":[{"href":"https:\/\/web.ciidiroaxaca.ipn.mx\/emmartinez\/wp-json\/wp\/v2\/pages"}],"about":[{"href":"https:\/\/web.ciidiroaxaca.ipn.mx\/emmartinez\/wp-json\/wp\/v2\/types\/page"}],"author":[{"embeddable":true,"href":"https:\/\/web.ciidiroaxaca.ipn.mx\/emmartinez\/wp-json\/wp\/v2\/users\/41"}],"replies":[{"embeddable":true,"href":"https:\/\/web.ciidiroaxaca.ipn.mx\/emmartinez\/wp-json\/wp\/v2\/comments?post=7"}],"version-history":[{"count":31,"href":"https:\/\/web.ciidiroaxaca.ipn.mx\/emmartinez\/wp-json\/wp\/v2\/pages\/7\/revisions"}],"predecessor-version":[{"id":120,"href":"https:\/\/web.ciidiroaxaca.ipn.mx\/emmartinez\/wp-json\/wp\/v2\/pages\/7\/revisions\/120"}],"wp:attachment":[{"href":"https:\/\/web.ciidiroaxaca.ipn.mx\/emmartinez\/wp-json\/wp\/v2\/media?parent=7"}],"curies":[{"name":"wp","href":"https:\/\/api.w.org\/{rel}","templated":true}]}}