{"id":7,"date":"2011-11-09T18:29:50","date_gmt":"2011-11-09T18:29:50","guid":{"rendered":"https:\/\/web.ciidiroaxaca.ipn.mx\/eduranm\/dra-elvira-duran-medina\/"},"modified":"2025-10-16T11:50:34","modified_gmt":"2025-10-16T17:50:34","slug":"dra-elvira-duran-medina","status":"publish","type":"page","link":"https:\/\/web.ciidiroaxaca.ipn.mx\/eduranm\/","title":{"rendered":"Dra. Elvira Dur\u00e1n Medina"},"content":{"rendered":"\n<figure class=\"wp-block-image aligncenter is-resized\"><img decoding=\"async\" src=\"https:\/\/web.ciidiroaxaca.ipn.mx\/eduranm\/wp-content\/uploads\/sites\/45\/2011\/11\/DURANMEDINAELVIRA.jpg\" alt=\"\" style=\"width:192px;height:auto\" \/><\/figure>\n\n\n\n<h3 class=\"wp-block-heading has-text-align-center\">Doctora en Ecolog\u00eda.<\/h3>\n\n\n\n<p class=\"has-text-align-center\"><a href=\"https:\/\/web.ciidiroaxaca.ipn.mx\/eduranm\/wp-content\/uploads\/sites\/45\/2025\/10\/Dictamen-SNI-nivel-I-2023-2027.pdf\" target=\"_blank\" rel=\"noreferrer noopener\">Profesor Colegiado<\/a> del \u00a0Posgrado del CIIDIR Oaxaca, Instituto Polit\u00e9cnico Nacional.<\/p>\n\n\n\n<p><strong>\u00c1reas de inter\u00e9s:&nbsp;<\/strong><\/p>\n\n\n\n<p>Ecolog\u00eda, Manejo y Conservaci\u00f3n de Bosques Comunitarios de M\u00e9xico, y Divulgaci\u00f3n Cient\u00edfica<\/p>\n\n\n\n<p class=\"has-text-align-center\">Correo electr\u00f3nico: <a href=\"mailto:eduranm@ipn.mx\">eduranm@ipn.mx<\/a>&nbsp;&nbsp;&nbsp; Extensi\u00f3n: 82748<\/p>\n\n\n\n<p class=\"has-text-align-center\"><a href=\"https:\/\/web.ciidiroaxaca.ipn.mx\/eduranm\/wp-content\/uploads\/sites\/45\/2011\/11\/2025.-CV-E.-Duran-English.pdf\" target=\"_blank\" rel=\"noreferrer noopener\">Curriculum Profesional<\/a><\/p>\n\n\n\n<p><\/p>\n","protected":false},"excerpt":{"rendered":"<p>Doctora en Ecolog\u00eda. Profesor Colegiado del \u00a0Posgrado del CIIDIR Oaxaca, Instituto Polit\u00e9cnico Nacional. \u00c1reas de inter\u00e9s:&nbsp; Ecolog\u00eda, Manejo y Conservaci\u00f3n de Bosques Comunitarios de M\u00e9xico, y Divulgaci\u00f3n Cient\u00edfica Correo electr\u00f3nico: eduranm@ipn.mx&nbsp;&nbsp;&nbsp; Extensi\u00f3n: 82748 Curriculum Profesional<\/p>\n","protected":false},"author":45,"featured_media":0,"parent":0,"menu_order":0,"comment_status":"closed","ping_status":"closed","template":"","meta":{"_swt_meta_header_display":false,"_swt_meta_footer_display":false,"_swt_meta_site_title_display":false,"_swt_meta_sticky_header":false,"_swt_meta_transparent_header":false,"footnotes":""},"class_list":["post-7","page","type-page","status-publish","hentry"],"_links":{"self":[{"href":"https:\/\/web.ciidiroaxaca.ipn.mx\/eduranm\/wp-json\/wp\/v2\/pages\/7","targetHints":{"allow":["GET"]}}],"collection":[{"href":"https:\/\/web.ciidiroaxaca.ipn.mx\/eduranm\/wp-json\/wp\/v2\/pages"}],"about":[{"href":"https:\/\/web.ciidiroaxaca.ipn.mx\/eduranm\/wp-json\/wp\/v2\/types\/page"}],"author":[{"embeddable":true,"href":"https:\/\/web.ciidiroaxaca.ipn.mx\/eduranm\/wp-json\/wp\/v2\/users\/45"}],"replies":[{"embeddable":true,"href":"https:\/\/web.ciidiroaxaca.ipn.mx\/eduranm\/wp-json\/wp\/v2\/comments?post=7"}],"version-history":[{"count":6,"href":"https:\/\/web.ciidiroaxaca.ipn.mx\/eduranm\/wp-json\/wp\/v2\/pages\/7\/revisions"}],"predecessor-version":[{"id":174,"href":"https:\/\/web.ciidiroaxaca.ipn.mx\/eduranm\/wp-json\/wp\/v2\/pages\/7\/revisions\/174"}],"wp:attachment":[{"href":"https:\/\/web.ciidiroaxaca.ipn.mx\/eduranm\/wp-json\/wp\/v2\/media?parent=7"}],"curies":[{"name":"wp","href":"https:\/\/api.w.org\/{rel}","templated":true}]}}

Dra. Elvira Durán Medina

<figure class="wp-block-image aligncenter is-resized"><img decoding="async" src="https://web.ciidiroaxaca.ipn.mx/eduranm/wp-content/uploads/sites/45/2011/11/DURANMEDINAELVIRA.jpg" alt="" style="width:192px;height:auto" /></figure>



<h3 class="wp-block-heading has-text-align-center">Doctora en Ecología.</h3>



<p class="has-text-align-center"><a href="https://web.ciidiroaxaca.ipn.mx/eduranm/wp-content/uploads/sites/45/2025/10/Dictamen-SNI-nivel-I-2023-2027.pdf" target="_blank" rel="noreferrer noopener">Profesor Colegiado</a> del  Posgrado del CIIDIR Oaxaca, Instituto Politécnico Nacional.</p>



<p><strong>Áreas de interés:&nbsp;</strong></p>



<p>Ecología, Manejo y Conservación de Bosques Comunitarios de México, y Divulgación Científica</p>



<p class="has-text-align-center">Correo electrónico: <a href="mailto:eduranm@ipn.mx">eduranm@ipn.mx</a>&nbsp;&nbsp;&nbsp; Extensión: 82748</p>



<p class="has-text-align-center"><a href="https://web.ciidiroaxaca.ipn.mx/eduranm/wp-content/uploads/sites/45/2011/11/2025.-CV-E.-Duran-English.pdf" target="_blank" rel="noreferrer noopener">Curriculum Profesional</a></p>



<p></p>

<p>Doctora en Ecología. Profesor Colegiado del  Posgrado del CIIDIR Oaxaca, Instituto Politécnico Nacional. Áreas de interés:&nbsp; Ecología, Manejo y Conservación de Bosques Comunitarios de México, y Divulgación Científica Correo electrónico: eduranm@ipn.mx&nbsp;&nbsp;&nbsp; Extensión: 82748 Curriculum Profesional</p>
