{"id":21,"date":"2011-11-09T18:48:40","date_gmt":"2011-11-09T18:48:40","guid":{"rendered":"https:\/\/web.ciidiroaxaca.ipn.mx\/eduranm\/tesis\/"},"modified":"2026-02-25T12:44:36","modified_gmt":"2026-02-25T18:44:36","slug":"tesis","status":"publish","type":"page","link":"https:\/\/web.ciidiroaxaca.ipn.mx\/eduranm\/tesis\/","title":{"rendered":"Tesistas"},"content":{"rendered":"\n<h5 class=\"wp-block-heading\">FORMACI\u00d3N DE RECURSOS HUMANO<\/h5>\n\n\n\n<h4 class=\"wp-block-heading\">Actuales<\/h4>\n\n\n\n<h3 class=\"wp-block-heading\">Posdoctorantes<\/h3>\n\n\n\n<p>Rosa Elena Galindo Aguilar<\/p>\n\n\n\n<p>Proyecto: Fortalecimiento de las capacidades comunitarias para conservar a los mamiferos medianos y grandes neotropicales en \u00c1reas Destinadas Voluntariamente a la Conservaci\u00f3n (ADVC) en la Chinantla, Oaxaca, M\u00e9xico: una perspectiva transversal<\/p>\n\n\n\n<h3 class=\"wp-block-heading\">Doctorado<\/h3>\n\n\n\n<p>Magdiel Y. Luis Santiago.\u00a0<\/p>\n\n\n\n<p>Evaluaci\u00f3n de oportunidades de conservaci\u00f3n en bosques comunitarios de la costa de Oaxaca, M\u00e9xico<\/p>\n\n\n\n<h3 class=\"wp-block-heading\">Licenciatura<\/h3>\n\n\n\n<p>Luis Fernando Mart\u00ednez Victoriano<\/p>\n\n\n\n<h4 class=\"wp-block-heading\"><strong>Concluidos<\/strong><\/h4>\n\n\n\n<ul class=\"wp-block-list\">\n<li>Carlos Augusto Torres. 2025.&nbsp;Resiliencia ecol\u00f3gica-social del paisajes biocultural Yagul Mitla en Oaxaca, M\u00e9xico.&nbsp;(CIIDIR-Oaxaca, IPN; menci\u00f3n&nbsp;Cum laude).<\/li>\n\n\n\n<li>Jos\u00e9 Antonio Hern\u00e1ndez Aguilar. 2023.Resiliencia ecol\u00f3gica-social de paisajes forestales: El caso de la Mixteca Alta, Oaxaca, M\u00e9xico. (CIIDIR-Oaxaca, IPN).<\/li>\n\n\n\n<li>&nbsp;Guadalupe Pacheco Aquino. 2021.&nbsp;Degradaci\u00f3n ecol\u00f3gica y productiva por plagas de escarabajo descortezador en Oaxaca, M\u00e9xico, y su&nbsp;relaci\u00f3n&nbsp;con&nbsp;la&nbsp;resiliencia de los&nbsp;&nbsp;sistemas ecol\u00f3gicos sociales forestales.&nbsp;(CIIDIR-Oaxaca, IPN).<\/li>\n<\/ul>\n\n\n\n<h3 class=\"wp-block-heading\">Maestr\u00eda<\/h3>\n\n\n\n<ul class=\"wp-block-list\">\n<li>Director\/asesor de tesis&nbsp;<\/li>\n<\/ul>\n\n\n\n<p class=\"has-text-align-center\">YA NO PARTICIPO EN EL PROGRAMA<\/p>\n\n\n\n<p><strong>Concluidos<\/strong><\/p>\n\n\n\n<ol class=\"wp-block-list\">\n<li>Mirtha Gonzalez Torralba (Obtenci\u00f3n de grado: enero 2021). Conocimiento ecol\u00f3gico y pr\u00e1ctico para mejorar la meliponicultura en Oaxaca, M\u00e9xico<\/li>\n\n\n\n<li>Magdiel Luis Santiago (Obtenci\u00f3n de grado: enero 2021).&nbsp;Evaluando la efectividad y eficiencia de \u00e1reas destinadas voluntariamente a la conservaci\u00f3n (ADVCs) en Oaxaca, M\u00e9xico.&nbsp;(CIIDIR-Oaxaca, IPN)&nbsp;<\/li>\n\n\n\n<li>Licet Olgu\u00edn Hern\u00e1ndez. (Obtenci\u00f3n de grado: agosto 2017). <a href=\"\/eduranm\/sites\/148.204.117.11.eduranm\/files\/pdf\/2017.%20TESIS%20LICET%20PORTADA.pdf\">\u00abImplicaciones sociales y ecol\u00f3gicas de la restauraci\u00f3n de \u00e1reas degradadas por helecho invasivo (Pteridium aquilinum) en San Pedro Tlatepusco, Oaxaca, M\u00e9xico\u00bb.<\/a> (CIIDIR-Oaxaca, IPN)&nbsp;<\/li>\n\n\n\n<li>Pacheco Aquino Guadalupe. (Obtenci\u00f3n de grado: enero 2014).&nbsp;<a href=\"http:\/\/148.204.117.11\/eduranm\/sites\/148.204.117.11.eduranm\/files\/pdf\/2014.%20Tesis%20Carbono%20Forestal%20en%20Ixtlan%2C%20Oaxaca%20%28G.%20Pacheco%20Aquino%29.pdf\">\u00abAn\u00e1lisis del Carbono Forestal en la &nbsp;Comunidad de Ixtl\u00e1n de Ju\u00e1rez y el Potencial para que \u00e9sta Reciba Inventivos por Carbono\u00bb<\/a>.&nbsp;CIIDIR-Oaxaca, IPN<\/li>\n\n\n\n<li>Molina Gayt\u00e1n Gloria (Obtenci\u00f3n de grado Mayo 2012). <a href=\"https:\/\/web.ciidiroaxaca.ipn.mx\/eduranm\/wp-content\/uploads\/sites\/45\/2011\/11\/Tesis-Gloria-Molina-Gaytin-8-05-2012.pdf\">\u201cFortalecimiento del Conocimiento y Uso de Lenguaje T\u00e9cnico para la Conservaci\u00f3n Biol\u00f3gica en Comunidades Chinantecas de Oaxaca\u00bb.<\/a> CIIDIR-Oaxaca, IPN<\/li>\n\n\n\n<li>Velasco Murgu\u00eda Abril&nbsp; (Obtenci\u00f3n de grado 2011). <a href=\"https:\/\/web.ciidiroaxaca.ipn.mx\/eduranm\/wp-content\/uploads\/sites\/45\/2011\/11\/Velasco-2011-Deforestacion-en-Chinantla-Tesis.pdf\">\u201cAn\u00e1lisis de Cambios en la Cobertura Arbolada en Nueve Comunidades del Norte del Estado de Oaxaca y su Relaci\u00f3n con la Acci\u00f3n Colectiva para la Conservaci\u00f3n del Bosque, el Manejo y Uso del Suelo\u201d<\/a>. CIIDIR-Oaxaca, IPN<\/li>\n\n\n\n<li>Molina Gonz\u00e1lez Oscar A. (Obtenci\u00f3n de grado Diciembre 2011). <a href=\"https:\/\/web.ciidiroaxaca.ipn.mx\/eduranm\/wp-content\/uploads\/sites\/45\/2011\/11\/Tesis-oscar-11-Dic-%C2%A611-FINAL.pdf\">\u00abAn\u00e1lisis de las Instituciones de Gobernanza&nbsp; Multi-Escala para la Acci\u00f3n Colectiva de Conservaci\u00f3n de la Naturaleza en la Chinantla, Oaxaca, M\u00e9xico\u00bb.<\/a> CIIDIR-Oaxaca, IPN<\/li>\n<\/ol>\n\n\n\n<ul class=\"wp-block-list\">\n<li>Otras tesis relacionadas<\/li>\n<\/ul>\n\n\n\n<ol class=\"wp-block-list\">\n<li>Nieratka Lindsey R. (Obtenci\u00f3n de grado 2011).&nbsp; <a href=\"https:\/\/web.ciidiroaxaca.ipn.mx\/eduranm\/wp-content\/uploads\/sites\/45\/2011\/11\/nieratka-ms-thesis-FIU-PES-Chinantla.pdf\">Do Payments for Hydrological Services Reduce Poverty and Strengthen Social Capital? An Examination of Household Welfare and Collective Action in the Sierra Norte of Oaxaca, Mexico.<\/a> Florida International Universtiy, E.U.A.<\/li>\n<\/ol>\n\n\n\n<h3 class=\"wp-block-heading\">Licenciatura<\/h3>\n\n\n\n<p><strong>Concluidos<\/strong><\/p>\n\n\n\n<p><strong>Director\/Jurado\/Revisor de tesis<\/strong><\/p>\n\n\n\n<ul class=\"wp-block-list\">\n<li>Luis Fernando Mart\u00ednez Victoriano (Obtenci\u00f3n de grado 2025).&nbsp;Reconocimiento y cuidado de polinizadores entre productores agr\u00edcolas: Un estudio de caso en Cuilapam de Guerrero, Oaxaca.&nbsp;(ITVO).&nbsp;&nbsp;<\/li>\n\n\n\n<li>Roc\u00edo Aguilar M\u00e9ndez. (Obtenci\u00f3n de grado 2018). <a href=\"\/eduranm\/sites\/148.204.117.11.eduranm\/files\/pdf\/ROC%C3%8DO.pdf\" target=\"_blank\" rel=\"noreferrer noopener\">Perspectiva de g\u00e9nero en el manejo de sistemas agroforestales de cacao (Theobroma cacao) y caf\u00e9 (Coffe ar\u00e1biga) en el sureste de M\u00e9xico. <\/a><a href=\"\/eduranm\/sites\/148.204.117.11.eduranm\/files\/pdf\/ROC%C3%8DO.pdf\">(<\/a>ITVO).&nbsp;&nbsp;<\/li>\n\n\n\n<li>Carlos Gerardo Hern\u00e1ndez Aguilar. (Obtenci\u00f3n de grado 2016). <a href=\"\/eduranm\/sites\/148.204.117.11.eduranm\/files\/pdf\/CARLOS.pdf\" target=\"_blank\" rel=\"noreferrer noopener\">An\u00e1lisis de la dimensi\u00f3n social para afrontar amenazas de descortezadores en los bosques comunitarios de Oaxaca<\/a> (ITVO)<\/li>\n\n\n\n<li>Ivett Concepci\u00f3n L\u00f3pez Garc\u00eda. (Obtenci\u00f3n de grado 2016).&nbsp;<a href=\"\/eduranm\/sites\/148.204.117.11.eduranm\/files\/pdf\/ivett.pdf\" target=\"_blank\" rel=\"noreferrer noopener\">Divulgaci\u00f3n cient\u00edfica para el manejo de plagas de escarabajo descortezador en bosques comunitarios de Oaxaca, M\u00e9xico&nbsp;<\/a>(UNAM, Morelia).<\/li>\n\n\n\n<li>Dechnik V\u00e1zquez Yanus A. (Obtenci\u00f3n de grado 2011). Facultad de Ciencias, UNAM. M\u00e9xico, D.F.<\/li>\n<\/ul>\n\n\n\n<h3 class=\"wp-block-heading\">Diplomados<\/h3>\n\n\n\n<ol class=\"wp-block-list\">\n<li>Gonz\u00e1lez Soberanis Carmen (obtenci\u00f3n de grado 2008) CIIDIR-Oaxaca, IPN<\/li>\n<\/ol>\n\n\n\n<p><\/p>\n\n\n\n<hr class=\"wp-block-separator has-alpha-channel-opacity\" \/>\n\n\n\n<p><\/p>\n","protected":false},"excerpt":{"rendered":"<p>FORMACI\u00d3N DE RECURSOS HUMANO Actuales Posdoctorantes Rosa Elena Galindo Aguilar Proyecto: Fortalecimiento de las capacidades comunitarias para conservar a los mamiferos medianos y grandes neotropicales en \u00c1reas Destinadas Voluntariamente a la Conservaci\u00f3n (ADVC) en la Chinantla, Oaxaca, M\u00e9xico: una perspectiva transversal Doctorado Magdiel Y. Luis Santiago.\u00a0 Evaluaci\u00f3n de oportunidades de conservaci\u00f3n en bosques comunitarios de [&hellip;]<\/p>\n","protected":false},"author":45,"featured_media":0,"parent":0,"menu_order":0,"comment_status":"closed","ping_status":"closed","template":"","meta":{"_swt_meta_header_display":false,"_swt_meta_footer_display":false,"_swt_meta_site_title_display":false,"_swt_meta_sticky_header":false,"_swt_meta_transparent_header":false,"footnotes":""},"class_list":["post-21","page","type-page","status-publish","hentry"],"_links":{"self":[{"href":"https:\/\/web.ciidiroaxaca.ipn.mx\/eduranm\/wp-json\/wp\/v2\/pages\/21","targetHints":{"allow":["GET"]}}],"collection":[{"href":"https:\/\/web.ciidiroaxaca.ipn.mx\/eduranm\/wp-json\/wp\/v2\/pages"}],"about":[{"href":"https:\/\/web.ciidiroaxaca.ipn.mx\/eduranm\/wp-json\/wp\/v2\/types\/page"}],"author":[{"embeddable":true,"href":"https:\/\/web.ciidiroaxaca.ipn.mx\/eduranm\/wp-json\/wp\/v2\/users\/45"}],"replies":[{"embeddable":true,"href":"https:\/\/web.ciidiroaxaca.ipn.mx\/eduranm\/wp-json\/wp\/v2\/comments?post=21"}],"version-history":[{"count":13,"href":"https:\/\/web.ciidiroaxaca.ipn.mx\/eduranm\/wp-json\/wp\/v2\/pages\/21\/revisions"}],"predecessor-version":[{"id":206,"href":"https:\/\/web.ciidiroaxaca.ipn.mx\/eduranm\/wp-json\/wp\/v2\/pages\/21\/revisions\/206"}],"wp:attachment":[{"href":"https:\/\/web.ciidiroaxaca.ipn.mx\/eduranm\/wp-json\/wp\/v2\/media?parent=21"}],"curies":[{"name":"wp","href":"https:\/\/api.w.org\/{rel}","templated":true}]}}