{"id":8,"date":"2015-01-20T20:21:46","date_gmt":"2015-01-20T20:21:46","guid":{"rendered":"https:\/\/web.ciidiroaxaca.ipn.mx\/ebernalg\/tesis\/"},"modified":"2025-10-20T19:17:36","modified_gmt":"2025-10-21T01:17:36","slug":"tesis","status":"publish","type":"page","link":"https:\/\/web.ciidiroaxaca.ipn.mx\/ebernalg\/tesis\/","title":{"rendered":"Tesis"},"content":{"rendered":"\n<h3 class=\"wp-block-heading\">Tesis de Doctorado<\/h3>\n\n\n\n<p>Cynthia Grisell Ram\u00edrez Gonz\u00e1lez. Grupos funcionales en un ensamble de anuros de bosque mes\u00f3filo de monta\u00f1a al norte de Oaxaca, M\u00e9xico. En proceso<\/p>\n\n\n\n<p>Medardo Arreort\u00faa Mart\u00ednez.&nbsp;Factores ambientales y rasgos individuales en la selecci\u00f3n de h\u00e1bitat y la vagilidad de <em>Incilius spiculatus<\/em> (Anura: Bufonidae) En proceso<\/p>\n\n\n\n<p>Tereso L\u00f3pez Garc\u00eda. Uso de refugios, divergencia de poblaciones y modelado de idoneidad de h\u00e1bitat de <em>Bolitoglossa chinanteca<\/em>. En proceso<\/p>\n\n\n\n<h3 class=\"wp-block-heading\">Tesis de Maestr\u00eda<\/h3>\n\n\n\n<p>Angel Iv\u00e1n Contreras Calvario.\u00a0Ecolog\u00eda del microhabitat y diversidad del microbioma cut\u00e1neo de la cecilia mexicana <em>Dermophis mexicanus<\/em> (Dum\u00e9ril &amp; Bibron, 1841).\u00a02025<\/p>\n\n\n\n<p>Guadalupe M\u00e9ndez Allende.&nbsp;Ruido ambiental y su impacto en la comunicaci\u00f3n animal: Efecto del ruido de arroyos en la transmisi\u00f3n de los cantos de dos especies de ranas Neotropicales en M\u00e9xico. 2024<\/p>\n\n\n\n<p>Yoalli Z\u00fa\u00f1iga Sol\u00eds.&nbsp;An\u00e1lisis del efecto de la depredaci\u00f3n sobre la riqueza y el comportamiento vocal de murci\u00e9lagos insect\u00edvoros a\u00e9reos en condiciones de iluminaci\u00f3n. 2022<\/p>\n\n\n\n<p>Tereso L\u00f3pez Garc\u00eda.&nbsp;Identificaci\u00f3n de zonas de atropellamiento de anfibios y reptiles nocturnos y su relaci\u00f3n con variables ambientales en La Esperanza, Oaxaca. 2022<\/p>\n\n\n\n<p>Carlos Alberto Flores Hern\u00e1ndez. Respuesta de larvas de rana manchada (Lithobates spectabilis) ante la presencia de trucha arco\u00edris (Oncorhynchus mykiss)&nbsp;2022<\/p>\n\n\n\n<p>Medardo Arreort\u00faa Mart\u00ednez. Patrones de movimiento de una especie de anuro (Incilius spiculatus) en bosques mes\u00f3filos de monta\u00f1ana en Oaxaca M\u00e9xico. 2020<\/p>\n\n\n\n<p>Pablo Rogelio Sim\u00f3n Salvador. Impacto de la perturbaci\u00f3n humana en arroyos de bosque mes\u00f3filo de monta\u00f1a sobre anuros nativos en Santa Cruz Tepetotutla, Oaxaca. &nbsp;2020<\/p>\n\n\n\n<p>Antonio Le\u00f3n G\u00f3mez. Efecto de la perturbaci\u00f3n de bosque mes\u00f3filo de monta\u00f1a sobre&nbsp; cuatro especies de anurosnativos en la comunidad de La Esperanza, Oaxaca. 2019<\/p>\n\n\n\n<p>Orlando Gonz\u00e1lez Trejo. Efecto de la perturbaci\u00f3n humana sobre la abundancia, uso de h\u00e1bitat y funcionamiento fisiol\u00f3gico de Rhinella marina en Villa de Zaachila, Oaxaca. 2018<\/p>\n\n\n\n<p>&nbsp;<\/p>\n\n\n\n<h3 class=\"wp-block-heading\">Tesis de Licenciatura<\/h3>\n\n\n\n<p>Yedani Carolina Mendoza Ru\u00edz. Variaci\u00f3n morfol\u00f3gica de <em>Lithobates spectabilis<\/em> (ranidae) en respuesta a la presencia de <em>Oncorhynchus mykiss <\/em>(salmonidae) en Santiago Clavellinas, Oaxaca. En proceso<\/p>\n\n\n\n<p>Nadia Garc\u00eda Flores. Plasticidad del desarrollo inducido por la temperatura en larvas de&nbsp;<em>Incilius spiculatus<\/em> (Mendelson, 1997) (Anura: Bufonidae). En proceso<\/p>\n\n\n\n<p>Maria Jos\u00e9 S\u00e1nchez G\u00f3mez. Efectos de Batrachochytrium dendrobatidis en la calidad de canto de Ptychohyla zophodes. En proceso<\/p>\n\n\n\n<p>Hermes Santiago Dionicio. Cambios en la calidad de refugios de Incilius spiculatus debido a la perturbaci\u00f3n del h\u00e1bitat. Santa Cruz Tepetotutla Oaxaca. 2023<\/p>\n\n\n\n<p>Medardo Arreort\u00faa Mart\u00ednez. Categorizaci\u00f3n de zonas de impacto de plantas ex\u00f3ticas sobre anfibios nativos de Oaxaca. 2017<\/p>\n\n\n\n<p>Carlos Alberto Flores Hern\u00e1ndez . Caracterizaci\u00f3n de humedales de uso potencial por anfibios en San Pablo, Etla Oaxaca. 2017<\/p>\n","protected":false},"excerpt":{"rendered":"<p>Tesis de Doctorado Cynthia Grisell Ram\u00edrez Gonz\u00e1lez. Grupos funcionales en un ensamble de anuros de bosque mes\u00f3filo de monta\u00f1a al norte de Oaxaca, M\u00e9xico. En proceso Medardo Arreort\u00faa Mart\u00ednez.&nbsp;Factores ambientales y rasgos individuales en la selecci\u00f3n de h\u00e1bitat y la vagilidad de Incilius spiculatus (Anura: Bufonidae) En proceso Tereso L\u00f3pez Garc\u00eda. Uso de refugios, divergencia [&hellip;]<\/p>\n","protected":false},"author":16,"featured_media":0,"parent":0,"menu_order":0,"comment_status":"closed","ping_status":"closed","template":"","meta":{"_swt_meta_header_display":false,"_swt_meta_footer_display":false,"_swt_meta_site_title_display":false,"_swt_meta_sticky_header":false,"_swt_meta_transparent_header":false,"footnotes":""},"class_list":["post-8","page","type-page","status-publish","hentry"],"_links":{"self":[{"href":"https:\/\/web.ciidiroaxaca.ipn.mx\/ebernalg\/wp-json\/wp\/v2\/pages\/8","targetHints":{"allow":["GET"]}}],"collection":[{"href":"https:\/\/web.ciidiroaxaca.ipn.mx\/ebernalg\/wp-json\/wp\/v2\/pages"}],"about":[{"href":"https:\/\/web.ciidiroaxaca.ipn.mx\/ebernalg\/wp-json\/wp\/v2\/types\/page"}],"author":[{"embeddable":true,"href":"https:\/\/web.ciidiroaxaca.ipn.mx\/ebernalg\/wp-json\/wp\/v2\/users\/16"}],"replies":[{"embeddable":true,"href":"https:\/\/web.ciidiroaxaca.ipn.mx\/ebernalg\/wp-json\/wp\/v2\/comments?post=8"}],"version-history":[{"count":4,"href":"https:\/\/web.ciidiroaxaca.ipn.mx\/ebernalg\/wp-json\/wp\/v2\/pages\/8\/revisions"}],"predecessor-version":[{"id":51,"href":"https:\/\/web.ciidiroaxaca.ipn.mx\/ebernalg\/wp-json\/wp\/v2\/pages\/8\/revisions\/51"}],"wp:attachment":[{"href":"https:\/\/web.ciidiroaxaca.ipn.mx\/ebernalg\/wp-json\/wp\/v2\/media?parent=8"}],"curies":[{"name":"wp","href":"https:\/\/api.w.org\/{rel}","templated":true}]}}