{"id":7,"date":"2015-01-20T20:20:06","date_gmt":"2015-01-20T20:20:06","guid":{"rendered":"https:\/\/web.ciidiroaxaca.ipn.mx\/ebernalg\/proyectos-de-investigacion\/"},"modified":"2025-10-20T18:42:34","modified_gmt":"2025-10-21T00:42:34","slug":"proyectos-de-investigacion","status":"publish","type":"page","link":"https:\/\/web.ciidiroaxaca.ipn.mx\/ebernalg\/proyectos-de-investigacion\/","title":{"rendered":"Proyectos de Investigaci\u00f3n"},"content":{"rendered":"\n<h3 class=\"wp-block-heading\">Proyectos con financiamiento internacional<\/h3>\n\n\n\n<p>Understanding movement patterns in response to habitat disturbance is key to the conservation of a Mexican endangered toad<em>\u00a0Incilius spiculatus.\u00a0<\/em>2022-2024. Mohamed bin Zayed Conservation Fund. En colaboraci\u00f3n con Medardo Arreort\u00faa Mart\u00ednez<\/p>\n\n\n\n<p>Reconnecting with Nature: attitude change towards conservation of the cloud forest herpetofauna in a Chinantec community from Mexico.&nbsp;2021-08&nbsp;to&nbsp;2022-07&nbsp;|&nbsp;Kate Stokes Memorial Award. Conservation Leadership Programme (Cambridge, GB).&nbsp;Responsable t\u00e9cnico URL:&nbsp;<a href=\"https:\/\/www.conservationleadershipprogramme.org\/project\/reconnecting-with-nature-attitude-change-towards-conservation-of-the-cloud-forest-herpetofauna-in-a-chinantec-community\/\" target=\"_blank\" rel=\"noreferrer noopener\">https:\/\/www.conservationleadershipprogramme.org\/project\/reconnecting-with-nature-attitude-change-towards-conservation-of-the-cloud-forest-herpetofauna-in-a-chinantec-community\/<\/a><\/p>\n\n\n\n<p>Ecolog\u00eda para la conservaci\u00f3n de seis especies de ranas end\u00e9micas de la Sierra Norte de<br>Oaxaca. Beca para las Mujeres en la Ciencia L\u00b4Or\u00e9al-UNESCO-CONACYT-AMC 2017. Responsable t\u00e9cnico&nbsp;<a href=\"http:\/\/ciencias.jornada.com.mx\/2017\/06\/02\/anuncia-amc-a-ganadoras-de-becas-para-las-mujeres-en-las-ciencias-loreal-unesco-conacyt-amc-2017-2784.html\" target=\"_blank\" rel=\"noreferrer noopener\">http:\/\/ciencias.jornada.com.mx\/2017\/06\/02\/anuncia-amc-a-ganadoras-de-becas-para-las-mujeres-en-las-ciencias-loreal-unesco-conacyt-amc-2017-2784.html<\/a><\/p>\n\n\n\n<p>Preventing the disappearance of three frog species from Oaxaca, Mexico. Conservation Leadership Programme CLP 2016-2017. Responsable t\u00e9cnico&nbsp;<a href=\"http:\/\/www.conservationleadershipprogramme.org\/project\/preventing-the-disappearance-of-three-frog-species-from-oaxaca-mexico\/\" target=\"_blank\" rel=\"noreferrer noopener\">http:\/\/www.conservationleadershipprogramme.org\/project\/preventing-the-disappearance-of-three-frog-species-from-oaxaca-mexico\/<\/a><\/p>\n\n\n\n<h3 class=\"wp-block-heading\">Proyectos con financiamiento nacional<\/h3>\n\n\n\n<p>Estado de las poblaciones de anfibios en relaci\u00f3n a cambios diferenciales de h\u00e1bitat en bosque mes\u00f3filo de monta\u00f1a de la Sierra Norte. Investigaci\u00f3n cient\u00edfica b\u00e1sica 2015. SEP-CONACYT. Responsable t\u00e9cnico<\/p>\n\n\n\n<p><\/p>\n","protected":false},"excerpt":{"rendered":"<p>Proyectos con financiamiento internacional Understanding movement patterns in response to habitat disturbance is key to the conservation of a Mexican endangered toad\u00a0Incilius spiculatus.\u00a02022-2024. Mohamed bin Zayed Conservation Fund. En colaboraci\u00f3n con Medardo Arreort\u00faa Mart\u00ednez Reconnecting with Nature: attitude change towards conservation of the cloud forest herpetofauna in a Chinantec community from Mexico.&nbsp;2021-08&nbsp;to&nbsp;2022-07&nbsp;|&nbsp;Kate Stokes Memorial Award. [&hellip;]<\/p>\n","protected":false},"author":16,"featured_media":0,"parent":0,"menu_order":0,"comment_status":"closed","ping_status":"closed","template":"","meta":{"_swt_meta_header_display":false,"_swt_meta_footer_display":false,"_swt_meta_site_title_display":false,"_swt_meta_sticky_header":false,"_swt_meta_transparent_header":false,"footnotes":""},"class_list":["post-7","page","type-page","status-publish","hentry"],"_links":{"self":[{"href":"https:\/\/web.ciidiroaxaca.ipn.mx\/ebernalg\/wp-json\/wp\/v2\/pages\/7","targetHints":{"allow":["GET"]}}],"collection":[{"href":"https:\/\/web.ciidiroaxaca.ipn.mx\/ebernalg\/wp-json\/wp\/v2\/pages"}],"about":[{"href":"https:\/\/web.ciidiroaxaca.ipn.mx\/ebernalg\/wp-json\/wp\/v2\/types\/page"}],"author":[{"embeddable":true,"href":"https:\/\/web.ciidiroaxaca.ipn.mx\/ebernalg\/wp-json\/wp\/v2\/users\/16"}],"replies":[{"embeddable":true,"href":"https:\/\/web.ciidiroaxaca.ipn.mx\/ebernalg\/wp-json\/wp\/v2\/comments?post=7"}],"version-history":[{"count":5,"href":"https:\/\/web.ciidiroaxaca.ipn.mx\/ebernalg\/wp-json\/wp\/v2\/pages\/7\/revisions"}],"predecessor-version":[{"id":45,"href":"https:\/\/web.ciidiroaxaca.ipn.mx\/ebernalg\/wp-json\/wp\/v2\/pages\/7\/revisions\/45"}],"wp:attachment":[{"href":"https:\/\/web.ciidiroaxaca.ipn.mx\/ebernalg\/wp-json\/wp\/v2\/media?parent=7"}],"curies":[{"name":"wp","href":"https:\/\/api.w.org\/{rel}","templated":true}]}}