{"id":4,"date":"2011-10-21T21:16:08","date_gmt":"2011-10-21T21:16:08","guid":{"rendered":"https:\/\/web.ciidiroaxaca.ipn.mx\/dmondragon\/dra-demetria-martha-mondragon-chaparro\/"},"modified":"2025-09-18T18:38:21","modified_gmt":"2025-09-18T18:38:21","slug":"dra-demetria-martha-mondragon-chaparro","status":"publish","type":"page","link":"https:\/\/web.ciidiroaxaca.ipn.mx\/dmondragon\/","title":{"rendered":"Dra. Demetria Martha Mondrag\u00f3n Chaparro"},"content":{"rendered":"\n<p class=\"rtecenter\">&nbsp;<\/p>\n\n\n\n<h3 class=\"wp-block-heading has-text-align-center rtecenter\">Doctorado en Ciencias y Biotecnolog\u00eda con opci\u00f3n en ECOLOGIA del CICY<\/h3>\n\n\n\n<h4 class=\"wp-block-heading has-text-align-center rtecenter\">SNI II<\/h4>\n\n\n\n<p class=\"rtecenter\"><strong>Lineas de Investigaci\u00f3n:<\/strong>&nbsp;Ecolog\u00eda, fenolog\u00eda, demograf\u00eda y conservaci\u00f3n de especies ep\u00edfitas, con \u00e9nfasis en bromelias y orqu\u00eddeas.<\/p>\n\n\n\n<p class=\"has-text-align-center rtecenter\"><br>Correo electr\u00f3nico: dmondragon@ipn.mx&nbsp;&nbsp;&nbsp;&nbsp;&nbsp;&nbsp; Extensi\u00f3n: 82743<\/p>\n\n\n\n<p class=\"has-text-align-center\"><a href=\"https:\/\/orcid.org\/0000-0002-0679-7562\" target=\"_blank\" rel=\"noreferrer noopener\">https:\/\/orcid.org\/0000-0002-0679-7562<\/a><\/p>\n\n\n\n<p class=\"has-text-align-center\"><a href=\"https:\/\/scholar.google.es\/citations?hl=es&amp;user=uoNouxsAAAAJ\" target=\"_blank\" rel=\"noreferrer noopener\">https:\/\/scholar.google.es\/citations?hl=es&amp;user=uoNouxsAAAAJ<\/a><\/p>\n","protected":false},"excerpt":{"rendered":"<p>&nbsp; Doctorado en Ciencias y Biotecnolog\u00eda con opci\u00f3n en ECOLOGIA del CICY SNI II Lineas de Investigaci\u00f3n:&nbsp;Ecolog\u00eda, fenolog\u00eda, demograf\u00eda y conservaci\u00f3n de especies ep\u00edfitas, con \u00e9nfasis en bromelias y orqu\u00eddeas. Correo electr\u00f3nico: dmondragon@ipn.mx&nbsp;&nbsp;&nbsp;&nbsp;&nbsp;&nbsp; Extensi\u00f3n: 82743 https:\/\/orcid.org\/0000-0002-0679-7562 https:\/\/scholar.google.es\/citations?hl=es&amp;user=uoNouxsAAAAJ<\/p>\n","protected":false},"author":39,"featured_media":0,"parent":0,"menu_order":0,"comment_status":"closed","ping_status":"closed","template":"","meta":{"_swt_meta_header_display":false,"_swt_meta_footer_display":false,"_swt_meta_site_title_display":false,"_swt_meta_sticky_header":false,"_swt_meta_transparent_header":false,"footnotes":""},"class_list":["post-4","page","type-page","status-publish","hentry"],"_links":{"self":[{"href":"https:\/\/web.ciidiroaxaca.ipn.mx\/dmondragon\/wp-json\/wp\/v2\/pages\/4","targetHints":{"allow":["GET"]}}],"collection":[{"href":"https:\/\/web.ciidiroaxaca.ipn.mx\/dmondragon\/wp-json\/wp\/v2\/pages"}],"about":[{"href":"https:\/\/web.ciidiroaxaca.ipn.mx\/dmondragon\/wp-json\/wp\/v2\/types\/page"}],"author":[{"embeddable":true,"href":"https:\/\/web.ciidiroaxaca.ipn.mx\/dmondragon\/wp-json\/wp\/v2\/users\/39"}],"replies":[{"embeddable":true,"href":"https:\/\/web.ciidiroaxaca.ipn.mx\/dmondragon\/wp-json\/wp\/v2\/comments?post=4"}],"version-history":[{"count":2,"href":"https:\/\/web.ciidiroaxaca.ipn.mx\/dmondragon\/wp-json\/wp\/v2\/pages\/4\/revisions"}],"predecessor-version":[{"id":31,"href":"https:\/\/web.ciidiroaxaca.ipn.mx\/dmondragon\/wp-json\/wp\/v2\/pages\/4\/revisions\/31"}],"wp:attachment":[{"href":"https:\/\/web.ciidiroaxaca.ipn.mx\/dmondragon\/wp-json\/wp\/v2\/media?parent=4"}],"curies":[{"name":"wp","href":"https:\/\/api.w.org\/{rel}","templated":true}]}}