{"id":6,"date":"2012-06-05T21:08:17","date_gmt":"2012-06-05T21:08:17","guid":{"rendered":"https:\/\/web.ciidiroaxaca.ipn.mx\/damartinezs\/proyectos-de-investigacion\/"},"modified":"2025-09-03T15:34:31","modified_gmt":"2025-09-03T15:34:31","slug":"proyectos-de-investigacion","status":"publish","type":"page","link":"https:\/\/web.ciidiroaxaca.ipn.mx\/damartinezs\/proyectos-de-investigacion\/","title":{"rendered":"Proyectos de Investigaci\u00f3n"},"content":{"rendered":"\n<h4 class=\"wp-block-heading\">Proyectos<\/h4>\n\n\n\n<ul class=\"wp-block-list\">\n<li>Adecuaci\u00f3n tecnol\u00f3gica para la extracci\u00f3n del l\u00e1tex del fruto de papaya en la regi\u00f3n costa de Oaxaca. Participante 1988-1989 director 1989-1990.<\/li>\n\n\n\n<li>Caracterizaci\u00f3n de variedades de cacahuate y ensayos sobre fertilizaci\u00f3n qu\u00edmica y biol\u00f3gica. Director 1990-1991.<\/li>\n\n\n\n<li>Desarrollo integral de la comunidad de Sta. Maria Ixcatl\u00e1n. Participante 1991-1992.<\/li>\n\n\n\n<li>Estudios fisiol\u00f3gicos y fenol\u00f3gicos para el mejoramiento de frutales caducifolios en la sierra norte de Oaxaca. Participante. 1992-1994. \u00a0<\/li>\n\n\n\n<li>\u00a0Control integrado de plagas y enfermedades en cultivos hort\u00edcolas en los valles centrales de Oaxaca. Participante 1994-95 director 1996-1997.<\/li>\n\n\n\n<li>Evaluaci\u00f3n de un sistema de investigaci\u00f3n para el desarrollo comunitario. Participante. 1996-1997\u00a0\u00a0<\/li>\n\n\n\n<li>Alternativas de bajo impacto ambiental para el control del gusano negro defoliador de la granadilla. Participante 1998-2001.<\/li>\n\n\n\n<li>Practicas ecol\u00f3gicas para el rescate, conservaci\u00f3n y mejoramiento del nogal de castilla (juglans regia), en la regi\u00f3n de la ca\u00f1ada, Oaxaca. Director. 1998-2001.\u00a0<\/li>\n\n\n\n<li>An\u00e1lisis de la respuesta del maguey mezcalero (agave angustifolia haw.) A la inoculaci\u00f3n con hongos de la micorriza arbuscular y rizobacterias solubilizadoras de fosfato. Participante. 2002 \u2013 2004.\u00a0<\/li>\n<\/ul>\n\n\n\n<h4 class=\"wp-block-heading\">Proyecto de servicio externo<\/h4>\n\n\n\n<ul class=\"wp-block-list\">\n<li>Estudios de campo y gabinete en suelos para la manifestaci\u00f3n de impacto ambiental, modalidad intermedia, del proyecto carretero Cuacnopalan-Tehuacan-Oaxaca participante. 1994.<\/li>\n<\/ul>\n\n\n\n<h4 class=\"wp-block-heading\">Otros<\/h4>\n\n\n\n<ul class=\"wp-block-list\">\n<li>Evaluaci\u00f3n del comportamiento y desarrollo de pr\u00e1cticas culturales para dos variedades de durazno de bajo requerimiento de frio en valles centrales de Oaxaca. Director 2005<\/li>\n\n\n\n<li>Alternativa sustentable para implementar un sistema de manejo integrado para los cultivos de jitomate y chile. Fundaci\u00f3n produce Oaxaca. Clave: 20-2008-0267. Participante 2009-2010.<\/li>\n\n\n\n<li>Colecta y caracterizaci\u00f3n morfol\u00f3gica y entomofauna asociada al chile de agua (capsicum annuum l.) clave sip. 20110251. Director 2011.<\/li>\n\n\n\n<li>Din\u00e1micas de crecimiento, para incrementar la productividad del cultivo de alfalfa (medicago sativa l.) En los valles centrales de Oaxaca. Clave sip. 20110412. Participante 2011.<\/li>\n<\/ul>\n\n\n\n<p>&nbsp;<\/p>\n\n\n\n<p>&nbsp;<\/p>\n","protected":false},"excerpt":{"rendered":"<p>Proyectos Proyecto de servicio externo Otros &nbsp; &nbsp;<\/p>\n","protected":false},"author":75,"featured_media":0,"parent":0,"menu_order":0,"comment_status":"closed","ping_status":"closed","template":"","meta":{"_swt_meta_header_display":false,"_swt_meta_footer_display":false,"_swt_meta_site_title_display":false,"_swt_meta_sticky_header":false,"_swt_meta_transparent_header":false,"footnotes":""},"class_list":["post-6","page","type-page","status-publish","hentry"],"_links":{"self":[{"href":"https:\/\/web.ciidiroaxaca.ipn.mx\/damartinezs\/wp-json\/wp\/v2\/pages\/6","targetHints":{"allow":["GET"]}}],"collection":[{"href":"https:\/\/web.ciidiroaxaca.ipn.mx\/damartinezs\/wp-json\/wp\/v2\/pages"}],"about":[{"href":"https:\/\/web.ciidiroaxaca.ipn.mx\/damartinezs\/wp-json\/wp\/v2\/types\/page"}],"author":[{"embeddable":true,"href":"https:\/\/web.ciidiroaxaca.ipn.mx\/damartinezs\/wp-json\/wp\/v2\/users\/75"}],"replies":[{"embeddable":true,"href":"https:\/\/web.ciidiroaxaca.ipn.mx\/damartinezs\/wp-json\/wp\/v2\/comments?post=6"}],"version-history":[{"count":3,"href":"https:\/\/web.ciidiroaxaca.ipn.mx\/damartinezs\/wp-json\/wp\/v2\/pages\/6\/revisions"}],"predecessor-version":[{"id":46,"href":"https:\/\/web.ciidiroaxaca.ipn.mx\/damartinezs\/wp-json\/wp\/v2\/pages\/6\/revisions\/46"}],"wp:attachment":[{"href":"https:\/\/web.ciidiroaxaca.ipn.mx\/damartinezs\/wp-json\/wp\/v2\/media?parent=6"}],"curies":[{"name":"wp","href":"https:\/\/api.w.org\/{rel}","templated":true}]}}