{"id":5,"date":"2012-06-05T21:07:33","date_gmt":"2012-06-05T21:07:33","guid":{"rendered":"https:\/\/web.ciidiroaxaca.ipn.mx\/damartinezs\/publicaciones\/"},"modified":"2025-09-03T16:11:42","modified_gmt":"2025-09-03T16:11:42","slug":"publicaciones","status":"publish","type":"page","link":"https:\/\/web.ciidiroaxaca.ipn.mx\/damartinezs\/publicaciones\/","title":{"rendered":"Publicaciones"},"content":{"rendered":"\n<div class=\"wp-block-group has-global-padding is-layout-constrained wp-block-group-is-layout-constrained\">\n<ul class=\"wp-block-list\">\n<li><strong>Denominaci\u00f3n de la revista: Chapingo<\/strong><\/li>\n<\/ul>\n\n\n\n<p>T\u00edtulo del art\u00edculo: Evaluaci\u00f3n de m\u00e9todos de muestreo para dos manejos de suelo diferentes en Valles Centrales de Oaxaca.\u00a0<\/p>\n\n\n\n<p>Fecha de publicaci\u00f3n: Octubre de 1986.<\/p>\n\n\n\n<p>Pa\u00eds de publicaci\u00f3n: M\u00e9xico<\/p>\n\n\n\n<p>Autores: <strong>Mart\u00ednez, S. D.<\/strong> Y Carrillo, V. R.<\/p>\n<\/div>\n\n\n\n<p><\/p>\n\n\n\n<ul class=\"wp-block-list\">\n<li><strong>Denominaci\u00f3n de la revista: Avances en ciencia y tecnolog\u00eda.<\/strong><\/li>\n<\/ul>\n\n\n\n<p>T\u00edtulo del art\u00edculo: Producci\u00f3n de abonos verdes y cultivos de prop\u00f3sito m\u00faltiple en asociaci\u00f3n con ma\u00edz de temporal<\/p>\n\n\n\n<p>Fecha de publicaci\u00f3n:&nbsp; Enero-abril 1999.<\/p>\n\n\n\n<p>Pa\u00eds de publicaci\u00f3n: M\u00e9xico<\/p>\n\n\n\n<p>Autores: Ru\u00edz, v. J., Aquino, B. T. Y <strong>Mart\u00ednez, S. D.<\/strong><\/p>\n\n\n\n<p><\/p>\n\n\n\n<ul class=\"wp-block-list\">\n<li><strong>Denominaci\u00f3n de la revista: Avances en ciencia y tecnolog\u00eda.<\/strong><\/li>\n<\/ul>\n\n\n\n<p>T\u00edtulo del art\u00edculo: Colecta e identificaci\u00f3n de \u00e1fidos (Hom\u00f3ptera:aphididae) y sus enemigos naturales en los Valles Centrales de Oaxaca.&nbsp;<\/p>\n\n\n\n<p>Fecha de publicaci\u00f3n: Enero-abril de 1999.<\/p>\n\n\n\n<p>Pa\u00eds de publicaci\u00f3n. M\u00e9xico<\/p>\n\n\n\n<p>Autores. Garc\u00eda, G. J., Arce, G. F., <strong>Mart\u00ednez, S. D.<\/strong><\/p>\n\n\n\n<p><\/p>\n\n\n\n<ul class=\"wp-block-list\">\n<li><strong>Denominaci\u00f3n de la revista: Revista Chapingo, serie horticultura. ISNN 01863231<\/strong><\/li>\n<\/ul>\n\n\n\n<p>T\u00edtulo del art\u00edculo: Colecta y caracterizaci\u00f3n morfol\u00f3gica de chile de agua (Capsicum annuum l.) En Oaxaca<\/p>\n\n\n\n<p>Fecha de publicaci\u00f3n: Diciembre 2010<\/p>\n\n\n\n<p>Pa\u00eds de publicaci\u00f3n. M\u00e9xico<\/p>\n\n\n\n<p>Autores. <strong>Mart\u00ednez S. D.<\/strong>; P\u00e9rez G. M.; Rodr\u00edguez P.J.E.; Moreno P.\u00a0 E. Del C.<\/p>\n\n\n\n<p><\/p>\n\n\n\n<ul class=\"wp-block-list\">\n<li><strong>Denominaci\u00f3n de la revista: Naturaleza y desarrollo ISNN 1665-8531. 2010<\/strong><\/li>\n<\/ul>\n\n\n\n<p>T\u00edtulo del art\u00edculo. Ecolog\u00eda y biolog\u00eda de Scyphophorus Acupunctatus Gyllenhal (cole\u00f3ptero.curculionidae), plaga<\/p>\n\n\n\n<p>Fecha de publicaci\u00f3n: junio 2010<\/p>\n\n\n\n<p>Pa\u00eds de publicaci\u00f3n. M\u00e9xico&nbsp;&nbsp;&nbsp;&nbsp;&nbsp;&nbsp;&nbsp;&nbsp;&nbsp;&nbsp;&nbsp;&nbsp;&nbsp;&nbsp;&nbsp;&nbsp;&nbsp;&nbsp;&nbsp;&nbsp;&nbsp;&nbsp;&nbsp;&nbsp;&nbsp;&nbsp;&nbsp;&nbsp;&nbsp;&nbsp;&nbsp;&nbsp;&nbsp;&nbsp;&nbsp;&nbsp;&nbsp;&nbsp;&nbsp;&nbsp;&nbsp;&nbsp;&nbsp;<\/p>\n\n\n\n<p>Autores. Aquino, B. T.; Ru\u00edz, V. J. Y <strong>Mart\u00ednez S. D.<\/strong><\/p>\n\n\n\n<p><\/p>\n\n\n\n<ul class=\"wp-block-list\">\n<li><strong>Denominaci\u00f3n de la revista: Folia entomol\u00f3gica mexicana. 49 (1): 37-6(2010). ISSN-0430-8603.<\/strong><\/li>\n<\/ul>\n\n\n\n<p>T\u00edtulo del art\u00edculo. Interacciones observadas entre distintos agentes para el control de mosca blanca Bemisia &nbsp;tabaci (Gennadius).<\/p>\n\n\n\n<p>Fecha de publicaci\u00f3n: Diciembre 2010<\/p>\n\n\n\n<p>Pa\u00eds de publicaci\u00f3n. M\u00e9xico<\/p>\n\n\n\n<p>Autores. Ruiz V. J., Aquino. B. T., P\u00e9rez, P. R Y<strong> Mart\u00ednez S. D.\u00a0<\/strong><\/p>\n","protected":false},"excerpt":{"rendered":"<p>T\u00edtulo del art\u00edculo: Evaluaci\u00f3n de m\u00e9todos de muestreo para dos manejos de suelo diferentes en Valles Centrales de Oaxaca.\u00a0 Fecha de publicaci\u00f3n: Octubre de 1986. Pa\u00eds de publicaci\u00f3n: M\u00e9xico Autores: Mart\u00ednez, S. D. Y Carrillo, V. R. T\u00edtulo del art\u00edculo: Producci\u00f3n de abonos verdes y cultivos de prop\u00f3sito m\u00faltiple en asociaci\u00f3n con ma\u00edz de temporal [&hellip;]<\/p>\n","protected":false},"author":75,"featured_media":0,"parent":0,"menu_order":0,"comment_status":"closed","ping_status":"closed","template":"","meta":{"_swt_meta_header_display":false,"_swt_meta_footer_display":false,"_swt_meta_site_title_display":false,"_swt_meta_sticky_header":false,"_swt_meta_transparent_header":false,"footnotes":""},"class_list":["post-5","page","type-page","status-publish","hentry"],"_links":{"self":[{"href":"https:\/\/web.ciidiroaxaca.ipn.mx\/damartinezs\/wp-json\/wp\/v2\/pages\/5","targetHints":{"allow":["GET"]}}],"collection":[{"href":"https:\/\/web.ciidiroaxaca.ipn.mx\/damartinezs\/wp-json\/wp\/v2\/pages"}],"about":[{"href":"https:\/\/web.ciidiroaxaca.ipn.mx\/damartinezs\/wp-json\/wp\/v2\/types\/page"}],"author":[{"embeddable":true,"href":"https:\/\/web.ciidiroaxaca.ipn.mx\/damartinezs\/wp-json\/wp\/v2\/users\/75"}],"replies":[{"embeddable":true,"href":"https:\/\/web.ciidiroaxaca.ipn.mx\/damartinezs\/wp-json\/wp\/v2\/comments?post=5"}],"version-history":[{"count":5,"href":"https:\/\/web.ciidiroaxaca.ipn.mx\/damartinezs\/wp-json\/wp\/v2\/pages\/5\/revisions"}],"predecessor-version":[{"id":33,"href":"https:\/\/web.ciidiroaxaca.ipn.mx\/damartinezs\/wp-json\/wp\/v2\/pages\/5\/revisions\/33"}],"wp:attachment":[{"href":"https:\/\/web.ciidiroaxaca.ipn.mx\/damartinezs\/wp-json\/wp\/v2\/media?parent=5"}],"curies":[{"name":"wp","href":"https:\/\/api.w.org\/{rel}","templated":true}]}}