{"id":7,"date":"2011-10-26T19:57:01","date_gmt":"2011-10-26T19:57:01","guid":{"rendered":"https:\/\/web.ciidiroaxaca.ipn.mx\/croblesp\/proyectos\/"},"modified":"2025-09-17T15:09:01","modified_gmt":"2025-09-17T15:09:01","slug":"proyectos","status":"publish","type":"page","link":"https:\/\/web.ciidiroaxaca.ipn.mx\/croblesp\/proyectos\/","title":{"rendered":"Proyectos"},"content":{"rendered":"\n<ul class=\"wp-block-list\">\n<li>BIOFERTILIZANTES MICROBIANOS EXPERIMENTALES PARA INCREMENTAR LA RESISTENCIA DE LAS PLANTAS AL ESTR\u00c9S ABI\u00d3TICO (finaliza: dic. 2020)<\/li>\n\n\n\n<li>X SIMPOSIO NACIONAL Y VII REUNI\u00d3N IBEROAMERICANA DE LA SIMBIOSIS MICORR\u00cdZICA SEPTIEMBRE 2021 &#8211; SEDE: CIIDIR OAXACA. (consultar la p\u00e1gina www.somesimi.org)<\/li>\n<\/ul>\n\n\n\n<p><\/p>\n","protected":false},"excerpt":{"rendered":"","protected":false},"author":60,"featured_media":0,"parent":0,"menu_order":0,"comment_status":"closed","ping_status":"closed","template":"","meta":{"_swt_meta_header_display":false,"_swt_meta_footer_display":false,"_swt_meta_site_title_display":false,"_swt_meta_sticky_header":false,"_swt_meta_transparent_header":false,"footnotes":""},"class_list":["post-7","page","type-page","status-publish","hentry"],"_links":{"self":[{"href":"https:\/\/web.ciidiroaxaca.ipn.mx\/croblesp\/wp-json\/wp\/v2\/pages\/7","targetHints":{"allow":["GET"]}}],"collection":[{"href":"https:\/\/web.ciidiroaxaca.ipn.mx\/croblesp\/wp-json\/wp\/v2\/pages"}],"about":[{"href":"https:\/\/web.ciidiroaxaca.ipn.mx\/croblesp\/wp-json\/wp\/v2\/types\/page"}],"author":[{"embeddable":true,"href":"https:\/\/web.ciidiroaxaca.ipn.mx\/croblesp\/wp-json\/wp\/v2\/users\/60"}],"replies":[{"embeddable":true,"href":"https:\/\/web.ciidiroaxaca.ipn.mx\/croblesp\/wp-json\/wp\/v2\/comments?post=7"}],"version-history":[{"count":2,"href":"https:\/\/web.ciidiroaxaca.ipn.mx\/croblesp\/wp-json\/wp\/v2\/pages\/7\/revisions"}],"predecessor-version":[{"id":28,"href":"https:\/\/web.ciidiroaxaca.ipn.mx\/croblesp\/wp-json\/wp\/v2\/pages\/7\/revisions\/28"}],"wp:attachment":[{"href":"https:\/\/web.ciidiroaxaca.ipn.mx\/croblesp\/wp-json\/wp\/v2\/media?parent=7"}],"curies":[{"name":"wp","href":"https:\/\/api.w.org\/{rel}","templated":true}]}}