{"id":7,"date":"2024-06-05T16:39:38","date_gmt":"2024-06-05T16:39:38","guid":{"rendered":"https:\/\/web.ciidiroaxaca.ipn.mx\/cgranadose\/tesis-dirigidas\/"},"modified":"2025-09-30T22:15:54","modified_gmt":"2025-09-30T22:15:54","slug":"tesis","status":"publish","type":"page","link":"https:\/\/web.ciidiroaxaca.ipn.mx\/cgranadose\/tesis\/","title":{"rendered":"Tesis Dirigidas"},"content":{"rendered":"\n<h2 class=\"wp-block-heading\"><a name=\"_Toc153809801\"><\/a>Doctorado<\/h2>\n\n\n\n<ul class=\"wp-block-list\">\n<li><strong>Jos\u00e9 Abimael Campos-Ruiz.<\/strong> IPN-CIIDIR Unidad Oaxaca.\u00a0Potencial de productos naturales para el control de plagas de inter\u00e9s agr\u00edcola y de salud p\u00fablica.\u00a0<strong>(en proceso).<\/strong><\/li>\n\n\n\n<li><strong>Sergio Fabricio Cahuich-Castillo.<\/strong>\u00a0IPN-CIIDIR Unidad Oaxaca. Uso de hongos entomopat\u00f3genos y extrem\u00f3filos para el control de plagas y enfermedades: Caracterizaci\u00f3n qu\u00edmica y molecular de cepas con potencial. <strong>(en proceso)<\/strong>.<\/li>\n\n\n\n<li><strong>Israel Dionicio-y de Jes\u00fas.<\/strong> IPN-CIIDIR Unidad Oaxaca.\u00a0Calidad de suelos agroecol\u00f3gicos y biodin\u00e1micos validados con metodolog\u00edas socialmente apropiables.\u00a0<strong>(en proceso).<\/strong><\/li>\n\n\n\n<li><strong>Lucy Areli Pe\u00f1a-Flores. <\/strong>IPN-CIIDIR Unidad Oaxaca. Composici\u00f3n qu\u00edmica y actividad biol\u00f3gica de aceites esenciales sobre plagas de importancia econ\u00f3mica.\u00a0\u00a0<strong>(en proceso).<\/strong><\/li>\n\n\n\n<li><strong>Lilibeth G\u00f3mez Sosa<\/strong>. IPN-CIIDIR Unidad Oaxaca. Bioprospecci\u00f3n de productos naturales para el control de plagas en granos almacenados.\u00a0<strong>(en proceso)<\/strong>.<\/li>\n\n\n\n<li><strong>Nancy Alonso-Hern\u00e1ndez.<\/strong> IPN-CIIDIR Unidad Oaxaca. Diagn\u00f3stico de la distribuci\u00f3n y estrategias para el control de plagas de importancia agr\u00edcola y salud p\u00fablica. Fecha de Titulaci\u00f3n: <strong>Febrero 2025.<\/strong><\/li>\n\n\n\n<li><strong>Vianii Cruz-L\u00f3pez.<\/strong>\u00a0IPN-CIIDIR Unidad Oaxaca. Influencia del manejo de la diversidad vegetal sobre la diversidad funcional de microorganismos del suelo en el cultivo de tomate.\u00a0Fecha de Titulaci\u00f3n:\u00a0Titulaci\u00f3n: <strong>Febrero 2024.<\/strong><\/li>\n\n\n\n<li><strong>Alicia Fonseca-Mu\u00f1oz.<\/strong> IPN-CIIDIR Unidad Oaxaca. Secretions\/Excretions of three maggot species (Diptera: Calliphoridae) and their activity against Staphylococcus aureus and Escherichia coli. \u00a0Fecha de Titulaci\u00f3n:<strong> Julio 2019.<\/strong>\u00a0<\/li>\n\n\n\n<li><strong>Ninfa Ruiz-Santiago.<\/strong> IPN-CIIDIR Unidad Oaxaca. Efecto e inducci\u00f3n de la tolerancia a la salinidad en nematodos par\u00e1sitos de mosquitos. . Fecha de Titulaci\u00f3n: <strong>Marzo 2019.<\/strong><\/li>\n\n\n\n<li><strong>Marco Aurelio Acevedo-Ort\u00edz.\u00a0<\/strong>IPN-CIIDIR Unidad Oaxaca. Conservaci\u00f3n de recursos naturales bajo esquemas de protecci\u00f3n comunitaria. Fecha de titulaci\u00f3n: <strong>Mayo 2018.<\/strong><\/li>\n<\/ul>\n\n\n\n<h2 class=\"wp-block-heading\">\u00a0<a name=\"_Toc153809802\"><\/a>Maestr\u00eda<\/h2>\n\n\n\n<ul class=\"wp-block-list\">\n<li><strong>Miguel Crisanto-Mart\u00ednez.\u00a0<\/strong>IPN-CIIDIR Unidad Oaxaca. Acacia farnesiana como inhibidor de crecimiento y agente larvicida de Aedes aegypti.\u00a0<strong>(en proceso).<\/strong><\/li>\n\n\n\n<li><strong>Milagros Flor Rodr\u00edguez-Salazar.<\/strong>\u00a0IPN-CIIDIR Unidad Oaxaca. Rentabilidad econ\u00f3mica de la producci\u00f3n de tomate mediante tratamientos agroecol\u00f3gicos.\u00a0<strong>(en proceso).<\/strong><\/li>\n\n\n\n<li><strong>Rosa Isela Antonio-Borjas.<\/strong>\u00a0IPN-CIIDIR Unidad Oaxaca. Caracterizaci\u00f3n de sitios de reproducci\u00f3n de abejas Meliponas y su actividad antif\u00fangica de productos generados.\u00a0\u00a0<strong>(en proceso).<\/strong><\/li>\n\n\n\n<li><strong>Eben Ezer Hu-Villamil.<\/strong> IPN-CIIDIR Unidad Oaxaca. Efecto de extractos de algas marinas sobre insectos plaga Aedes aegypti (Diptera: Culicidae) y cepas del agente causal de antracnosis Colletotrichum spp (Glomerellacea)<\/li>\n\n\n\n<li><strong>Brenda Jazm\u00edn Nolasco-P\u00e9rez.<\/strong>\u00a0IPN-CIIDIR Unidad Oaxaca. Etiolog\u00eda de enfermedades fungosas de Vainilla planifolia y efectividad biol\u00f3gica de extractos de Psittacanthus spp., sobre los pat\u00f3genos.\u00a0<strong>(en proceso).<\/strong><\/li>\n\n\n\n<li><strong>Yesenia Cruz-Aguilar.<\/strong> Universidad Popular de la Chontalpa. Evaluaci\u00f3n de los extractos acuosos y etan\u00f3licos de hojas de Spondias mombin L. (Jobo) como inhibidor del crecimiento de larvas de Aedes aegypti.<strong> (En proceso).<\/strong><\/li>\n\n\n\n<li><strong>Manuel Jes\u00fas Am\u00e1bilis-S\u00e1nchez. <\/strong>IPN-CIIDIR Unidad Oaxaca. Estudio Integral de Estrategias Ecol\u00f3gicas para el Control Eficaz del Picudo del Chile: Nosodes y Metabolitos.<strong>\u00a0(en proceso).<\/strong><\/li>\n\n\n\n<li><strong>Jos\u00e9 de Jes\u00fas Crisanto-Mart\u00ednez.<\/strong>\u00a0IPN-CIIDIR Unidad Oaxaca.\u00a0 Evaluaci\u00f3n de bioestimulantes naturales en la protecci\u00f3n de plantas y frutos de Cucurbita pepo L var. round zucchini.\u00a0<strong>(en proceso).<\/strong><\/li>\n\n\n\n<li><strong>Sergio Fabricio Cahuich-Castillo<\/strong>. IPN-CIIDIR Unidad Oaxaca. Metabolitos f\u00fangicos con actividad larvicida y fungicida extra\u00eddos de hongos extrem\u00f3filos. Fecha de Titulaci\u00f3n: <strong>Julio 2024.<\/strong><\/li>\n\n\n\n<li><strong>Fernando Ruiz-Ortiz .<\/strong>\u00a0IPN-CIIDIR Unidad Oaxaca. Cr\u00eda y uso de la mosca soldado negro (Hermetia illucens) como alternativa para el manejo de residuos org\u00e1nicos.\u00a0Fecha de Titulaci\u00f3n: <strong>Julio 2023.<\/strong><\/li>\n\n\n\n<li><strong>Jos\u00e9 Abimael Campos-Ruiz.<\/strong> IPN-CIIDIR Unidad Oaxaca. Bioprospecci\u00f3n de productos naturales para el control de Aedes aegypti y Culex quinquefasciatus (Diptera: Culicidae).\u00a0 Fecha de Titulaci\u00f3n: <strong>Enero 2020.<\/strong><\/li>\n\n\n\n<li><strong>Jos\u00e9 Manuel Chay-P\u00e9rez.<\/strong> Universidad Aut\u00f3noma de Campeche.\u00a0Evaluaci\u00f3n preliminar del efecto antif\u00fangico de un nanocompuesto sobre piedra calc\u00e1rea compacta roja expuesta bajo condiciones naturales. Fecha de Titulaci\u00f3n: <strong>Julio 2020.\u00a0<\/strong><\/li>\n<\/ul>\n\n\n\n<h2 class=\"wp-block-heading\"><a name=\"_Toc153809803\"><\/a>Licenciatura<\/h2>\n\n\n\n<ul class=\"wp-block-list\">\n<li><strong>Rigoberto Mart\u00ednez Mart\u00ednez.<\/strong> Universidad Tecnol\u00f3gica de los Valles Centrales de Oaxaca. Evaluaci\u00f3n biol\u00f3gica del extracto vegetal de hoja y semilla de Coccoloba uvifera (Polygonaceae) sobre el mosquito Aedes aegypti.\u00a0Fecha de Titulaci\u00f3n: <strong>Abril 2025.<\/strong><\/li>\n\n\n\n<li><strong>Nancy Diaz P\u00e9rez.<\/strong>\u00a0Universidad Tecnol\u00f3gica de los Valles Centrales de Oaxaca.\u00a0Evaluaci\u00f3n biol\u00f3gica del extracto vegetal de flor, tallo y ra\u00edz de Coccoloba uvifera l. (Polygonaceae) sobre el mosquito Culex.\u00a0Fecha de Titulaci\u00f3n: <strong>Abril 2025.<\/strong><\/li>\n\n\n\n<li><strong>Candelaria Velasco Morales. <\/strong>Universidad Tecnol\u00f3gica de la Sierra Sur de Oaxaca. Evaluaci\u00f3n del efecto de polvos vegetales de Salvia longistyla, Pluchea odorata y Brugmansia arborea sobre el gorgojo de frijol Acanthoschelides obtectus (Coleoptera).\u00a0Fecha de Titulaci\u00f3n: <strong>Junio 2024.<\/strong><\/li>\n\n\n\n<li><strong>Daniela Hern\u00e1ndez Z\u00e1rate.<\/strong>\u00a0Universidad Tecnol\u00f3gica de la Sierra Sur de Oaxaca. Predicci\u00f3n de las tendencias actuales de la distribuci\u00f3n geogr\u00e1fica de Triatoma dimidiata (Hemiptera: Reduviidae) en Campeche, M\u00e9xico: Un enfoque de modelaci\u00f3n de m\u00e1xima entrop\u00eda. Fecha de Titulaci\u00f3n: <strong>Abril 2023.<\/strong><\/li>\n\n\n\n<li><strong>Julissa del Carmen Rosado Carrasco. <\/strong>Instituto Tecnol\u00f3gico de Chin\u00e1. Distribuci\u00f3n geogr\u00e1fica y abundancia de moscas de la familia Calliphoridae en San Francisco de Campeche, Campeche, M\u00e9xico. Fecha de Titulaci\u00f3n: <strong>Enero 2023.<\/strong><\/li>\n\n\n\n<li><strong>Andrea Lizandra Vicente P\u00e9rez.<\/strong> Universidad Tecnol\u00f3gica de los Valles Centrales de Oaxaca. G\u00e9neros de Formicidae (Insecta: Hymenoptera) Depositados en la colecci\u00f3n entomol\u00f3gica de la Universidad Aut\u00f3noma de Campeche, M\u00e9xico. Fecha de Titulaci\u00f3n: <strong>Agosto 2022.<\/strong><\/li>\n\n\n\n<li><strong>Martha Garc\u00eda Cruz.<\/strong>\u00a0Universidad Tecnol\u00f3gica de los Valles Centrales de Oaxaca. Eficiencia de aceites esenciales en la repelencia del mosquito Aedes aegypti (Diptera: Culicidae). Fecha de Titulaci\u00f3n: <strong>Agosto 2022.<\/strong><\/li>\n\n\n\n<li><strong>Luis \u00c1ngel Antonio Ru\u00edz.<\/strong>\u00a0Universidad Tecnol\u00f3gica de los Valles Centrales de Oaxaca. Actividad insecticida y repelente de aceites esenciales contra Ulomoides dermestoides (Fairmaire) (Coleoptera: Tenebroinidea). Fecha de Titulaci\u00f3n: <strong>Agosto 2022.<\/strong><\/li>\n\n\n\n<li><strong>Abel Sanjuan Santiago.<\/strong> UABJO-Oaxaca. Repelencia y Mortalidad de Sitophilus zeamais Motschulsky (Coleoptera: Curculionidae) tratados con aceites esenciales de tres especies vegetales. Fecha de Titulaci\u00f3n: <strong>Junio 2022.<\/strong><\/li>\n\n\n\n<li><strong>Nubia Ridai Reyes Mart\u00ednez.\u00a0<\/strong>Universidad Tecnol\u00f3gica de los Valles Centrales de Oaxaca. Actividad biol\u00f3gica del aceite esencial de Lantana camara (Verbenaceae) sobre el mosquito Aedes aegypti (Diptera:\u00a0 Culicidae). Fecha de Titulaci\u00f3n: <strong>Abril 2021.<\/strong><\/li>\n\n\n\n<li><strong>Mar\u00eda de Jes\u00fas Garc\u00eda Melchor.\u00a0<\/strong>Universidad Tecnol\u00f3gica de los Valles Centrales de Oaxaca. Impacto de Diaphorina citri plaga del lim\u00f3n en la econom\u00eda agr\u00edcola de campeche: distribuci\u00f3n espacial y din\u00e1mica poblacional. Fecha de Titulaci\u00f3n: <strong>Abril 2021.<\/strong><\/li>\n\n\n\n<li><strong>Daniela Arrazola Zavaleta.<\/strong> Universidad Tecnol\u00f3gica de la Sierra Sur de Oaxaca. Aceites esenciales de Mentha spicata (Lamiaceae) y Aloysia triphylla (Verbenaceae) para el control de Sitophilus zeamais ( Coleoptera: Curculionidae) en ma\u00edz almacenado.\u00a0 Fecha de Titulaci\u00f3n: <strong>Abril 2021.<\/strong><\/li>\n\n\n\n<li><strong>Concepci\u00f3n Fierro Ort\u00edz. <\/strong>Universidad Tecnol\u00f3gica de la Sierra Sur de Oaxaca. Evaluaci\u00f3n de aceites esenciales de plantas arom\u00e1ticas para el control in vitro de paratrioza (Bactericera cockerelli Sulc).\u00a0 Fecha de Titulaci\u00f3n: <strong>Abril 2021.<\/strong><\/li>\n\n\n\n<li><strong>Ezequiel Garc\u00eda Velasco.<\/strong>\u00a0Universidad Tecnol\u00f3gica de la Sierra Sur de Oaxaca.\u00a0Diagn\u00f3stico y distribuci\u00f3n de Diaphorina citri Kuwayama (Hem\u00edptera Psyllidae) en el estado de Campeche.\u00a0Fecha de Titulaci\u00f3n: <strong>Abril 2021.<\/strong><\/li>\n\n\n\n<li><strong>Jonathan Ju\u00e1rez Pelcastre. <\/strong>Universidad Polit\u00e9cnica Francisco I. Madero. Carrera en Ingenier\u00eda en Agrotecnolog\u00eda, con el tema \u201cEvaluaci\u00f3n de extractos vegetales y aceites esenciales para el control del mosquito Aedes aegypti\u201d. Co-director. Fecha de Titulaci\u00f3n: <strong>Enero 2020.<\/strong><\/li>\n\n\n\n<li><strong>Alin Citlaly L\u00f3pez Mart\u00ednez. <\/strong>Universidad Polit\u00e9cnica Francisco I. Madero. Carrera en Ingenier\u00eda en Agrotecnolog\u00eda, con el tema \u201cConsorcio de bacterias y hongos en el desarrollo de un cultivo de ma\u00edz establecido en el municipio de Tlaxcoapan, Hidalgo\u201d. Co-director. Fecha de Titulaci\u00f3n:\u00a0<strong>Febrero 2020.<\/strong><\/li>\n\n\n\n<li><strong>Brenda Flagelia Moreno Lara.<\/strong> Universidad Polit\u00e9cnica Francisco I. Madero. Carrera en Ingenier\u00eda en Agrotecnolog\u00eda, con el tema \u201cEvaluaci\u00f3n antif\u00fangica del extracto de Arant\u00f3 (Decatropis bicolor) y lactobacilos spp. en el desarrollo de pat\u00f3genos postcosecha\u201d. Asesor externo. Fecha de Titulaci\u00f3n:\u00a0<strong>Febrero 2020.<\/strong><\/li>\n\n\n\n<li><strong>Sergio Ismael Orellana Castro.<\/strong> Universidad Polit\u00e9cnica Francisco I. Madero. Carrera en Ingenier\u00eda en Agrotecnolog\u00eda, con el tema \u201cManejo org\u00e1nico de jitomate var. cordoba en la empresa Hortalizas Espinoza, municipio de San Agust\u00edn, Tlaxiaca Hidalgo\u201d. Asesor externo. Fecha de Titulaci\u00f3n: <strong>Febrero 2020.<\/strong><\/li>\n\n\n\n<li><strong>Adolfo \u00c1ngel Pelayo Victorio .\u00a0<\/strong>Universidad Veracruzana. Evaluaci\u00f3n de la capacidad bacteriana del aceite esencial de Schinus molli (Pirul) en especie de Staphylococcus aureus resistentes a la meticilina. Fecha de Titulaci\u00f3n:<strong> Julio\u00a02018.<\/strong><\/li>\n\n\n\n<li><strong>Brian Flores G\u00f3mez.<\/strong> Universidad Veracruzana. Evaluaci\u00f3n de la capacidad bacteriana del aceite esencial de Schinus molli (Pirul) en especie de Staphylococcus aureus resistentes a la meticilina.. Fecha de Titulaci\u00f3n: <strong>Julio\u00a02018.<\/strong><\/li>\n\n\n\n<li><strong>Mauremi Mungu\u00eda Mart\u00ednez.<\/strong> Universidad Veracruzana. Actividad microbiana del aceite esencial del Laurus nobilis en microorganismos de importancia cl\u00ednica. Fecha de Titulaci\u00f3n: <strong>Enero 2017.<\/strong><\/li>\n\n\n\n<li><strong>Esperanza Cruz Mat\u00edas.<\/strong> Novauniversitas. Susceptibilidad de larvas de mosquito Culex quinquefasciatus (Say) (Diptera: Culicidae) a extractos de partes vegetales de Argemone mexicana (Papaveraceae). Fecha de Titulaci\u00f3n: <strong>Febrero 2016.<\/strong><\/li>\n\n\n\n<li><strong>Jos\u00e9 Abimael Campos Ruiz.<\/strong> Novauniversitas. Inhibici\u00f3n de crecimiento y desarrollo de larvas de mosquito Culex quinquefasciatus (Say) (Diptera: Culicidae) con extractos de agave (Asparagaceae: Agavoideae). Fecha de Titulaci\u00f3n: <strong>Febrero 2016.<\/strong><\/li>\n\n\n\n<li><strong>Jos\u00e9 Luis V\u00e1squez Cruz. <\/strong>Novauniversitas. Repelencia y mortalidad de Sitophilus zeamais Motschulsky (Coleoptera: Curculionidae) a polvos de especies vegetales. Fecha de Titulaci\u00f3n: <strong>Junio 2016.<\/strong><\/li>\n\n\n\n<li><strong>Marcos Velasco Velasco.<\/strong> Instituto Tecnol\u00f3gico del Valle de Oaxaca. Susceptibilidad de paratrioza (Bactericera cockerelli Sulc) a extractos vegetales e insecticidas biol\u00f3gicos. Fecha de Titulaci\u00f3n: <strong>Octubre 2013<\/strong><\/li>\n<\/ul>\n\n\n\n<p><\/p>\n","protected":false},"excerpt":{"rendered":"<p>Doctorado \u00a0Maestr\u00eda Licenciatura<\/p>\n","protected":false},"author":62,"featured_media":0,"parent":0,"menu_order":0,"comment_status":"closed","ping_status":"closed","template":"","meta":{"_swt_meta_header_display":false,"_swt_meta_footer_display":false,"_swt_meta_site_title_display":false,"_swt_meta_sticky_header":false,"_swt_meta_transparent_header":false,"footnotes":""},"class_list":["post-7","page","type-page","status-publish","hentry"],"_links":{"self":[{"href":"https:\/\/web.ciidiroaxaca.ipn.mx\/cgranadose\/wp-json\/wp\/v2\/pages\/7","targetHints":{"allow":["GET"]}}],"collection":[{"href":"https:\/\/web.ciidiroaxaca.ipn.mx\/cgranadose\/wp-json\/wp\/v2\/pages"}],"about":[{"href":"https:\/\/web.ciidiroaxaca.ipn.mx\/cgranadose\/wp-json\/wp\/v2\/types\/page"}],"author":[{"embeddable":true,"href":"https:\/\/web.ciidiroaxaca.ipn.mx\/cgranadose\/wp-json\/wp\/v2\/users\/62"}],"replies":[{"embeddable":true,"href":"https:\/\/web.ciidiroaxaca.ipn.mx\/cgranadose\/wp-json\/wp\/v2\/comments?post=7"}],"version-history":[{"count":7,"href":"https:\/\/web.ciidiroaxaca.ipn.mx\/cgranadose\/wp-json\/wp\/v2\/pages\/7\/revisions"}],"predecessor-version":[{"id":45,"href":"https:\/\/web.ciidiroaxaca.ipn.mx\/cgranadose\/wp-json\/wp\/v2\/pages\/7\/revisions\/45"}],"wp:attachment":[{"href":"https:\/\/web.ciidiroaxaca.ipn.mx\/cgranadose\/wp-json\/wp\/v2\/media?parent=7"}],"curies":[{"name":"wp","href":"https:\/\/api.w.org\/{rel}","templated":true}]}}