{"id":6,"date":"2024-06-05T16:38:28","date_gmt":"2024-06-05T16:38:28","guid":{"rendered":"https:\/\/web.ciidiroaxaca.ipn.mx\/cgranadose\/proyectos-de-investigacion\/"},"modified":"2025-10-21T19:39:54","modified_gmt":"2025-10-22T01:39:54","slug":"proyectos-de-investigacion","status":"publish","type":"page","link":"https:\/\/web.ciidiroaxaca.ipn.mx\/cgranadose\/proyectos-de-investigacion\/","title":{"rendered":"Proyectos de investigaci\u00f3n"},"content":{"rendered":"\n<p>La participaci\u00f3n en proyectos adem\u00e1s de realizar la parte acad\u00e9mica de gesti\u00f3n institucional para el fortalecimiento de capacidades, se ha desarrollado para investigar aquellos productos naturales nativos (comunidades bacterias, extracciones bot\u00e1nicas, sargazo, macroinvertebrados, y biopol\u00edmeros) con potencial en el manejo agroecol\u00f3gico de plagas y enfermedades en cultivos de importancia postcosecha, e insectos de importancia en salud p\u00fablica, con un enfoque hol\u00edstico de aprovechamiento y conservaci\u00f3n de los recursos.<\/p>\n\n\n\n<p>2020 \u2013 2021<\/p>\n\n\n\n<p>Estudios t\u00e9cnicos de caracterizaci\u00f3n de sargazo orientados a la generaci\u00f3n de normatividad asociada a riesgos y a su potencial aprovechamiento productivo&nbsp;&nbsp;&nbsp;&nbsp;&nbsp;&nbsp;&nbsp;&nbsp; CONACYT \u2013 PRONACES &#8211; Fondo sectorial de investigaci\u00f3n y desarrollo<\/p>\n\n\n\n<p>2020<\/p>\n\n\n\n<p>Desarrollo de m\u00e9todos para el aislamiento e identificaci\u00f3n de compuestos bioactivos de origen vegetal asistido con qu\u00edmica verde&nbsp;&nbsp;&nbsp; Secretaria de Investigaci\u00f3n y Posgrado SIP IPN<\/p>\n\n\n\n<p>2018-2020<\/p>\n\n\n\n<p>Efecto de la exposici\u00f3n de nanopart\u00edculas de plata sobre comunidades microbianas&nbsp;&nbsp; Apoyo reincorporaci\u00f3n de ex becarios PRODEP<\/p>\n\n\n\n<p>2018-2019<\/p>\n\n\n\n<p>Variaciones en las tasas de depredaci\u00f3n de larvas de mosco (Aedes aegyptii) por el pez mosquito (Gambusia yucatana) en relaci\u00f3n a diferentes fuentes de alimento (macroinvertebrados)&nbsp;&nbsp;&nbsp;&nbsp;&nbsp;&nbsp;&nbsp;&nbsp;&nbsp; Universidad Aut\u00f3noma de Campeche<\/p>\n\n\n\n<p>2017-2020<\/p>\n\n\n\n<p>Fortalecimiento de la Maestr\u00eda en Biociencias Aplicadas para su ingreso al PNPC&nbsp;&nbsp;&nbsp;&nbsp;&nbsp;&nbsp;&nbsp;&nbsp;&nbsp;&nbsp; FOMIX-CONACYT-Campeche<\/p>\n\n\n\n<p>2016-2018<\/p>\n\n\n\n<p>Evaluaci\u00f3n de una bioformulaci\u00f3n microbiana para el control de la antracnosis en papaya maradol postcosecha&nbsp;&nbsp;&nbsp; Secretar\u00eda de Agricultura, Ganader\u00eda, Desarrollo Rural, Pesca y Alimentaci\u00f3n SAGARPA<\/p>\n\n\n\n<p>2016-2018<\/p>\n\n\n\n<p>Fortalecimiento de la infraestructura para la caracterizaci\u00f3n y valoraci\u00f3n biotecnol\u00f3gica de biopel\u00edculas microbianas de biopol\u00edmeros asociados&nbsp;&nbsp;&nbsp;&nbsp;&nbsp;&nbsp; CONACYT Infraestructura<\/p>\n","protected":false},"excerpt":{"rendered":"<p>La participaci\u00f3n en proyectos adem\u00e1s de realizar la parte acad\u00e9mica de gesti\u00f3n institucional para el fortalecimiento de capacidades, se ha desarrollado para investigar aquellos productos naturales nativos (comunidades bacterias, extracciones bot\u00e1nicas, sargazo, macroinvertebrados, y biopol\u00edmeros) con potencial en el manejo agroecol\u00f3gico de plagas y enfermedades en cultivos de importancia postcosecha, e insectos de importancia en [&hellip;]<\/p>\n","protected":false},"author":62,"featured_media":0,"parent":0,"menu_order":0,"comment_status":"closed","ping_status":"closed","template":"","meta":{"_swt_meta_header_display":false,"_swt_meta_footer_display":false,"_swt_meta_site_title_display":false,"_swt_meta_sticky_header":false,"_swt_meta_transparent_header":false,"footnotes":""},"class_list":["post-6","page","type-page","status-publish","hentry"],"_links":{"self":[{"href":"https:\/\/web.ciidiroaxaca.ipn.mx\/cgranadose\/wp-json\/wp\/v2\/pages\/6","targetHints":{"allow":["GET"]}}],"collection":[{"href":"https:\/\/web.ciidiroaxaca.ipn.mx\/cgranadose\/wp-json\/wp\/v2\/pages"}],"about":[{"href":"https:\/\/web.ciidiroaxaca.ipn.mx\/cgranadose\/wp-json\/wp\/v2\/types\/page"}],"author":[{"embeddable":true,"href":"https:\/\/web.ciidiroaxaca.ipn.mx\/cgranadose\/wp-json\/wp\/v2\/users\/62"}],"replies":[{"embeddable":true,"href":"https:\/\/web.ciidiroaxaca.ipn.mx\/cgranadose\/wp-json\/wp\/v2\/comments?post=6"}],"version-history":[{"count":3,"href":"https:\/\/web.ciidiroaxaca.ipn.mx\/cgranadose\/wp-json\/wp\/v2\/pages\/6\/revisions"}],"predecessor-version":[{"id":60,"href":"https:\/\/web.ciidiroaxaca.ipn.mx\/cgranadose\/wp-json\/wp\/v2\/pages\/6\/revisions\/60"}],"wp:attachment":[{"href":"https:\/\/web.ciidiroaxaca.ipn.mx\/cgranadose\/wp-json\/wp\/v2\/media?parent=6"}],"curies":[{"name":"wp","href":"https:\/\/api.w.org\/{rel}","templated":true}]}}