{"id":7,"date":"2016-10-19T15:55:17","date_gmt":"2016-10-19T15:55:17","guid":{"rendered":"https:\/\/web.ciidiroaxaca.ipn.mx\/cescamirosa\/proyectos-de-investigacion\/"},"modified":"2025-10-20T14:46:51","modified_gmt":"2025-10-20T20:46:51","slug":"proyectos-de-investigacion","status":"publish","type":"page","link":"https:\/\/web.ciidiroaxaca.ipn.mx\/cescamirosa\/proyectos-de-investigacion\/","title":{"rendered":"Proyectos de investigaci\u00f3n (2011-2025)"},"content":{"rendered":"\n<ol class=\"wp-block-list\">\n<li>Sistema de captura de drenajes y recirculaci\u00f3n del agua de riego, nutrientes y su interacci\u00f3n con el microclima y la productividad en cultivo de tomate (L. <em>esculentum<\/em> Mill), en invernaderos de los Valles Centrales de Oaxaca. Registro asignado por la SIP: 20110096.&nbsp; Proyecto Concluido.<\/li>\n\n\n\n<li>Sistema de captura de drenajes y recirculaci\u00f3n del agua de riego, nutrientes y su interacci\u00f3n con el microclima y la productividad en cultivo de tomate (<em>L.esculentum <\/em>Mill), en invernaderos de los Valles Centrales de Oaxaca. Registro asignado por la SIP: 20120077. Proyecto Concluido<\/li>\n\n\n\n<li>Caracterizaci\u00f3n Clim\u00e1tica y Energ\u00e9tica de Estructuras de Invernadero para el Cultivo Intensivo&nbsp;de Tomate de C\u00e1scara (<em>Physalis ixocarpa <\/em>Brot) Registro asignado por la SIP: 20130275. Proyecto Concluido<\/li>\n\n\n\n<li>Caracterixacion Clim\u00e1tica y Energ\u00e9tica de Estructuras de Invernadero para el Cultivo Intensivo de Tomate de Cascara (Physalis ixocarpa Brot)Registro asignado por la SIP: 20140483. Proyecto Concluido<\/li>\n\n\n\n<li>Evaluaci\u00f3n del Efecto del Microclima en la Fisiolog\u00eda de Plantas de Agave Sp. Bajo Ambiente Controlado y en Campo.(Etapa 1)Registro asignado por la SIP: 20150155. Proyecto Concluido<\/li>\n\n\n\n<li>Evaluaci\u00f3n del Efecto del Microclima en la Fisiolog\u00eda de Plantas de Agave Sp. Bajo Ambiente Controlado y en Campo (Etapa 1)Registro asignado por la SIP: 20160439. Proyecto Concluido<\/li>\n\n\n\n<li>Uso y conocimiento de <em>Physalis <\/em>spp., para su cultivo intensivo en ambientes protegido y en campo. Registro Conacyt (248261). Participante.Proyecto en desarrollo.<\/li>\n\n\n\n<li>Monitoreo espacial de variables clim\u00e1ticas y edafol\u00f3gicas del complejo Agave potatorum Zucc. y su respuesta en la distribuci\u00f3n poblacional. Clave SIP: 20170213. Proyecto concluido.<\/li>\n\n\n\n<li>\u200bMonitoreo espacial de variables clim\u00e1ticas y edafol\u00f3gicas del complejo Agave potatorum Zucc. y su respuesta en la distribuci\u00f3n poblacional. Clave SIP: 20180344.<\/li>\n\n\n\n<li>Monitoreo de variables ambientales y fisiogr\u00e1ficas, en espacios naturales con potencial para el cultivo de especies de agaves silvestres en el estado de Oaxaca, M\u00e9xico.Clave SIP:20195336<\/li>\n\n\n\n<li>Estudios Preliminares conducente a la instauraci\u00f3n de una Denominaci\u00f3n de Origen o Indicaci\u00f3n Geogr\u00e1fica Protegida para el mezcal tobal\u00e1 proveniente de agave silvestre <em>Potatorum<\/em> Zucc., para una microrregi\u00f3n marginada de la Mixteca Alta del estado de Oaxaca, M\u00e9xico, Clave SIP: 20200735.<\/li>\n\n\n\n<li>Estudios preliminares conducentes a la instauraci\u00f3n de una Denominaci\u00f3n de Origen o Indicaci\u00f3n Geogr\u00e1fica Protegida para el mezcal tobal\u00e1 proveniente de agave silvestre <em>Potatorum<\/em> Zucc., para una microrregi\u00f3n marginada de la Mixteca Alta del estado de Oaxaca, M\u00e9xico. (Continuaci\u00f3n). Clave SIP: 20211001.<\/li>\n\n\n\n<li>Estudio para el establecimiento de una ruta ecotur\u00edstica para turismo alternativo, en la regi\u00f3n Mixteca &#8211; Zapoteca (Mix. &#8211; Za.), del estado de Oaxaca. Clave SIP: 20221304.<\/li>\n\n\n\n<li>Estudio para el establecimiento de una ruta ecotur\u00edstica para turismo alternativo, en la regi\u00f3n Mixteca &#8211; Zapoteca (Mx. &#8211; Za.) Clave SIP: 20231316.<\/li>\n\n\n\n<li>Efecto del microclima de estructuras de protecci\u00f3n, sobre el rendimiento y calidad de especies vegetales de inter\u00e9s econ\u00f3mico. Parte I. Cultivo de pepino (<em>Cucumis <\/em>Sativus L.), Clave SIP: 20240578.\u00a0<\/li>\n\n\n\n<li>Identificaci\u00f3n de hongos silvestres comestibles en comunidades rurales de Oaxaca: implicaciones en la seguridad alimentaria, salud y la preservaci\u00f3n de dietas tradicionales. Clave SIP: 20253975\u00a0<\/li>\n<\/ol>\n\n\n\n<p><\/p>\n\n\n\n<p><\/p>\n","protected":false},"excerpt":{"rendered":"","protected":false},"author":57,"featured_media":0,"parent":0,"menu_order":0,"comment_status":"closed","ping_status":"closed","template":"","meta":{"_swt_meta_header_display":false,"_swt_meta_footer_display":false,"_swt_meta_site_title_display":false,"_swt_meta_sticky_header":false,"_swt_meta_transparent_header":false,"footnotes":""},"class_list":["post-7","page","type-page","status-publish","hentry"],"_links":{"self":[{"href":"https:\/\/web.ciidiroaxaca.ipn.mx\/cescamirosa\/wp-json\/wp\/v2\/pages\/7","targetHints":{"allow":["GET"]}}],"collection":[{"href":"https:\/\/web.ciidiroaxaca.ipn.mx\/cescamirosa\/wp-json\/wp\/v2\/pages"}],"about":[{"href":"https:\/\/web.ciidiroaxaca.ipn.mx\/cescamirosa\/wp-json\/wp\/v2\/types\/page"}],"author":[{"embeddable":true,"href":"https:\/\/web.ciidiroaxaca.ipn.mx\/cescamirosa\/wp-json\/wp\/v2\/users\/57"}],"replies":[{"embeddable":true,"href":"https:\/\/web.ciidiroaxaca.ipn.mx\/cescamirosa\/wp-json\/wp\/v2\/comments?post=7"}],"version-history":[{"count":8,"href":"https:\/\/web.ciidiroaxaca.ipn.mx\/cescamirosa\/wp-json\/wp\/v2\/pages\/7\/revisions"}],"predecessor-version":[{"id":91,"href":"https:\/\/web.ciidiroaxaca.ipn.mx\/cescamirosa\/wp-json\/wp\/v2\/pages\/7\/revisions\/91"}],"wp:attachment":[{"href":"https:\/\/web.ciidiroaxaca.ipn.mx\/cescamirosa\/wp-json\/wp\/v2\/media?parent=7"}],"curies":[{"name":"wp","href":"https:\/\/api.w.org\/{rel}","templated":true}]}}