{"id":12,"date":"2016-10-19T15:57:10","date_gmt":"2016-10-19T15:57:10","guid":{"rendered":"https:\/\/web.ciidiroaxaca.ipn.mx\/cescamirosa\/actividades-academicas\/"},"modified":"2025-10-16T15:11:40","modified_gmt":"2025-10-16T21:11:40","slug":"actividades-academicas","status":"publish","type":"page","link":"https:\/\/web.ciidiroaxaca.ipn.mx\/cescamirosa\/actividades-academicas\/","title":{"rendered":"Actividades acad\u00e9micas"},"content":{"rendered":"\n<p>Se desarrollan actividades acad\u00e9micas complementarias en la formaci\u00f3n de recursos humanos, en la integraci\u00f3n de las siguientes actividades:<\/p>\n\n\n\n<ul class=\"wp-block-list\">\n<li>Participaci\u00f3n en Comit\u00e9 Tutoriales<\/li>\n\n\n\n<li>Participaci\u00f3n en el Programa Institucional de Formaci\u00f3n de Investigadores (BEIFI)<\/li>\n\n\n\n<li>Comit\u00e9 Revisor de Tesis de Posgrado<\/li>\n\n\n\n<li>Direcci\u00f3n de Proyectos de Residencias Profesional de Estudiante de nivel Licenciatura<\/li>\n\n\n\n<li>Direcci\u00f3n de Estudiantes de Licenciatura en Servicio Social<\/li>\n\n\n\n<li>Direcci\u00f3n de Tesis de Licenciatura y Posgrado.<\/li>\n\n\n\n<li><\/li>\n<\/ul>\n\n\n\n<div class=\"wp-block-columns is-layout-flex wp-container-core-columns-is-layout-28f84493 wp-block-columns-is-layout-flex\">\n<div class=\"wp-block-column is-layout-flow wp-block-column-is-layout-flow\" style=\"flex-basis:33.33%\">\n<figure class=\"wp-block-image\"><img decoding=\"async\" src=\"https:\/\/web.ciidiroaxaca.ipn.mx\/cescamirosa\/wp-content\/uploads\/sites\/57\/2016\/10\/DSC01009.JPG\" alt=\"\" \/><\/figure>\n\n\n\n<p>Unidades de Aprendizaje Impartidas en los Programas de Maestr\u00edas: Profesional y en Ciencias:&nbsp;\u00abGesti\u00f3n de Proyectos para el Desarrollo Solidario\u00bb y en \u00abConservaci\u00f3n y Aprovechamiento de Recursos Naturales\u00bb<\/p>\n\n\n\n<p>Estaci\u00f3n meteorol\u00f3gica para monitoreo de variables clim\u00e1ticas de inter\u00e9s en agricultura moderna<\/p>\n<\/div>\n\n\n\n<div class=\"wp-block-column is-layout-flow wp-block-column-is-layout-flow\" style=\"flex-basis:66.66%\">\n<div class=\"wp-block-columns is-layout-flex wp-container-core-columns-is-layout-28f84493 wp-block-columns-is-layout-flex\">\n<div class=\"wp-block-column is-layout-flow wp-block-column-is-layout-flow\">\n<figure class=\"wp-block-image\"><img decoding=\"async\" src=\"https:\/\/web.ciidiroaxaca.ipn.mx\/cescamirosa\/wp-content\/uploads\/sites\/57\/2016\/10\/IMG_20151002_164521323.jpg\" alt=\"Cultivo de tomate de c\u00e1scara\" \/><\/figure>\n<\/div>\n\n\n\n<div class=\"wp-block-column is-layout-flow wp-block-column-is-layout-flow\">\n<figure class=\"wp-block-image\"><img decoding=\"async\" src=\"https:\/\/web.ciidiroaxaca.ipn.mx\/cescamirosa\/wp-content\/uploads\/sites\/57\/2016\/10\/IMG_20151120_135815180.jpg\" alt=\"Sensor Hobo ProV2 Logger\" title=\"Sensor Hobo ProV2 Logger\" \/><\/figure>\n<\/div>\n<\/div>\n\n\n\n<figure class=\"wp-block-image size-large\"><img loading=\"lazy\" decoding=\"async\" width=\"1024\" height=\"683\" src=\"https:\/\/web.ciidiroaxaca.ipn.mx\/cescamirosa\/wp-content\/uploads\/sites\/57\/2025\/10\/g775f358e521428f49efff307f10db3369889c273535513052d01ffd3ec266c0d707696300e55a4acf65bb66dc3c8e7399875cec5fa2e6630fd5c34ed87872a12_1280-3977718-1024x683.jpg\" alt=\"anemometer, weather station, professional, weather service, observation, weather observation, forecast, weather map, nature, light, sun, heaven\" class=\"wp-image-72\" srcset=\"https:\/\/web.ciidiroaxaca.ipn.mx\/cescamirosa\/wp-content\/uploads\/sites\/57\/2025\/10\/g775f358e521428f49efff307f10db3369889c273535513052d01ffd3ec266c0d707696300e55a4acf65bb66dc3c8e7399875cec5fa2e6630fd5c34ed87872a12_1280-3977718-1024x683.jpg 1024w, https:\/\/web.ciidiroaxaca.ipn.mx\/cescamirosa\/wp-content\/uploads\/sites\/57\/2025\/10\/g775f358e521428f49efff307f10db3369889c273535513052d01ffd3ec266c0d707696300e55a4acf65bb66dc3c8e7399875cec5fa2e6630fd5c34ed87872a12_1280-3977718-300x200.jpg 300w, https:\/\/web.ciidiroaxaca.ipn.mx\/cescamirosa\/wp-content\/uploads\/sites\/57\/2025\/10\/g775f358e521428f49efff307f10db3369889c273535513052d01ffd3ec266c0d707696300e55a4acf65bb66dc3c8e7399875cec5fa2e6630fd5c34ed87872a12_1280-3977718-768x512.jpg 768w, https:\/\/web.ciidiroaxaca.ipn.mx\/cescamirosa\/wp-content\/uploads\/sites\/57\/2025\/10\/g775f358e521428f49efff307f10db3369889c273535513052d01ffd3ec266c0d707696300e55a4acf65bb66dc3c8e7399875cec5fa2e6630fd5c34ed87872a12_1280-3977718.jpg 1280w\" sizes=\"auto, (max-width: 1024px) 100vw, 1024px\" \/><\/figure>\n<\/div>\n<\/div>\n\n\n\n<ol class=\"wp-block-list\">\n<li>Agricultura Protegida Sustentable<\/li>\n\n\n\n<li>Seminario Proyectos III<\/li>\n\n\n\n<li>Seminario de Proyectos IV<\/li>\n\n\n\n<li>\u200bAgricultura Agroecol\u00f3gica.<\/li>\n\n\n\n<li> Seminario de Investigaci\u00f3n IV<\/li>\n<\/ol>\n\n\n\n<p>TEMAS DE INTER\u00c9S PARA LA ELABORACI\u00d3N DE TESIS DE LICENCIATURA Y MAESTR\u00cdA.<\/p>\n\n\n\n<ol class=\"wp-block-list\">\n<li>MONITOREO DE VARIABLES CLIM\u00c1TICAS Y SU EFECTO EN HORTICULTURA BAJO AMBIENTE CONTROLADO Y EN CAMPO ABIERTO<\/li>\n\n\n\n<li>MANEJO E INTEGRACI\u00d3N DE SISTEMAS DE INFORMACI\u00d3N GEOGR\u00c1FICA.<\/li>\n\n\n\n<li>CARACTERIZACI\u00d3N CLIM\u00c1TICA DE INVERNADEROS DE BAJO COSTO PARA CULTIVOS DE PORTE BAJO<\/li>\n\n\n\n<li>MAPEOS DE SUPERFICIE TERRESTRE CON VEH\u00cdCULOS AUT\u00d3NOMOS NO TRIPULADOS Y&nbsp; TRATAMIENTO DE LA INFORMACI\u00d3N CON MEDIOS TECNOL\u00d3GICOS.<\/li>\n<\/ol>\n\n\n\n<p>5. Cultivo de hongo seta (<em>Pleurotus Ostretus<\/em>), en instalaciones domesticas, con prop\u00f3sito de mejorar la seguridad alimentaria y el mejoramiento de la econom\u00eda familiar por la venta de excedentes. <\/p>\n\n\n\n<figure class=\"wp-block-image size-large is-resized\"><img loading=\"lazy\" decoding=\"async\" width=\"768\" height=\"1024\" src=\"https:\/\/web.ciidiroaxaca.ipn.mx\/cescamirosa\/wp-content\/uploads\/sites\/57\/2025\/10\/DSC03852-768x1024.jpg\" alt=\"\" class=\"wp-image-87\" style=\"width:176px;height:auto\" srcset=\"https:\/\/web.ciidiroaxaca.ipn.mx\/cescamirosa\/wp-content\/uploads\/sites\/57\/2025\/10\/DSC03852-768x1024.jpg 768w, https:\/\/web.ciidiroaxaca.ipn.mx\/cescamirosa\/wp-content\/uploads\/sites\/57\/2025\/10\/DSC03852-225x300.jpg 225w, https:\/\/web.ciidiroaxaca.ipn.mx\/cescamirosa\/wp-content\/uploads\/sites\/57\/2025\/10\/DSC03852-1152x1536.jpg 1152w, https:\/\/web.ciidiroaxaca.ipn.mx\/cescamirosa\/wp-content\/uploads\/sites\/57\/2025\/10\/DSC03852-1536x2048.jpg 1536w, https:\/\/web.ciidiroaxaca.ipn.mx\/cescamirosa\/wp-content\/uploads\/sites\/57\/2025\/10\/DSC03852-scaled.jpg 1920w\" sizes=\"auto, (max-width: 768px) 100vw, 768px\" \/><\/figure>\n\n\n\n<figure class=\"wp-block-image size-large is-resized\"><img loading=\"lazy\" decoding=\"async\" width=\"1024\" height=\"768\" src=\"https:\/\/web.ciidiroaxaca.ipn.mx\/cescamirosa\/wp-content\/uploads\/sites\/57\/2025\/10\/image-1024x768.png\" alt=\"\" class=\"wp-image-89\" style=\"width:180px;height:auto\" srcset=\"https:\/\/web.ciidiroaxaca.ipn.mx\/cescamirosa\/wp-content\/uploads\/sites\/57\/2025\/10\/image-1024x768.png 1024w, https:\/\/web.ciidiroaxaca.ipn.mx\/cescamirosa\/wp-content\/uploads\/sites\/57\/2025\/10\/image-300x225.png 300w, https:\/\/web.ciidiroaxaca.ipn.mx\/cescamirosa\/wp-content\/uploads\/sites\/57\/2025\/10\/image-768x576.png 768w, https:\/\/web.ciidiroaxaca.ipn.mx\/cescamirosa\/wp-content\/uploads\/sites\/57\/2025\/10\/image.png 1500w\" sizes=\"auto, (max-width: 1024px) 100vw, 1024px\" \/><\/figure>\n\n\n\n<p><\/p>\n","protected":false},"excerpt":{"rendered":"<p>Se desarrollan actividades acad\u00e9micas complementarias en la formaci\u00f3n de recursos humanos, en la integraci\u00f3n de las siguientes actividades: Unidades de Aprendizaje Impartidas en los Programas de Maestr\u00edas: Profesional y en Ciencias:&nbsp;\u00abGesti\u00f3n de Proyectos para el Desarrollo Solidario\u00bb y en \u00abConservaci\u00f3n y Aprovechamiento de Recursos Naturales\u00bb Estaci\u00f3n meteorol\u00f3gica para monitoreo de variables clim\u00e1ticas de inter\u00e9s en [&hellip;]<\/p>\n","protected":false},"author":57,"featured_media":0,"parent":0,"menu_order":0,"comment_status":"closed","ping_status":"closed","template":"","meta":{"_swt_meta_header_display":false,"_swt_meta_footer_display":false,"_swt_meta_site_title_display":false,"_swt_meta_sticky_header":false,"_swt_meta_transparent_header":false,"footnotes":""},"class_list":["post-12","page","type-page","status-publish","hentry"],"_links":{"self":[{"href":"https:\/\/web.ciidiroaxaca.ipn.mx\/cescamirosa\/wp-json\/wp\/v2\/pages\/12","targetHints":{"allow":["GET"]}}],"collection":[{"href":"https:\/\/web.ciidiroaxaca.ipn.mx\/cescamirosa\/wp-json\/wp\/v2\/pages"}],"about":[{"href":"https:\/\/web.ciidiroaxaca.ipn.mx\/cescamirosa\/wp-json\/wp\/v2\/types\/page"}],"author":[{"embeddable":true,"href":"https:\/\/web.ciidiroaxaca.ipn.mx\/cescamirosa\/wp-json\/wp\/v2\/users\/57"}],"replies":[{"embeddable":true,"href":"https:\/\/web.ciidiroaxaca.ipn.mx\/cescamirosa\/wp-json\/wp\/v2\/comments?post=12"}],"version-history":[{"count":10,"href":"https:\/\/web.ciidiroaxaca.ipn.mx\/cescamirosa\/wp-json\/wp\/v2\/pages\/12\/revisions"}],"predecessor-version":[{"id":90,"href":"https:\/\/web.ciidiroaxaca.ipn.mx\/cescamirosa\/wp-json\/wp\/v2\/pages\/12\/revisions\/90"}],"wp:attachment":[{"href":"https:\/\/web.ciidiroaxaca.ipn.mx\/cescamirosa\/wp-json\/wp\/v2\/media?parent=12"}],"curies":[{"name":"wp","href":"https:\/\/api.w.org\/{rel}","templated":true}]}}