{"id":6,"date":"2023-05-18T19:26:33","date_gmt":"2023-05-18T19:26:33","guid":{"rendered":"https:\/\/web.ciidiroaxaca.ipn.mx\/bzaraten\/publicaciones\/"},"modified":"2025-10-13T16:03:42","modified_gmt":"2025-10-13T16:03:42","slug":"publicaciones","status":"publish","type":"page","link":"https:\/\/web.ciidiroaxaca.ipn.mx\/bzaraten\/publicaciones\/","title":{"rendered":"Publicaciones"},"content":{"rendered":"\n<ul class=\"wp-block-list\">\n<li><strong>2025<\/strong><br><strong>CROMATOGRAF\u00cdA DE PFEIFFER: UNA HERRAMIENTA OBJETIVA PARA EL AN\u00c1LISIS BIOL\u00d3GICO DE SUELOS EN AGROECOSISTEMAS<\/strong><br>Authors: Dionicio-y de Jes\u00fas, Israel, Quiroz-Gonz\u00e1lez, Beatriz, Pinheiro, Sebastiao,\u00a0<strong>Z\u00e1rate-Nicol\u00e1s, Baldomero H.<\/strong>, et al.<br>4TO CONGRESO INTERAMERICANO DE AGUA, SUELO Y AGROBIODIVERSIDAD | 11-13 AGOSTO 2025<br><strong>CALIDAD BIOL\u00d3GICA DEL SUELO ASOCIADO AL TUNILLO (Stenocereus Stellatus) EN TRES MICRORREGIONES DE OAXACA<\/strong><br>Authors: Quiroz-Gonz\u00e1lez, Beatriz, Dionicio-y de Jes\u00fas, Israel, Navarro-Antonio, Jos\u00e9, et al.<br>4TO CONGRESO INTERAMERICANO DE AGUA, SUELO Y AGROBIODIVERSIDAD | 11-13 AGOSTO 2025<br><br><strong>2024<\/strong><br><strong>Endemic Yucatan Peninsula Plants with Pesticidal Potential in Campeche, Mexico: Herbarium-Based Literature Review<\/strong><br>Authors: Alonso-Hern\u00e1ndez, Nancy; Granados-Echegoyen, Carlos;\u00a0<strong>Z\u00e1rate-Nicol\u00e1s, Baldomero H.<\/strong>; et al.<br>PLANTS | ACEPTADO 19 DIC. 2024<br><strong>Report on the Influence of Homeopathic\/Nosode Foliar Applications on Phaseolus vulgaris<\/strong><br>Authors: Quiroz-Gonzalez, Beatrix, Martinez-Tomas, Sabino Honorio, Lagunez-Rivera, Luicia, et al.<br>JOURNAL | 24 SEP. 2024<br><strong>Condici\u00f3n ed\u00e1fica y conservaci\u00f3n de \u00e1rboles longevos: el caso del \u00c1rbol del Tule<\/strong><br>Authors: Quiroz-Gonz\u00e1lez, Beatriz, Dionicio-y de Jes\u00fas, Israel, Granados-Echegoyen, Carlos, et al.<br>CIENC. AGRON. APL. BIOTECNOL. 2024, 4:292-301<br><strong>Prevalence of Four Nematode Species in Adult Mosquitoes<\/strong><br>Authors: Perez-Pacheco, Rafael; Platzer, Edward G.; Granados-Echegoyen, Carlos; et al.<br>JOURNAL | 2024<br><strong>Effect of Essential Oil of Tridax coronopifolia on Sitophilus zeamais<\/strong><br>Authors: G\u00f3mez-Sosa, Lilibeth, P\u00e9rez-Pacheco, Rafael, Quiroz-Gonz\u00e1lez, Beatriz,\u00a0<strong>Z\u00e1rate-Nicol\u00e1s, Baldomero Hortencio<\/strong>, et al.<br>SOUTHWESTERN ENTOMOLOGIST MAR. 2024<br><strong>Ciencias Agron\u00f3micas Aplicadas y Biotecnolog\u00eda A\u00f1o 4, Vol. 4<\/strong><br>Editors: Granados-Echegoyen, Carlos,\u00a0<strong>Z\u00e1rate-Nicol\u00e1s, Baldomero H.<\/strong><br>REVISTA CIENCIAS AGRON\u00d3MICAS APLICADAS Y BIOTECNOLOG\u00cdA | 2024<br><br><strong>2023<\/strong><br><strong>Phenolic compound content in \u00abBiloxi\u00bb blueberry grown in Sierra Norte de Oaxaca<\/strong><br>Authors: Arrellanes-Ju\u00e1rez, N., Benito-Bautista, P.,\u00a0<strong>Z\u00e1rate-Nicol\u00e1s, B.H.<\/strong><br>ACTA HORTIC. 1357 | 2023<br><strong>New Records of Scarab Beetles from the State of Campeche, Mexico<\/strong><br>Authors: Guzm\u00e1n-V\u00e1squez, H\u00e9ctor Miguel, Granados-Echegoyen, Carlos Alejandro, et al.<br>SOUTHWESTERN ENTOMOLOGIST MAR. 2023<br><br><strong>2019<\/strong><br><strong>Evaluation of Ecocompatible Substrates in Blueberry Cultivation<\/strong><br>Author:\u00a0<strong>Z\u00e1rate-Nicol\u00e1s, Baldomero<\/strong><br>UNIVERSIDAD&amp;CIENCIA | 2019<br><strong>Efficiency of Essential Oil of Porophyllum linaria Against Sitophilus zeamais<\/strong><br>Authors: Hern\u00e1ndez-Cruz, Juli\u00e1n, Luna-Cruz, Alfonso, Loera-Alvarado, Esperanza, et al.<br>JOURNAL OF INSECT SCIENCE 2019<br><br><strong>2017<\/strong><br><strong>Manejo Agron\u00f3mico del Cultivo de Ar\u00e1ndano en Sierra Norte de Oaxaca<\/strong><br>Authors:\u00a0<strong>Z\u00e1rate, N. B.<\/strong>, Alavez, A. Y., &amp; Dom\u00ednguez, V. M.<br>UNIVERSIDAD&amp;CIENCIA | 2017<br><strong>Densidades de Plantaci\u00f3n y Manejo Integral del Cultivo del Ar\u00e1ndano<\/strong><br>Authors:\u00a0<strong>Z\u00e1rate, N. B.<\/strong>, Trejo, Y. D. V., &amp; Guti\u00e9rrez, M. G. A.<br>UNIVERSIDAD&amp;CIENCIA | 2017<br><strong>Caracterizaci\u00f3n Del Riego Sustentable De Un Cultivo De Ar\u00e1ndano<\/strong><br>Authors:\u00a0<strong>Z\u00e1rate, N. B.<\/strong>, Santiago, C. I. C., &amp; Guti\u00e9rrez, M. G. A.<br>UNIVERSIDAD&amp;CIENCIA | 2017<br><strong>La Agricultura Protegida para cultivo de Ar\u00e1ndano en Oaxaca<\/strong><br>Authors: Guti\u00e9rrez, M. G. A.,\u00a0<strong>Z\u00e1rate, N. B.<\/strong>, &amp; Dom\u00ednguez, V. M.<br>UNIVERSIDAD&amp;CIENCIA | 2017<br><br><strong>2016<\/strong><br><strong>Solar dehydration of blueberries<\/strong><br>Authors: Arellanes, N., Benito, P., P\u00e9rez, M. E.,\u00a0<strong>Z\u00e1rate, B. H.<\/strong>, &amp; Alonso, M. G.<br>XI INTERNATIONAL VACCINIUM SYMPOSIUM | 2016<br><strong>Physical and chemical characterization of pine bark for blueberry production<\/strong><br>Authors:\u00a0<strong>Z\u00e1rate, B. H.<\/strong>, Alonso, M. G., Morales, V. J., et al.<br>XI INTERNATIONAL VACCINIUM SYMPOSIUM | 2016<br><br><strong>2014<\/strong><br><strong>Evaluaci\u00f3n de mezclas de sustratos eco-compatibles para cultivo de tomate<\/strong><br>Authors:\u00a0<strong>Z\u00e1rate Nicol\u00e1s B.H.<\/strong>, Alonso Guti\u00e9rrez M.G. y Escamirosa Tinoco C.<br>REEDIES | 2014<br><strong>Sustratos org\u00e1nicos alternativos en producci\u00f3n de lilium oriental<\/strong><br>Authors:\u00a0<strong>Z\u00e1rate Baldomero<\/strong>, Guzm\u00e1n Dora y Poblano Amado<br>REEDIES | 2014<br><strong>Producci\u00f3n de Lilium empleando sustratos sostenibles alternativos<\/strong><br>Authors:\u00a0<strong>Z\u00e1rate Baldomero<\/strong>, Poblano Amado y Guzm\u00e1n Dora<br>REEDIES | 2014<br><strong>Valoraci\u00f3n f\u00edsica de sustratos de corteza de pino<\/strong><br>Authors:\u00a0<strong>Z\u00e1rate Nicol\u00e1s B.H.<\/strong>, Ortiz Hern\u00e1ndez F. E. y Masaguer Rodr\u00edguez A.<br>REEDIES | 2014<br><strong>Dise\u00f1o de sustratos de bagazo de maguey<\/strong><br>Authors:\u00a0<strong>Z\u00e1rate Nicol\u00e1s B.H.<\/strong>, Morales Dom\u00ednguez V.J. y Ortiz Guzm\u00e1n M.<br>REEDIES | 2014<br><br><strong>2012<\/strong><br><strong>Composting and characterization of organic substrates for tomato production<\/strong><br>Authors: Massaguer,\u00a0<strong>B-H Zarate<\/strong>, Magadan y Ortiz<br>ACTA HORTICULTURAE | 2012<br><strong>Influence of material on physical characterization of growing media<\/strong><br>Authors: Massaguer,\u00a0<strong>B.H. Zarate<\/strong>, Vidueira<br>ACTA HORTICULTURAE | 2012<br><br><strong>2011<\/strong><br><strong>Physical characterization of growing media using standard methods<\/strong><br>Authors: Masaguer, A., Vidueira, P., Moliner, A., &amp;\u00a0<strong>Z\u00e1rate, B. H.<\/strong><br>INTERNATIONAL SYMPOSIUM ON GROWING MEDIA | 2011<\/li>\n<\/ul>\n","protected":false},"excerpt":{"rendered":"","protected":false},"author":61,"featured_media":0,"parent":0,"menu_order":0,"comment_status":"closed","ping_status":"closed","template":"","meta":{"_swt_meta_header_display":false,"_swt_meta_footer_display":false,"_swt_meta_site_title_display":false,"_swt_meta_sticky_header":false,"_swt_meta_transparent_header":false,"footnotes":""},"class_list":["post-6","page","type-page","status-publish","hentry"],"_links":{"self":[{"href":"https:\/\/web.ciidiroaxaca.ipn.mx\/bzaraten\/wp-json\/wp\/v2\/pages\/6","targetHints":{"allow":["GET"]}}],"collection":[{"href":"https:\/\/web.ciidiroaxaca.ipn.mx\/bzaraten\/wp-json\/wp\/v2\/pages"}],"about":[{"href":"https:\/\/web.ciidiroaxaca.ipn.mx\/bzaraten\/wp-json\/wp\/v2\/types\/page"}],"author":[{"embeddable":true,"href":"https:\/\/web.ciidiroaxaca.ipn.mx\/bzaraten\/wp-json\/wp\/v2\/users\/61"}],"replies":[{"embeddable":true,"href":"https:\/\/web.ciidiroaxaca.ipn.mx\/bzaraten\/wp-json\/wp\/v2\/comments?post=6"}],"version-history":[{"count":3,"href":"https:\/\/web.ciidiroaxaca.ipn.mx\/bzaraten\/wp-json\/wp\/v2\/pages\/6\/revisions"}],"predecessor-version":[{"id":56,"href":"https:\/\/web.ciidiroaxaca.ipn.mx\/bzaraten\/wp-json\/wp\/v2\/pages\/6\/revisions\/56"}],"wp:attachment":[{"href":"https:\/\/web.ciidiroaxaca.ipn.mx\/bzaraten\/wp-json\/wp\/v2\/media?parent=6"}],"curies":[{"name":"wp","href":"https:\/\/api.w.org\/{rel}","templated":true}]}}