{"id":5,"date":"2011-11-03T16:10:36","date_gmt":"2011-11-03T16:10:36","guid":{"rendered":"https:\/\/web.ciidiroaxaca.ipn.mx\/avasquez\/dr-alfonso-vasquez-lopez\/"},"modified":"2025-10-21T17:55:26","modified_gmt":"2025-10-21T23:55:26","slug":"dr-alfonso-vasquez-lopez","status":"publish","type":"page","link":"https:\/\/web.ciidiroaxaca.ipn.mx\/avasquez\/","title":{"rendered":"Dr. Alfonso V\u00e1squez L\u00f3pez"},"content":{"rendered":"\n<h3 class=\"wp-block-heading alignwide has-text-align-center\">Instituto Polit\u00e9cnico Nacional<\/h3>\n\n\n\n<figure class=\"wp-block-image aligncenter is-resized\"><img decoding=\"async\" src=\"https:\/\/web.ciidiroaxaca.ipn.mx\/avasquez\/wp-content\/uploads\/sites\/59\/2011\/11\/FOTO-AVL.JPG\" alt=\"\" style=\"width:273px;height:auto\" \/><\/figure>\n\n\n\n<h3 class=\"wp-block-heading has-text-align-center\">Doctorado en Ciencias en Fitopatolog\u00eda<\/h3>\n\n\n\n<div class=\"wp-block-group has-global-padding is-layout-constrained wp-block-group-is-layout-constrained\">\n<p class=\"has-text-align-center\">Por el Colegio de Postgraduados, Campus Montecillo.<\/p>\n<\/div>\n\n\n\n<p class=\"has-text-align-center\"><\/p>\n\n\n\n<h4 class=\"wp-block-heading has-text-align-center\">Sistema Nacional de Investigadores Nivel&nbsp;1<\/h4>\n\n\n\n<p class=\"has-text-align-center\">Profesor titular del curso de Fitopatolog\u00eda<\/p>\n\n\n\n<p><strong>L\u00edneas de investigaci\u00f3n:<\/strong><\/p>\n\n\n\n<ul class=\"wp-block-list\">\n<li>Etiolog\u00eda, histopatolog\u00eda y manejo de enfermedades de plantas&nbsp;inducidas por hongos, bacterias y nematodos.&nbsp;<\/li>\n\n\n\n<li>Actividad&nbsp;antimicrobiana de extractos vegetales sobre el crecimiento y desarrollo de fitopat\u00f3genos.<\/li>\n<\/ul>\n\n\n\n<p class=\"has-text-align-center\">Correo electr\u00f3nico:&nbsp; avasquez@ipn.mx&nbsp; &nbsp; &nbsp; Tel: 01 951 51 7 06 10 Ext: 82779<\/p>\n","protected":false},"excerpt":{"rendered":"<p>Instituto Polit\u00e9cnico Nacional Doctorado en Ciencias en Fitopatolog\u00eda Por el Colegio de Postgraduados, Campus Montecillo. Sistema Nacional de Investigadores Nivel&nbsp;1 Profesor titular del curso de Fitopatolog\u00eda L\u00edneas de investigaci\u00f3n: Correo electr\u00f3nico:&nbsp; avasquez@ipn.mx&nbsp; &nbsp; &nbsp; Tel: 01 951 51 7 06 10 Ext: 82779<\/p>\n","protected":false},"author":59,"featured_media":0,"parent":0,"menu_order":0,"comment_status":"closed","ping_status":"closed","template":"","meta":{"_swt_meta_header_display":false,"_swt_meta_footer_display":false,"_swt_meta_site_title_display":false,"_swt_meta_sticky_header":false,"_swt_meta_transparent_header":false,"footnotes":""},"class_list":["post-5","page","type-page","status-publish","hentry"],"_links":{"self":[{"href":"https:\/\/web.ciidiroaxaca.ipn.mx\/avasquez\/wp-json\/wp\/v2\/pages\/5","targetHints":{"allow":["GET"]}}],"collection":[{"href":"https:\/\/web.ciidiroaxaca.ipn.mx\/avasquez\/wp-json\/wp\/v2\/pages"}],"about":[{"href":"https:\/\/web.ciidiroaxaca.ipn.mx\/avasquez\/wp-json\/wp\/v2\/types\/page"}],"author":[{"embeddable":true,"href":"https:\/\/web.ciidiroaxaca.ipn.mx\/avasquez\/wp-json\/wp\/v2\/users\/59"}],"replies":[{"embeddable":true,"href":"https:\/\/web.ciidiroaxaca.ipn.mx\/avasquez\/wp-json\/wp\/v2\/comments?post=5"}],"version-history":[{"count":12,"href":"https:\/\/web.ciidiroaxaca.ipn.mx\/avasquez\/wp-json\/wp\/v2\/pages\/5\/revisions"}],"predecessor-version":[{"id":117,"href":"https:\/\/web.ciidiroaxaca.ipn.mx\/avasquez\/wp-json\/wp\/v2\/pages\/5\/revisions\/117"}],"wp:attachment":[{"href":"https:\/\/web.ciidiroaxaca.ipn.mx\/avasquez\/wp-json\/wp\/v2\/media?parent=5"}],"curies":[{"name":"wp","href":"https:\/\/api.w.org\/{rel}","templated":true}]}}