{"id":6,"date":"2011-11-03T21:36:14","date_gmt":"2011-11-03T21:36:14","guid":{"rendered":"https:\/\/web.ciidiroaxaca.ipn.mx\/asolanog\/publicaciones\/"},"modified":"2025-10-08T21:01:58","modified_gmt":"2025-10-08T21:01:58","slug":"publicaciones","status":"publish","type":"page","link":"https:\/\/web.ciidiroaxaca.ipn.mx\/asolanog\/publicaciones\/","title":{"rendered":"Publicaciones"},"content":{"rendered":"\n<h2 class=\"wp-block-heading\">Art\u00edculos cient\u00edficos publicados en los \u00faltimo tres a\u00f1os\/Scientific articles published in the last three years<\/h2>\n\n\n\n<p>Versiones disponibles en formato pdf solicit\u00e1ndolas al autor \/ pdf versions are available upon request to the author<\/p>\n\n\n\n<h4 class=\"wp-block-heading\">2024<\/h4>\n\n\n\n<ol class=\"wp-block-list\">\n<li>Hern\u00e1ndez-Alvarez G, R Solano, JP Su\u00e1rez, D Mondrag\u00f3n, C. Robles. The effect of the phorophyte on the reproductive cycle of two species of epiphytic orchids. Ecosistemas y Recursos Agropecuarios (aceptado para publicaci\u00f3n).<\/li>\n\n\n\n<li>L\u00f3pez-P\u00e9rez A, Lagunez-Rivera L, Solano R, Garc\u00eda-S\u00e1nchez E, Barrag\u00e1n-Z\u00e1rate GS, Fern\u00e1ndez-Rojas B, Majluf-Cruz A, Hern\u00e1ndez-Ju\u00e1rez J. 2025,<strong>\u00a0<\/strong>The hydroethanolic extract of leaves of Laelia furfuracea inhibits blood coagulation and platelet aggregation. (2025).\u00a0<em>Botanical Sciences<\/em>\u00a0<em>103<\/em>(3):\u00a0<a href=\"https:\/\/doi.org\/10.17129\/botsci.3645\">https:\/\/doi.org\/10.17129\/botsci.3645<\/a><\/li>\n\n\n\n<li>Mart\u00ednez-Hern\u00e1ndez J, Angl\u00e9s-Hern\u00e1ndez M, Ortega-Argueta A,\u00a0<strong>Solano\u00a0<\/strong>R. 2025. El papel de la legislaci\u00f3n ambiental en el manejo sostenible de las orqu\u00eddeas silvestres de M\u00e9xico.\u00a0<em>Botanical Sciences<\/em>\u00a0103(3):<a href=\"https:\/\/doi.org\/10.17129\/botsci.3626\">https:\/\/doi.org\/10.17129\/botsci.3626<\/a><\/li>\n\n\n\n<li>Edqu\u00e9n JD, Yrigo\u00edn E, Enco M, Edquen K, Vel\u00e1squez R, Casanova R, Aguirre ML, Vel\u00e1squez L, Arista JP, Licona E, Oliva-Cruz M, Zambrano BJ, Salazar GA,\u00a0<strong>Solano R<\/strong>. 2025.\u00a0New records and nomenclatural notes in the\u00a0<em>Specklinia grobyi<\/em>complex (Orchidaceae, Pleurothallidinae) from Peru, including the description of a new species from the western Amazon.\u00a0<em>Pythotaxa<\/em>\u00a0704(3): 213-231.\u00a0<a href=\"https:\/\/doi.org\/10.11646\/phytotaxa.704.3.1\">https:\/\/doi.org\/10.11646\/phytotaxa.704.3.1<\/a><\/li>\n\n\n\n<li>Barrag\u00e1n-Zarate GS, P\u00e9rez-L\u00f3pez BA, Cu\u00e9llar-Mart\u00ednez M,\u00a0<strong>Solano R<\/strong>\u00a02025. Lagunez-Rivera, L Chemical variation of leaves and pseudobulbs in\u00a0<em>Prosthechea karwinski<\/em>\u00a0(Orchidaceae) in Oaxaca, Mexico\u00a0<em>Plants<\/em>\u00a014, 608. DOI:\u00a0<a href=\"https:\/\/doi.org\/10.3390\/plants14040608\">https:\/\/doi.org\/10.3390\/plants14040608<\/a><\/li>\n\n\n\n<li>L\u00f3pez-P\u00e9rez A, Lagunez-Rivera L,\u00a0<strong>Solano R<\/strong>, Ch\u00e1vez-Pi\u00f1a AE, Barrag\u00e1n-Zarate GS, Jim\u00e9nez-Estrada M. 2025. Phytochemical compounds from Laelia furfuracea and their antioxidant and anti-inflammatory activities.\u00a0<em>Plants<\/em>\u00a014. 588. DOI:\u00a0<a href=\"https:\/\/doi.org\/10.3390\/plants14040588\">https:\/\/doi.org\/10.3390\/plants14040588<\/a><\/li>\n\n\n\n<li>Solano R, Licona E, Carral R, T\u00e9llez B. Two new species, nomenclatural notes and an updated checklist in Lepanthes (Orchidaceae, Pleurothallidinae) from Mexico. Phytotaxa 687: 21-64. DOI:\u00a0<a href=\"https:\/\/doi.org\/10.11646\/phytotaxa.687.1.4\">https:\/\/doi.org\/10.11646\/phytotaxa.687.1.4<\/a>.<\/li>\n\n\n\n<li>Fern\u00e1ndez-Rojas, B, L\u00f3pez-P\u00e9rez A, Lagunez-Rivera L, Solano R, Bernal-Mart\u00ednez. AK, Majluf-Cruz A, Hern\u00e1ndez-Ju\u00e1rez J. 2024. Antiplatelet, anticoagulant and fibrinolytic activity of orchids: A review. Molecules 2024, 29, 5706. <a href=\"https:\/\/doi.org\/10.3390\/molecules29235706\" target=\"_blank\" rel=\"noreferrer noopener\">https:\/\/doi.org\/10.3390\/molecules29235706<\/a> (eISSN: 1420-3049; JIF 2023: 4.2; Q2 JCR-Clarivate).<\/li>\n\n\n\n<li>Barragan-Zarate GS, Lagunez-Rivera L, Solano R, Hern\u00e1ndez-Ju\u00e1rez J, L\u00f3pez-P\u00e9rez A, Carranza-Alvarez C. 2024. Prosthechea karwinskii leaves extract with potential for the treatment of atherothrombosis. Biotecnia 26: e2378. Doi: <a href=\"https:\/\/doi.org\/10.18633\/biotecnia.v26.2378\" target=\"_blank\" rel=\"noreferrer noopener\">https:\/\/doi.org\/10.18633\/biotecnia.v26.2378<\/a>.<\/li>\n\n\n\n<li>Garc\u00eda-L\u00f3pez E.U., Ruiz-Santiago M., Lagunez-Rivera L., Solano R. 2024. Utilidad de los portales en l\u00ednea de ciencia ciudadana para estudiois flor\u00edsticos: Orqu\u00eddeas de Santa Mar\u00eda Yucuhiti, Oaxaca, M\u00e9xico. Botanical Sciences 103 Doi: <a href=\"https:\/\/doi.org\/10.17129\/botsci.3578\" target=\"_blank\" rel=\"noreferrer noopener\">https:\/\/doi.org\/10.17129\/botsci.3578<\/a>.<\/li>\n\n\n\n<li>Barrag\u00e1n-Z\u00e1rate GS, Lagunez-Rivera L, Alexander-Aguilera A, Solano R, Vilaren G. 2024. Extraction, characterization, and nutraceutical potential of Prosthechea karwinskii on insulin resistance and oxidative stress in Wistar rats. Foods 3: 2432. DOI: <a href=\"https:\/\/doi.org\/10.3390\/foods13152432\" target=\"_blank\" rel=\"noreferrer noopener\">https:\/\/doi.org\/10.3390\/foods13152432<\/a>.<\/li>\n\n\n\n<li>Santos-Escamilla MH, Cruz-Lustre G, Cu\u00e9llar-Mart\u00ednez M, Lagunez-Rivera L, Solano R. 2024. Variation in the Floral Morphology of Prosthechea karwinskii (Orchidaceae), a Mexican Endemic Orchid at Risk. Plants 13: 1984. DOI: <a href=\"https:\/\/doi.org\/10.3390\/plants13141984\" target=\"_blank\" rel=\"noreferrer noopener\">https:\/\/doi.org\/10.3390\/plants13141984<\/a>.<\/li>\n\n\n\n<li>Castillo-P\u00e9rez LJ, Ponce-Hern\u00e1ndez A, Alonso-Castro AJ, Solano R, Fortanelli-Mart\u00ednez J, Lagunez-Rivera L, Carranza-\u00c1lvarez C. 2024. Medicinal orchids of Mexico: A review. Pharmaceuticals 17: 907. Doi: <a href=\"https:\/\/doi.org\/10.3390\/ph17070907\" target=\"_blank\" rel=\"noreferrer noopener\">https:\/\/doi.org\/10.3390\/ph17070907<\/a>.<\/li>\n\n\n\n<li>P\u00e9rez-Escobar, OA, Bogar\u00edn D, Przelomska NAS, Ackerman JD, Balbuena JA, Bellot S, B\u00fchlmann RP, Cabrera B, Aguilar-Cano J, Charitonidou M, Chomicki G, Clements MA, Cribb P, Fern\u00e1ndez M, Flanagan NS, Gravendeel B, H\u00e1gsater E, Halley JM, Hu AQ, Jaramillo C, Mauad AV, Maurin O, M\u00fcntz R, Leitch IJ, Li L, Negr\u00e3o R, Oses L, Phillips C, Rincon M, Salazar GA, Simpson L, Smidt E, Solano R, Parra-S\u00e1nchez E, Tremblay RL, van den Berg C, Villanueva-Tamayo BS, Zuluaga A, Zuntini AR, Chase MW, Fay MF, Condamine FL, Forest F, Nargar K, Renner SS, Baker WJ, Antonelli A. 2024. The origin and speciation of orchids. New Phytologist Feb 21, 2024. Doi: <a href=\"https:\/\/doi.org\/10.1111\/nph.19580\" target=\"_blank\" rel=\"noreferrer noopener\">https:\/\/doi.org\/10.1111\/nph.19580<\/a>.<\/li>\n\n\n\n<li>Solano R, Licona E. 2023. The genus Anathallis (Pleurothallidiane) in Mexico. Lankesteriana 23(3): 633-676. <a href=\"http:\/\/dx.doi.org\/10.15517\/lank.v23i3.56884\" target=\"_blank\" rel=\"noreferrer noopener\">http:\/\/dx.doi.org\/10.15517\/lank.v23i3.56884<\/a>.<\/li>\n\n\n\n<li>Baltazar-Leal S, Herrera-Monsivais MC, Solano R. 2023. Diversidad de Orchidaceae en un \u00e1rea de la Sierra Madre Oriental en Tamaulipas, M\u00e9xico. Acta Botanica Mexicana 130:e2123301. Doi: <a href=\"https:\/\/doi.org\/10.21829\/abm130.2023.2231\">https:\/\/doi.org\/10.21829\/abm130.2023.2231<\/a>.<\/li>\n\n\n\n<li>Solano R, Karremans A.P. 2023. A review of Acianthera subgenus Brenesia (Orchidaceae, Pleurothallidinae), with a new species from Mexico. Acta Botanica Mexicana 130: e2225 DOI: <a href=\"https:\/\/doi.org\/10.21829\/abm130.2023.2225\" target=\"_blank\" rel=\"noreferrer noopener\">https:\/\/doi.org\/10.21829\/abm130.2023.2225<\/a>.<\/li>\n\n\n\n<li>Solano R, Salazar-Chavez G. 2023. Stelis breviloba (Orchidaceae, Pleurothallidinae), a new species from Mexico. Botanical Sciences 101(4): 1239-1248 DOI: <a href=\"https:\/\/doi.org\/10.17129\/botsci.3307\" target=\"_blank\" rel=\"noreferrer noopener\">https:\/\/doi.org\/10.17129\/botsci.3307<\/a>.<\/li>\n\n\n\n<li>Jost L, Yanez-Mu\u00f1oz MH, Brito J, Reyes-Puig C, Reyes-Puig JP, Guayasam\u00edn JM, Ron SR, Quintana C, Iturralde G, Baquero L, Monteros M, Freire-Fierro A, Fern\u00e1ndez D, Mendieta-Leiva G, Morales JF, Karremans AP, V\u00e1zquez-Garc\u00eda JA, Salazar GA, H\u00e1gsater E, Solano R, Carnevali Fern\u00e1ndez-Concha G, Arana M. 2023. Eponyms are important tools for biologists in the Global South. Nature Ecology &amp; Evolution 7: 1164-1165. DOI: <a href=\"https:\/\/doi.org\/10.1038\/s41559-023-02102-z\" target=\"_blank\" rel=\"noreferrer noopener\">https:\/\/doi.org\/10.1038\/s41559-023-02102-z<\/a>.<\/li>\n\n\n\n<li>Antonio-Guti\u00e9rrez O, Alv\u00edzar-Mart\u00ednez JA, Solano R, V\u00e1squez-L\u00f3pez A, Hern\u00e1ndez-Valladolid SL, Lustre-S\u00e1nchez H, Flores-Moctezuma HE, de Luna-Santillana EJ, Lagunez-Rivera L. 2023. Microwave-assisted extraction of essential oils from Plectranthus amboinicus and evaluation of its antifungal effect and chemical composition. Life 13: DOI: <a href=\"https:\/\/doi.org\/10.3390\/life13020528\">https:\/\/doi.org\/10.339<\/a><a href=\"https:\/\/doi.org\/10.3390\/xxxx\" target=\"_blank\" rel=\"noreferrer noopener\">0\/life13020528<\/a>.<\/li>\n\n\n\n<li>\u00a0Espejo-Cruz AC, Espejo-Mart\u00ednez A, Ch\u00e1vez-\u00c1ngeles MG, Lagunez-Rivera L, Solano R. 2023. Deficiencies in compliance with environmental regulation for orchid trade via social networks in Mexico. Botanical Sciences100(2): 400-416. DOI: <a href=\"https:\/\/doi.org\/10.17129\/botsci.3159\" target=\"_blank\" rel=\"noreferrer noopener\">https:\/\/doi.org\/10.17129\/botsci.3159<\/a>.<\/li>\n\n\n\n<li>Garc\u00eda-S\u00e1nchez E , Solano R , Maciel-Amador O, Lagunez-Rivera L. 2023. Composition of essential oil from the bark and leaves of two morphotypes of Salmea scandens (Asteraceae), a medicinal plant in Oaxaca, Mexico. Natural Product Research. DOI <a href=\"https:\/\/doi.org\/10.1080\/14786419.2023.2214944\" target=\"_blank\" rel=\"noreferrer noopener\">https:\/\/doi.org\/10.1080\/14786419.2023.2214944<\/a>.<\/li>\n\n\n\n<li>Antonio-Guti\u00e9rrez O, Pacheco-Reyes I, Lagunez-Rivera L, Solano R, Ca\u00f1izares-Macias MP, Vilarem G. 2023. Effect of Microwave and Ultrasound during the Killing Stage of the Curing Process of Vanilla (Vanilla planifolia, Andrews) Pods. Foods 12: 469. DOI: <a href=\"https:\/\/doi.org\/10.3390\/life13020528\" target=\"_blank\" rel=\"noreferrer noopener\">https:\/\/doi.org\/10.3390\/life13020528<\/a>.<\/li>\n<\/ol>\n\n\n\n<h2 class=\"wp-block-heading\">LIBROS Y CAPITULOS DE LIBROS \/ BOOKS AND BOOK CHAPTERS<\/h2>\n\n\n\n<ol class=\"wp-block-list\">\n<li>Antonelli*, A., Fry*, C., Smith*, R.J., Eden*, J., Govaerts*, R.H.A., Kersey*, P., Nic Lughadha*, E., Onstein*, R.E., Simmonds*, M.S.J., Zizka*, A., Ackerman, J.D., Adams, V.M., Ainsworth, A.M., Albouy, C., Allen, A.P., Allen, S.P., Allio, R., Auld. T.D., Bachman, S.P., Baker, W.J., Barrett, R.L., Beaulieu, J.M., Bellot, S., Black, N., Boehnisch, G., Bogar\u00edn, D., Boyko, J.D., Brown, M.J.M., Budden, A., Bure\u0161, P., Butt, N., Cabral, A., Cai, L., Cano, J.A., Chang, Y., Charitonidou, M., Chau, J.H., Cheek, M., Chomicki, G., Coiro, M., Colli-Silva, M., Condamine, F.L., Crayn, D.M., Cribb, P., Cuervo-Robayo, A.P., Dahlberg, A., Deklerck, V., Denelle, P., Dhanjal-Adams, K.L., Druzhinina, I., Eiserhardt, W.L., Elliott, T.L., Enquist, B.J., Escudero, M., Espinosa-Ruiz, S., Fay, M.F., Fern\u00e1ndez, M., Flanagan, N.S., Forest, F., Fowler, R.M., Freiberg, M., Gallagher, R.V., Gaya, E., Gehrke, B., Gelwick, K., Grace, O.M., Granados Mendoza, C., Greni\u00e9, M., Groom, Q.J., Hackel, J., Hagen, E.R., H\u00e1gsater, E., Halley, J.M., Hu, A.-Q., Jaramillo, C., Kattge, J., Keith, D.A., Kirk, P., Kissling, W.D., Knapp, S., Kreft, H., Kuhnh\u00e4user, B.G., Larridon, I., Le\u00e3o, T.C.C., Leitch, I.J., Liimatainen, K., Lim, J.Y., Lucas, E., L\u00fccking, R., Luj\u00e1n, M., Luo, A., Magall\u00f3n, S., Maitner, B., M\u00e1rquez-Corro, J.I., Mart\u00edn-Bravo, S., Martins-Cunha, K., Mashau, A.C., Mauad, A.V., Maurin, O., Medina, Lemos, R., Merow, C., Michelangeli, F.A., Mifsud, J.C.O., Mikryukov, V., Moat, J., Monro, A.K., Muasya, A.M., Mueller, G.M., Muellner-Riehl, A.N., Nargar, K., Negr\u00e3o, R., Nicolson, N., Niskanen, T., Oliveira Andrino, C., Olmstead, R.G., Ondo, I., Oses, L., Parra-S\u00e1nchez, E., Paton, A.J., Pellicer, J., Pellissier, L., Pennington, T.D., P\u00e9rez-Escobar, O.A., Phillips, C., Pironon, S., Possingham, H., Prance, G., Przelomska, N.A.S., Ram\u00edrez-Barahona, S.A., Renner, S.S., Rincon, M., Rivers, M.C., Rojas Andr\u00e9s, B.M., Romero-Soler, K.J., Roque, N., Rzedowski, J., Sanmart\u00edn, I., Santamar\u00eda-Aguilar, D., Schellenberger Costa, D., Serpell, E., Seyfullah, L.J., Shah, T., Shen, X., Silvestro, D., Simpson, D.A., \u0160marda, P., \u0160merda, J., Smidt, E., Smith, S.A., Solano, R., Sothers, C., Soto Gomez, M., Spalink, D., Sperotto, P., Sun, M., Suz, L.M., Svenning, J.-C., Taylor, A., Tedersoo, L., Tietje, M., Trekels, M., Tremblay, R.L., Turner, R., Vasconcelos, T., Vesel\u00fd, P., Villanueva, B.S., Villaverde, T., Vorontsova, M.S., Walker, B.E., Wang, Z., Watson, M., Weigelt, P., Wenk, E.H., Westrip, J.R.S., Wilkinson, T., Willett, S.D., Wilson, K.L., Winter, M., Wirth, C., W\u00f6lke, F.J.R., Wright, I.J., Zedek, F., Zhigila, D.A., Zimmermann, N.E., Zuluaga, A., Zuntini, A.R. (2023). State of the World\u2019s Plants and Fungi 2023. Royal Botanic Gardens, Kew. DOI: https:\/\/doi.org\/10.34885\/wnwn-6s63<\/li>\n\n\n\n<li>Solano R. 2023. Miguel \u00c1ngel Soto Arenas y las orqu\u00eddeas miniaturas (Pleurothallidiane) de M\u00e9xico. En EA P\u00e9rez-Garc\u00eda (coord.): Las Orqu\u00eddeas. Una mirada a la obra del bot\u00e1nico coahuilense Miguel Angel Soto Arenas. Asociaci\u00f3n Mexicana de Orquideolog\u00eda A.C. y Universidad Aut\u00f3noma de Coahuila, Saltillo, Mexico. pp. 116-139<\/li>\n\n\n\n<li>Lagunez-Rivera L, Barragan-Zarate GS, Solano R, Alexander-Aguilera A, Chavez-Pi\u00f1a AE. 2023. Mexican Orchid (Prosthechea karwinskii) and Use in Cardiovascular Protection Cellular and Physiological Aspects. En V Patel, V Preedy, R Rajendram (eds.): Ancient and Traditional Foods, Plants, Herbs and Spices. Taylor &amp; Francis: Boca Raton. ISBN: 9781003243472<\/li>\n\n\n\n<li>Solano R, 2021. P\u00e9rdida de diversidad y amenazas para orqu\u00eddeas en riesgo de Veracruz. En J Viccon-Esquivel, M Casta\u00f1eda-Z\u00e1rate, R Castro-Cort\u00e9s &amp; W Cetzal-Ix. (coors.): Las Orqu\u00eddeas de Veracruz. Universidad Veracruzana. M\u00e9xico (ISBN: 9786075029030).<\/li>\n\n\n\n<li>Solano, R., Salazar, G. A., Huerta, H., H\u00e1gsater, E., y Jim\u00e9nez, R. 2019. Diversity of Mexican orchids: synopsis of richness and distribution patterns. In&nbsp;Proceedings of the 22ndWorld Orchid Conference(ed. A. M. Pridgeon and A. R. Arosemena), vol. 1, pp. 255-270. Asociacion Ecuatoriana de Orquideologia, Guayaquil, Ecuador.<\/li>\n\n\n\n<li>Solano R, R Balam-Narv\u00e1ez y G. Cruz-Garc\u00eda. 2016. Riqueza y distribuci\u00f3n de la familia Orchidaceae en la Sierra Sur de Oaxaca. pp 197-207. En I. Luna-Vega, R. Contreras-Medina y D. Espinosa (eds.): Biodiversidad de la Sierra Madre del Sur. Instituto de Biolog\u00eda, Universidad Nacional Aut\u00f3noma de M\u00e9xico. Ciudad de M\u00e9xico.<\/li>\n<\/ol>\n\n\n\n<h2 class=\"wp-block-heading\">PUBLICACIONES EN FORMATO DIGITAL\/Publications in digital format<\/h2>\n\n\n\n<ul class=\"wp-block-list\">\n<li>Solano R, Jim\u00e9nez-L\u00f3pez DA. 2020.&nbsp;Illicit wild orchid trade in a region with high biodiversity from Chiapas, Mexico. Orchid Specialist Group-Global Trade Programme. 05 Febrero 2020, (https:\/\/globalorchidtrade.wixsite.com\/home\/single-post\/2020\/02\/05\/Illicit-wild-orchid-trade-in-a-region-with-high-biodiversity-from-Chiapas-Mexico).<\/li>\n\n\n\n<li>Solano R. (compilador). 2010. Informaci\u00f3n actualizada para las especies mexicanas de la subtribu Pleurothallidinae (Orchidaceae) incluidas en la CITES y de 3 especies de orqu\u00eddeas de la NOM-059-SEMARNAT-2001. Herbario OAX, Centro Interdiciplinario de Investigaci\u00f3n para el Desarrollo Integral Regional, unidad Oaxaca, Instituto Polit\u00e9cnico Nacional. Bases de datos SNIB-CONABIO. Proyecto No. CK017. M\u00e9xico, D.F. Disponible en: http:\/\/bios.conabio.gob.mx\/especies\/600055<\/li>\n\n\n\n<li>Solano R, A Damon, G Cruz-Lustre, L Jim\u00e9nez-Bautista, S Avenda\u00f1o V\u00e1zquez y L Lagunez Rivera. 2010. Diversidad, relaciones flor\u00edsticas y \u00e1reas prioritarias para la conservaci\u00f3n de orqu\u00eddeas en la regi\u00f3n Tacan\u00e1-Boquer\u00f3n, Chiapas. Memorias electr\u00f3nicas del III Congreso Mesoamericano de \u00c1reas Naturales Protegidas, M\u00e9rida (disponible en:&nbsp;http:\/\/congresomesoamericano.conanp.gob.mx\/rodolfosolanogomez.php)<\/li>\n\n\n\n<li>Soto Arenas M. A. y R. Solano. 2008. Fichas t\u00e9cnicas de las orqu\u00eddeas incluidas en la NOM-059-ECOL-20001. Herbario AMO-Instituto Chino\u00edn, A.C. y Centro Interdisciplinario de Investigaci\u00f3n para el Desarrollo Integral Regional Unidad Oaxaca, Instituto Polit\u00e9cnico Nacional. Informe final SNIB-CONABIO proyecto W029. M\u00e9xico, D.F. (disponible en:&nbsp;http:\/\/www.conabio.gob.mx\/&nbsp; institucion\/cgi-bin\/datos.cgi?Letras=W&amp;Numero=29)<\/li>\n\n\n\n<li>Soto Arenas M. A, E H\u00e1gsater, G. A Salazar, R. Jim\u00e9nez Machorro, R. Solano, R. Flores y I. Ru\u00edz. 2007. Las Orqu\u00eddeas de M\u00e9xico. Cat\u00e1logo Digital. Instituto Chino\u00edn. M\u00e9xico, DF.<\/li>\n\n\n\n<li>Soto Arenas M. A., E. H\u00e1gsater, R. Jim\u00e9nez Machorro y R. Solano. 2007. Orqu\u00eddeas de M\u00e9xico. Herbario AMO-Instituto Chino\u00edn, A.C. y Centro Interdisciplinario de Investigaci\u00f3n para el Desarrollo Integral Regional Unidad Oaxaca, Instituto Polit\u00e9cnico Nacional. Informe final SNIB-CONABIO proyecto P107. M\u00e9xico, D.F. (Disponible en:&nbsp;http:\/\/www.conabio.gob.mx\/institucion\/cgi-bin\/datos.cgi?Letras=CK&amp;Numero=17)<\/li>\n\n\n\n<li>Solano R. 2005. Classification of Pleurothallidinae. Orchids News. 27 (Disponible en;&nbsp;http:\/\/www.delfinadearaujo.com\/on\/specialWOC\/entrevistas\/solano\/solano.htm)<\/li>\n<\/ul>\n\n\n\n<p><\/p>\n","protected":false},"excerpt":{"rendered":"<p>Art\u00edculos cient\u00edficos publicados en los \u00faltimo tres a\u00f1os\/Scientific articles published in the last three years Versiones disponibles en formato pdf solicit\u00e1ndolas al autor \/ pdf versions are available upon request to the author 2024 LIBROS Y CAPITULOS DE LIBROS \/ BOOKS AND BOOK CHAPTERS PUBLICACIONES EN FORMATO DIGITAL\/Publications in digital format<\/p>\n","protected":false},"author":15,"featured_media":0,"parent":0,"menu_order":0,"comment_status":"closed","ping_status":"closed","template":"","meta":{"_swt_meta_header_display":false,"_swt_meta_footer_display":false,"_swt_meta_site_title_display":false,"_swt_meta_sticky_header":false,"_swt_meta_transparent_header":false,"footnotes":""},"class_list":["post-6","page","type-page","status-publish","hentry"],"_links":{"self":[{"href":"https:\/\/web.ciidiroaxaca.ipn.mx\/asolanog\/wp-json\/wp\/v2\/pages\/6","targetHints":{"allow":["GET"]}}],"collection":[{"href":"https:\/\/web.ciidiroaxaca.ipn.mx\/asolanog\/wp-json\/wp\/v2\/pages"}],"about":[{"href":"https:\/\/web.ciidiroaxaca.ipn.mx\/asolanog\/wp-json\/wp\/v2\/types\/page"}],"author":[{"embeddable":true,"href":"https:\/\/web.ciidiroaxaca.ipn.mx\/asolanog\/wp-json\/wp\/v2\/users\/15"}],"replies":[{"embeddable":true,"href":"https:\/\/web.ciidiroaxaca.ipn.mx\/asolanog\/wp-json\/wp\/v2\/comments?post=6"}],"version-history":[{"count":4,"href":"https:\/\/web.ciidiroaxaca.ipn.mx\/asolanog\/wp-json\/wp\/v2\/pages\/6\/revisions"}],"predecessor-version":[{"id":50,"href":"https:\/\/web.ciidiroaxaca.ipn.mx\/asolanog\/wp-json\/wp\/v2\/pages\/6\/revisions\/50"}],"wp:attachment":[{"href":"https:\/\/web.ciidiroaxaca.ipn.mx\/asolanog\/wp-json\/wp\/v2\/media?parent=6"}],"curies":[{"name":"wp","href":"https:\/\/api.w.org\/{rel}","templated":true}]}}