{"id":5,"date":"2011-11-03T20:41:24","date_gmt":"2011-11-03T20:41:24","guid":{"rendered":"https:\/\/web.ciidiroaxaca.ipn.mx\/asolanog\/dr-aniceto-rodolfo-solano-gomez\/"},"modified":"2025-10-08T20:38:09","modified_gmt":"2025-10-08T20:38:09","slug":"dr-aniceto-rodolfo-solano-gomez","status":"publish","type":"page","link":"https:\/\/web.ciidiroaxaca.ipn.mx\/asolanog\/","title":{"rendered":"Dr. Aniceto Rodolfo Solano G\u00f3mez"},"content":{"rendered":"\n<h3 class=\"wp-block-heading has-text-align-center\">Licenciatura en Biolog\u00eda<\/h3>\n\n\n\n<p class=\"has-text-align-center\">Facultad de Estudios Superiores Iztacala. T\u00edtulo de tesis: El g\u00e9nero Stelis Sw. (Orchidaceae: Pleurothallidinae) en M\u00e9xico.<\/p>\n\n\n\n<h3 class=\"wp-block-heading has-text-align-center\">Doctorado en Ecolog\u00eda<\/h3>\n\n\n\n<p class=\"has-text-align-center\">Instituto de Ecolog\u00eda, Universidad Nacional Aut\u00f3noma de M\u00e9xico, Instituto de Ecolog\u00eda. T\u00edtulo de tesis: Filogenia y evoluci\u00f3n de la subtribu Pleurothallidinae (Orchidaceae).<\/p>\n\n\n\n<h3 class=\"wp-block-heading has-text-align-center\">Sistema Nacional de Investigadores: Nivel 2 (2023- 2027)<\/h3>\n\n\n\n<p class=\"has-text-align-center\">Profesor Colegiado del CIIDR Unidad Oaxaca<\/p>\n\n\n\n<p><strong>Areas de inter\u00e9s: <\/strong>Sistem\u00e1tica y conservaci\u00f3n de orqu\u00eddeas, Comercio de plantas silvestres, Etnobot\u00e1nica y conocimiento tradicional de la flora de Oaxaca.<\/p>\n\n\n\n<p>ORCID: <a href=\"https:\/\/orcid.org\/0000-0002-0355-5496\" target=\"_blank\" rel=\"noreferrer noopener\">https:\/\/orcid.org\/0000-0002-0355-5496<\/a><\/p>\n\n\n\n<p>ID autor Scopus: 55993694500<\/p>\n\n\n\n<p>ID Researcher: F-1183-2018<\/p>\n\n\n\n<p>PURE-IPN: <a href=\"https:\/\/ipn.elsevierpure.com\/es\/persons\/aniceto-rodolfo-solano-g%C3%B3mez\" target=\"_blank\" rel=\"noreferrer noopener\">https:\/\/ipn.elsevierpure.com\/es\/persons\/aniceto-rodolfo-solano-g\u00f3mez<\/a><\/p>\n\n\n\n<p>Research Gate: <a href=\"https:\/\/www.researchgate.net\/profile\/Rodolfo-Gomez-4\" target=\"_blank\" rel=\"noreferrer noopener\">https:\/\/www.researchgate.net\/profile\/Rodolfo-Gomez-4<\/a><\/p>\n\n\n\n<hr class=\"wp-block-separator has-alpha-channel-opacity\" \/>\n\n\n\n<h4 class=\"wp-block-heading\">Temas propuestos para proyecto de tesis<\/h4>\n\n\n\n<ul class=\"wp-block-list\">\n<li><strong>Filogeograf\u00eda de <em>Prosthechea citrina <\/em>y especies similares (<em>Prosthechea <\/em>subg\u00e9nero <em>Euchile<\/em>)<\/strong><\/li>\n<\/ul>\n\n\n\n<p>El objetivo del proyecto es obtener y analizar secuencias de marcadores del ADN para evaluar las relaciones filogen\u00e9ticas dentro de <em>Prosthechea <\/em>subg\u00e9nero <em>Euchile<\/em>, un linaje end\u00e9mico de M\u00e9xico y hasta ahora integrado por tres especies (<em>P. citrina, P. karwinskii y P. mariae<\/em>). A partir de ese an\u00e1lisis se identificar\u00e1 el posible centro de origen y los eventos de dispersi\u00f3n que han sido responsables de la distribuci\u00f3n actual del grupo, as\u00ed como la delimitaci\u00f3n de cada una de las especies o infraespecies que integran este subg\u00e9nero.<\/p>\n\n\n\n<figure class=\"wp-block-image aligncenter size-full\"><img loading=\"lazy\" decoding=\"async\" width=\"351\" height=\"340\" src=\"https:\/\/web.ciidiroaxaca.ipn.mx\/asolanog\/wp-content\/uploads\/sites\/36\/2025\/09\/image.jpeg\" alt=\"\" class=\"wp-image-29\" srcset=\"https:\/\/web.ciidiroaxaca.ipn.mx\/asolanog\/wp-content\/uploads\/sites\/36\/2025\/09\/image.jpeg 351w, https:\/\/web.ciidiroaxaca.ipn.mx\/asolanog\/wp-content\/uploads\/sites\/36\/2025\/09\/image-300x291.jpeg 300w\" sizes=\"auto, (max-width: 351px) 100vw, 351px\" \/><\/figure>\n\n\n\n<ul class=\"wp-block-list\">\n<li><strong>Aprovechamiento de orqu\u00eddeas ep\u00edfitas analizado desde la teor\u00eda de los sistemas socioecologicos<\/strong><\/li>\n<\/ul>\n\n\n\n<p>Se trata de estudiar las pr\u00e1cticas de extracci\u00f3n de orqu\u00eddeas ep\u00edfitas y nativas de M\u00e9xico con valor ornamental (<em>Laelia furfuracea<\/em>,&nbsp;<em>Prosthechea karwisnkii<\/em>), identificando y analizando los factores ecol\u00f3gicos (\u00e1reas de extracci\u00f3n, abundancia, estructura de poblaci\u00f3n, tasa de crecimiento, tasa de extracci\u00f3n), econ\u00f3micos (gastos destinados a la extracci\u00f3n, beneficios econ\u00f3micos) y sociales (aspectos sociodemogr\u00e1ficos de colectores y vendedores) usando para ello la teor\u00eda de los sistemas socioecol\u00f3gicos.<\/p>\n\n\n\n<figure class=\"wp-block-image aligncenter size-full is-resized\"><img loading=\"lazy\" decoding=\"async\" width=\"500\" height=\"667\" src=\"https:\/\/web.ciidiroaxaca.ipn.mx\/asolanog\/wp-content\/uploads\/sites\/36\/2025\/09\/image-1.jpeg\" alt=\"\" class=\"wp-image-30\" style=\"width:340px;height:auto\" srcset=\"https:\/\/web.ciidiroaxaca.ipn.mx\/asolanog\/wp-content\/uploads\/sites\/36\/2025\/09\/image-1.jpeg 500w, https:\/\/web.ciidiroaxaca.ipn.mx\/asolanog\/wp-content\/uploads\/sites\/36\/2025\/09\/image-1-225x300.jpeg 225w, https:\/\/web.ciidiroaxaca.ipn.mx\/asolanog\/wp-content\/uploads\/sites\/36\/2025\/09\/image-1-300x400.jpeg 300w\" sizes=\"auto, (max-width: 500px) 100vw, 500px\" \/><\/figure>\n\n\n\n<ul class=\"wp-block-list\">\n<li><strong>Tratamiento taxon\u00f3mico de las orqu\u00eddeas mexicanas de la subtribu Pleurothallidinae<\/strong><\/li>\n<\/ul>\n\n\n\n<p>El prop\u00f3sito es generar los tratamientos taxon\u00f3micos (o la actualizaci\u00f3n) de los g\u00e9neros <em>Lepanthes,Masdevallia, Pleurothallis, Platystele, Stelis y Trichosalpinx<\/em>. Para ello se recurrir\u00e1 a la revisi\u00f3n de ejemplares vivos, herborizados, preservados en l\u00edquido, literatura especializada, as\u00ed como registros en redes sociales como iNaturalist. El tratamiento incluir\u00e1 para cada especie una descripci\u00f3n basada en ejemplares mexicanos, ilustraci\u00f3n cient\u00edfica o l\u00e1mina fotogr\u00e1fica, modelo de distribuci\u00f3n potencial y evaluaci\u00f3n de su estatus de riesgo.<\/p>\n\n\n\n<figure class=\"wp-block-image aligncenter size-full is-resized\"><img loading=\"lazy\" decoding=\"async\" width=\"577\" height=\"900\" src=\"https:\/\/web.ciidiroaxaca.ipn.mx\/asolanog\/wp-content\/uploads\/sites\/36\/2025\/09\/image-2.jpeg\" alt=\"\" class=\"wp-image-31\" style=\"width:453px;height:auto\" srcset=\"https:\/\/web.ciidiroaxaca.ipn.mx\/asolanog\/wp-content\/uploads\/sites\/36\/2025\/09\/image-2.jpeg 577w, https:\/\/web.ciidiroaxaca.ipn.mx\/asolanog\/wp-content\/uploads\/sites\/36\/2025\/09\/image-2-192x300.jpeg 192w, https:\/\/web.ciidiroaxaca.ipn.mx\/asolanog\/wp-content\/uploads\/sites\/36\/2025\/09\/image-2-300x468.jpeg 300w\" sizes=\"auto, (max-width: 577px) 100vw, 577px\" \/><\/figure>\n\n\n\n<figure class=\"wp-block-image aligncenter\"><img decoding=\"async\" src=\"https:\/\/web.ciidiroaxaca.ipn.mx\/asolanog\/wp-content\/uploads\/sites\/36\/2011\/11\/medium_ORCID-R.Solano.png\" alt=\"\" \/><\/figure>\n\n\n\n<p><\/p>\n","protected":false},"excerpt":{"rendered":"<p>Licenciatura en Biolog\u00eda Facultad de Estudios Superiores Iztacala. T\u00edtulo de tesis: El g\u00e9nero Stelis Sw. (Orchidaceae: Pleurothallidinae) en M\u00e9xico. Doctorado en Ecolog\u00eda Instituto de Ecolog\u00eda, Universidad Nacional Aut\u00f3noma de M\u00e9xico, Instituto de Ecolog\u00eda. T\u00edtulo de tesis: Filogenia y evoluci\u00f3n de la subtribu Pleurothallidinae (Orchidaceae). Sistema Nacional de Investigadores: Nivel 2 (2023- 2027) Profesor Colegiado del [&hellip;]<\/p>\n","protected":false},"author":15,"featured_media":0,"parent":0,"menu_order":0,"comment_status":"closed","ping_status":"closed","template":"","meta":{"_swt_meta_header_display":false,"_swt_meta_footer_display":false,"_swt_meta_site_title_display":false,"_swt_meta_sticky_header":false,"_swt_meta_transparent_header":false,"footnotes":""},"class_list":["post-5","page","type-page","status-publish","hentry"],"_links":{"self":[{"href":"https:\/\/web.ciidiroaxaca.ipn.mx\/asolanog\/wp-json\/wp\/v2\/pages\/5","targetHints":{"allow":["GET"]}}],"collection":[{"href":"https:\/\/web.ciidiroaxaca.ipn.mx\/asolanog\/wp-json\/wp\/v2\/pages"}],"about":[{"href":"https:\/\/web.ciidiroaxaca.ipn.mx\/asolanog\/wp-json\/wp\/v2\/types\/page"}],"author":[{"embeddable":true,"href":"https:\/\/web.ciidiroaxaca.ipn.mx\/asolanog\/wp-json\/wp\/v2\/users\/15"}],"replies":[{"embeddable":true,"href":"https:\/\/web.ciidiroaxaca.ipn.mx\/asolanog\/wp-json\/wp\/v2\/comments?post=5"}],"version-history":[{"count":4,"href":"https:\/\/web.ciidiroaxaca.ipn.mx\/asolanog\/wp-json\/wp\/v2\/pages\/5\/revisions"}],"predecessor-version":[{"id":46,"href":"https:\/\/web.ciidiroaxaca.ipn.mx\/asolanog\/wp-json\/wp\/v2\/pages\/5\/revisions\/46"}],"wp:attachment":[{"href":"https:\/\/web.ciidiroaxaca.ipn.mx\/asolanog\/wp-json\/wp\/v2\/media?parent=5"}],"curies":[{"name":"wp","href":"https:\/\/api.w.org\/{rel}","templated":true}]}}