{"id":6,"date":"2012-08-03T16:25:58","date_gmt":"2012-08-03T16:25:58","guid":{"rendered":"https:\/\/web.ciidiroaxaca.ipn.mx\/apoblanov\/proyectos-de-investigacion\/"},"modified":"2025-09-12T19:25:26","modified_gmt":"2025-09-12T19:25:26","slug":"proyectos-de-investigacion","status":"publish","type":"page","link":"https:\/\/web.ciidiroaxaca.ipn.mx\/apoblanov\/proyectos-de-investigacion\/","title":{"rendered":"Proyectos de Investigaci\u00f3n"},"content":{"rendered":"\n<p>Optimizaci\u00f3n de la extracci\u00f3n y caracterizaci\u00f3n del muc\u00edlago obtenido de c\u00e1scaras de frutos de\u00a0Stenocereus stellatus\u00a0y de\u00a0Coffea arabiga\u00a0L. para su aplicaci\u00f3n en procesos alimentarios.\u00a0Participante. Proyecto <strong>SIP20241777<\/strong>.<\/p>\n\n\n\n<p>Optimizaci\u00f3n de la extracci\u00f3n y caracterizaci\u00f3n del muc\u00edlago obtenido de c\u00e1scaras de frutos de Stenocereus stellatus y de Coffea arabiga L. para su aplicaci\u00f3n en procesos alimentarios. Participante. Proyecto <strong>SIP20230533<\/strong>.<\/p>\n\n\n\n<p>Obtenci\u00f3n de muc\u00edlago de c\u00e1scaras de frutos de\u00a0Stenocereus spp. y\u00a0Coffea arabiga\u00a0L. como estrategia para el aprovechamiento de residuos agr\u00edcolas en Oaxaca.\u00a0Participante. Proyecto <strong>SIP20221183<\/strong>.<\/p>\n\n\n\n<p>Importancia social, econ\u00f3mica, nutricional y de compuestos funcionales en frutos de\u00a0Stenocereus stellatus\u00a0(Pfeiffer) Riccobono, cultivados en localidades de Valles Centrales de Oaxaca. Proyecto <strong>SIP20200697<\/strong>. Participante.<\/p>\n\n\n\n<p>Importancia social, econ\u00f3mica, nutricional y de compuestos funcionales en frutos de\u00a0Stenocereus stellatus\u00a0(Pfeiffer) Riccobono, cultivados en localidades de Valles Centrales de Oaxaca. Proyecto <strong>SIP20195049<\/strong>. Participante.<\/p>\n\n\n\n<p>Desarrollo de una metodolog\u00eda de factibilidad socioecon\u00f3mica para la mitigaci\u00f3n de los efectos del cambio clim\u00e1tico en los sectores de inter\u00e9s para el estado de Oaxaca. 2013. Participante.<\/p>\n\n\n\n<p>An\u00e1lisis, ventajas y beneficios de la certificaci\u00f3n en el Ciidir, Oaxaca. SIP-20121888&nbsp; 2012.<\/p>\n\n\n\n<p>Empleo de subproductos org\u00e1nicos (agr\u00edcolas y forestales) del estado de&nbsp; Oaxaca, M\u00e9xico. Como sustratos de cultivo y en conservaci\u00f3n de suelos. Univ. Polit\u00e9cnica de Madrid&nbsp; 2011. Participante.<\/p>\n\n\n\n<p>Evaluaci\u00f3n de diferentes especies flor\u00edcolas para flor de corte en ambiente controlado y fertirrigaci\u00f3n en los valles centrales de Oaxaca. Produce&nbsp; abril-2008&nbsp; abril.2009. Participante.<\/p>\n\n\n\n<p>Evaluaci\u00f3n y mejora de las pr\u00e1cticas de producci\u00f3n&nbsp; y de manejo postcosecha de mango en la regi\u00f3n de la costa de Oaxaca .Produce. Jun- 2008&nbsp; Jun- 2009. Participante.<\/p>\n\n\n\n<p>Dise\u00f1o de una tecnolog\u00eda apropiada para la producci\u00f3n de alfarer\u00eda sin plomo en Sta. Mar\u00eda Atzompa, Oaxaca .Indesol 2003. Participante.<\/p>\n\n\n\n<p>Impacto de los programas del FONART en los indicadores de pobreza, producci\u00f3n y comercializaci\u00f3n artesanal. Conacyt-Sedesol 2002-C01-3764 y CGPI:20030364, 20040290,20050174 y 20060475. Participante.<\/p>\n\n\n\n<p>Optimizaci\u00f3n del secado por aspersi\u00f3n para el aprovechamiento de mango (Mangifera indica&nbsp;L.) de bajo valor comercial que se produce en la regi\u00f3n del Istmo de Oaxaca (marzo 2000- febrero 2002). IPN, SIBEJ \/ CONACYT. Participante.<\/p>\n\n\n\n<p>&nbsp;<\/p>\n","protected":false},"excerpt":{"rendered":"<p>Optimizaci\u00f3n de la extracci\u00f3n y caracterizaci\u00f3n del muc\u00edlago obtenido de c\u00e1scaras de frutos de\u00a0Stenocereus stellatus\u00a0y de\u00a0Coffea arabiga\u00a0L. para su aplicaci\u00f3n en procesos alimentarios.\u00a0Participante. Proyecto SIP20241777. Optimizaci\u00f3n de la extracci\u00f3n y caracterizaci\u00f3n del muc\u00edlago obtenido de c\u00e1scaras de frutos de Stenocereus stellatus y de Coffea arabiga L. para su aplicaci\u00f3n en procesos alimentarios. Participante. Proyecto SIP20230533. [&hellip;]<\/p>\n","protected":false},"author":74,"featured_media":0,"parent":0,"menu_order":0,"comment_status":"closed","ping_status":"closed","template":"","meta":{"_swt_meta_header_display":false,"_swt_meta_footer_display":false,"_swt_meta_site_title_display":false,"_swt_meta_sticky_header":false,"_swt_meta_transparent_header":false,"footnotes":""},"class_list":["post-6","page","type-page","status-publish","hentry"],"_links":{"self":[{"href":"https:\/\/web.ciidiroaxaca.ipn.mx\/apoblanov\/wp-json\/wp\/v2\/pages\/6","targetHints":{"allow":["GET"]}}],"collection":[{"href":"https:\/\/web.ciidiroaxaca.ipn.mx\/apoblanov\/wp-json\/wp\/v2\/pages"}],"about":[{"href":"https:\/\/web.ciidiroaxaca.ipn.mx\/apoblanov\/wp-json\/wp\/v2\/types\/page"}],"author":[{"embeddable":true,"href":"https:\/\/web.ciidiroaxaca.ipn.mx\/apoblanov\/wp-json\/wp\/v2\/users\/74"}],"replies":[{"embeddable":true,"href":"https:\/\/web.ciidiroaxaca.ipn.mx\/apoblanov\/wp-json\/wp\/v2\/comments?post=6"}],"version-history":[{"count":2,"href":"https:\/\/web.ciidiroaxaca.ipn.mx\/apoblanov\/wp-json\/wp\/v2\/pages\/6\/revisions"}],"predecessor-version":[{"id":31,"href":"https:\/\/web.ciidiroaxaca.ipn.mx\/apoblanov\/wp-json\/wp\/v2\/pages\/6\/revisions\/31"}],"wp:attachment":[{"href":"https:\/\/web.ciidiroaxaca.ipn.mx\/apoblanov\/wp-json\/wp\/v2\/media?parent=6"}],"curies":[{"name":"wp","href":"https:\/\/api.w.org\/{rel}","templated":true}]}}