{"id":8,"date":"2024-05-13T16:35:35","date_gmt":"2024-05-13T16:35:35","guid":{"rendered":"https:\/\/web.ciidiroaxaca.ipn.mx\/anlopezl\/actividades-academicas\/"},"modified":"2026-02-28T00:23:16","modified_gmt":"2026-02-28T06:23:16","slug":"actividades-academicas","status":"publish","type":"page","link":"https:\/\/web.ciidiroaxaca.ipn.mx\/anlopezl\/actividades-academicas\/","title":{"rendered":"Actividades acad\u00e9micas"},"content":{"rendered":"\n<p>Pertenece a las academias:<\/p>\n\n\n\n<details class=\"wp-block-details is-layout-flow wp-block-details-is-layout-flow\"><summary>Dise\u00f1o y Construcci\u00f3n Sostenible<\/summary>\n<p><strong>Presidenta de Academia de agosto 2022 a enero 2024<\/strong><\/p>\n<\/details>\n\n\n\n<details class=\"wp-block-details is-layout-flow wp-block-details-is-layout-flow\"><summary>Gesti\u00f3n de Proyectos para el Desarrollo Solidario.<\/summary>\n<p><\/p>\n<\/details>\n\n\n\n<p><strong>Coordinadora del Programa de Maestr\u00eda en Gesti\u00f3n de Proyectos para el Desarrollo Solidario, con acreditaci\u00f3n 0003913 del SNP\u202fde la\u202fSECIHTI.<\/strong><\/p>\n\n\n\n<h3 class=\"wp-block-heading\"><strong>Docencia<\/strong><\/h3>\n\n\n\n<p>Profesora de la Maestr\u00eda Gesti\u00f3n de Proyectos para el Desarrollo Solidario del CIIDIR IPN Oaxaca. Profesor Titular en la Unidad de aprendizaje Tecnolog\u00edas Sustentables. Profesor asistente de la Unidad de aprendizaje Seminario II.<\/p>\n\n\n\n<h3 class=\"wp-block-heading\"><strong>Ponente en Congresos Nacionales e Internacionales<\/strong><\/h3>\n\n\n\n<p>Altamirano, D.C.,<strong>L\u00f3pez, A.N<\/strong>.,Hern\u00e1ndez,D.C.,Cort\u00e9s, D.(2024). Tendencias de saneamiento del agua para consumo humano usando nanotecnolog\u00eda.VII Congreso Multidisciplinario.Cuitl\u00e1huac Veracruz.<\/p>\n\n\n\n<p>Landeta,A.R,<strong>L\u00f3pez, A.N<\/strong>.,Machuca,O.J.,Altamirano, D.C.(2024).Redise\u00f1o de un sistema robotizado para limpieza de cuerpos de agua.XVII Jornadas Polit\u00e9cnicas CIIDIR Oaxaca. <\/p>\n\n\n\n<p>Altamirano, D.C.,<strong>L\u00f3pez, A.N<\/strong>.,Cort\u00e9s, D.(2024). Disponibilidad, disposici\u00f3n y calidad del agua en el Corredor Interoce\u00e1nico del Istmo de Tehuantepec Oaxaca.XVII Jornadas Polit\u00e9cnicas CIIDIR Oaxaca. <\/p>\n\n\n\n<p>D\u00edaz, G.J.,Contreras, I.,<strong>L\u00f3pez, A.N.<\/strong>,Ortiz,M.(2024).Dise\u00f1o y Construcci\u00f3n de un Calentador Solar de Agua para Uso Sanitario con Materiales Reciclados.Quinta Feria de Intercambio de Experiencias Socioproductivas de Oaxaca.CIIDIR Oaxaca.<\/p>\n\n\n\n<p>Ortiz,M.,<strong>L\u00f3pez, A.N<\/strong>.,Caballero, J.L.,D\u00edaz, G.J.(2024). Ecotecnolog\u00edas para el aprovechamiento de la energ\u00eda solar en comunidades. Quinta Feria de Intercambio de Experiencias Socioproductivas de Oaxaca.CIIDIR Oaxaca.<\/p>\n\n\n\n<p><strong>L\u00f3pez, A.N.<\/strong>, Caballero, J.L., y Alav\u00e9z, R. (2022). Desarrollo de competencias digitales en estudiantes de nivel superior con la plataforma Microsoft teams para el aprendizaje de la arquitectura sustentable. Ier Congreso Internacional de Innovaci\u00f3n Docente, Educaci\u00f3n y Transferencia de Conocimiento. Modalidad Virtual plataforma ciineco.org. 7 y 8 julio.<\/p>\n\n\n\n<p class=\"rtejustify\"><strong>C<\/strong>aballero, J.L., <strong>L\u00f3pez, A.N.<\/strong>, y Alav\u00e9z, R. (2022). Las pol\u00edticas educativas para mejorar la infraestructura escolar en M\u00e9xico; propuesta de modelo de escuela sostenible para comunidades marginadas. Ier Congreso Internacional de Innovaci\u00f3n Docente, Educaci\u00f3n y Transferencia de Conocimiento. Modalidad Virtual plataforma ciineco.org. 7 y 8 julio.<\/p>\n\n\n\n<p class=\"rtejustify\"><strong>C<\/strong>aballero, J.L., <strong>L\u00f3pez, A.N.<\/strong>, y Alav\u00e9z, R. (2022). La desigualdad de la educaci\u00f3n a distancia en estudiantes de nivel b\u00e1sico en M\u00e9xico ante la pandemia del COVID-19. Ier Congreso Internacional de Innovaci\u00f3n Docente, Educaci\u00f3n y Transferencia de Conocimiento. Modalidad Virtual plataforma ciineco.org. 7 y 8 julio.<\/p>\n\n\n\n<p class=\"rtejustify\">Ju\u00e1rez, L.A.,Caballero, J.L. Rasilla, M. Ortiz, M. y <strong>L\u00f3pez, A.N<\/strong>.(2022)Laboratorio de ecotecnolog\u00edas como espacio de aprendizaje generador de conocimientos frente a problem\u00e1ticas sociales.XV Congreso Internacional: Estudios Ambientales y del territorio.Popay\u00e1n, Cauca, Colombia.<\/p>\n\n\n\n<p class=\"rtejustify\"><strong>L\u00f3pez, A.N<\/strong>.(2021) la vivienda rural y el principio de sustentabilidad arquitect\u00f3nica.Materiales Alternativos y vivienda rural.VII Seminario Internacional de Investigaci\u00f3n del Dise\u00f1o Sustentable.(SIIDS). Facultad de Arquitectura,Dise\u00f1o y Urbanismo de la Universidad Aut\u00f3noma de Tamaulipas.<\/p>\n\n\n\n<p class=\"rtejustify\">Vera, J.D. Caballero, J.L., Ju\u00e1rez, L.A. y <strong>L\u00f3pez, A.N.<\/strong> (2020). Valores solidarios en el dise\u00f1o de la vivienda tradicional para familias afectadas por sismos con enfoque de reconstrucci\u00f3n integral y social del H\u00e1bitat da\u00f1ado por sismos. III Encuentro Internacional en Econom\u00eda Solidaria e Innovaci\u00f3n Social: Conexi\u00f3n Generacional, Bogota, Colombia: INDESCO.<\/p>\n\n\n\n<p class=\"rtejustify\"><strong>L\u00f3pez, A.N.<\/strong>(2020)Vivienda rural como principio de sustentabilidad arquitect\u00f3nica.Seminario Institucional de la LGAC Dise\u00f1o y Tecnolog\u00edas Sustentables para la Edificaci\u00f3n, de la Maestr\u00eda en Gesti\u00f3n de Proyectos para el Desarrollo Solidario.CIIDIR IPN Oaxaca.<\/p>\n\n\n\n<h3 class=\"wp-block-heading rtejustify\"><strong>Talleres impartidos.<\/strong><\/h3>\n\n\n\n<ul class=\"wp-block-list\">\n<li>Taller construcci\u00f3n de un deshidratador solar (Junio 2025)Soledad Etla Oaxaca.<\/li>\n\n\n\n<li>Taller estufa solar ( Noviembre,2022)CIIDIR IPN Unidad OAXACA.<\/li>\n\n\n\n<li>Bioconstrucci\u00f3n con Bajareque(julio 2022)CIIDIR IPN Unidad OAXACA.<\/li>\n<\/ul>\n\n\n\n<p class=\"rtejustify\">&nbsp;<\/p>\n\n\n\n<p class=\"rtejustify\">&nbsp;<\/p>\n\n\n\n<p class=\"rtejustify\">&nbsp;<\/p>\n\n\n\n<p class=\"rtejustify\">&nbsp;<\/p>\n","protected":false},"excerpt":{"rendered":"<p>Pertenece a las academias: Coordinadora del Programa de Maestr\u00eda en Gesti\u00f3n de Proyectos para el Desarrollo Solidario, con acreditaci\u00f3n 0003913 del SNP\u202fde la\u202fSECIHTI. Docencia Profesora de la Maestr\u00eda Gesti\u00f3n de Proyectos para el Desarrollo Solidario del CIIDIR IPN Oaxaca. Profesor Titular en la Unidad de aprendizaje Tecnolog\u00edas Sustentables. Profesor asistente de la Unidad de aprendizaje [&hellip;]<\/p>\n","protected":false},"author":66,"featured_media":0,"parent":0,"menu_order":0,"comment_status":"closed","ping_status":"closed","template":"","meta":{"_swt_meta_header_display":false,"_swt_meta_footer_display":false,"_swt_meta_site_title_display":false,"_swt_meta_sticky_header":false,"_swt_meta_transparent_header":false,"footnotes":""},"class_list":["post-8","page","type-page","status-publish","hentry"],"_links":{"self":[{"href":"https:\/\/web.ciidiroaxaca.ipn.mx\/anlopezl\/wp-json\/wp\/v2\/pages\/8","targetHints":{"allow":["GET"]}}],"collection":[{"href":"https:\/\/web.ciidiroaxaca.ipn.mx\/anlopezl\/wp-json\/wp\/v2\/pages"}],"about":[{"href":"https:\/\/web.ciidiroaxaca.ipn.mx\/anlopezl\/wp-json\/wp\/v2\/types\/page"}],"author":[{"embeddable":true,"href":"https:\/\/web.ciidiroaxaca.ipn.mx\/anlopezl\/wp-json\/wp\/v2\/users\/66"}],"replies":[{"embeddable":true,"href":"https:\/\/web.ciidiroaxaca.ipn.mx\/anlopezl\/wp-json\/wp\/v2\/comments?post=8"}],"version-history":[{"count":11,"href":"https:\/\/web.ciidiroaxaca.ipn.mx\/anlopezl\/wp-json\/wp\/v2\/pages\/8\/revisions"}],"predecessor-version":[{"id":66,"href":"https:\/\/web.ciidiroaxaca.ipn.mx\/anlopezl\/wp-json\/wp\/v2\/pages\/8\/revisions\/66"}],"wp:attachment":[{"href":"https:\/\/web.ciidiroaxaca.ipn.mx\/anlopezl\/wp-json\/wp\/v2\/media?parent=8"}],"curies":[{"name":"wp","href":"https:\/\/api.w.org\/{rel}","templated":true}]}}

Actividades académicas

<p>Pertenece a las academias:</p>



<details class="wp-block-details is-layout-flow wp-block-details-is-layout-flow"><summary>Diseño y Construcción Sostenible</summary>
<p><strong>Presidenta de Academia de agosto 2022 a enero 2024</strong></p>
</details>



<details class="wp-block-details is-layout-flow wp-block-details-is-layout-flow"><summary>Gestión de Proyectos para el Desarrollo Solidario.</summary>
<p></p>
</details>



<p><strong>Coordinadora del Programa de Maestría en Gestión de Proyectos para el Desarrollo Solidario, con acreditación 0003913 del SNP de la SECIHTI.</strong></p>



<h3 class="wp-block-heading"><strong>Docencia</strong></h3>



<p>Profesora de la Maestría Gestión de Proyectos para el Desarrollo Solidario del CIIDIR IPN Oaxaca. Profesor Titular en la Unidad de aprendizaje Tecnologías Sustentables. Profesor asistente de la Unidad de aprendizaje Seminario II.</p>



<h3 class="wp-block-heading"><strong>Ponente en Congresos Nacionales e Internacionales</strong></h3>



<p>Altamirano, D.C.,<strong>López, A.N</strong>.,Hernández,D.C.,Cortés, D.(2024). Tendencias de saneamiento del agua para consumo humano usando nanotecnología.VII Congreso Multidisciplinario.Cuitláhuac Veracruz.</p>



<p>Landeta,A.R,<strong>López, A.N</strong>.,Machuca,O.J.,Altamirano, D.C.(2024).Rediseño de un sistema robotizado para limpieza de cuerpos de agua.XVII Jornadas Politécnicas CIIDIR Oaxaca. </p>



<p>Altamirano, D.C.,<strong>López, A.N</strong>.,Cortés, D.(2024). Disponibilidad, disposición y calidad del agua en el Corredor Interoceánico del Istmo de Tehuantepec Oaxaca.XVII Jornadas Politécnicas CIIDIR Oaxaca. </p>



<p>Díaz, G.J.,Contreras, I.,<strong>López, A.N.</strong>,Ortiz,M.(2024).Diseño y Construcción de un Calentador Solar de Agua para Uso Sanitario con Materiales Reciclados.Quinta Feria de Intercambio de Experiencias Socioproductivas de Oaxaca.CIIDIR Oaxaca.</p>



<p>Ortiz,M.,<strong>López, A.N</strong>.,Caballero, J.L.,Díaz, G.J.(2024). Ecotecnologías para el aprovechamiento de la energía solar en comunidades. Quinta Feria de Intercambio de Experiencias Socioproductivas de Oaxaca.CIIDIR Oaxaca.</p>



<p><strong>López, A.N.</strong>, Caballero, J.L., y Alavéz, R. (2022). Desarrollo de competencias digitales en estudiantes de nivel superior con la plataforma Microsoft teams para el aprendizaje de la arquitectura sustentable. Ier Congreso Internacional de Innovación Docente, Educación y Transferencia de Conocimiento. Modalidad Virtual plataforma ciineco.org. 7 y 8 julio.</p>



<p class="rtejustify"><strong>C</strong>aballero, J.L., <strong>López, A.N.</strong>, y Alavéz, R. (2022). Las políticas educativas para mejorar la infraestructura escolar en México; propuesta de modelo de escuela sostenible para comunidades marginadas. Ier Congreso Internacional de Innovación Docente, Educación y Transferencia de Conocimiento. Modalidad Virtual plataforma ciineco.org. 7 y 8 julio.</p>



<p class="rtejustify"><strong>C</strong>aballero, J.L., <strong>López, A.N.</strong>, y Alavéz, R. (2022). La desigualdad de la educación a distancia en estudiantes de nivel básico en México ante la pandemia del COVID-19. Ier Congreso Internacional de Innovación Docente, Educación y Transferencia de Conocimiento. Modalidad Virtual plataforma ciineco.org. 7 y 8 julio.</p>



<p class="rtejustify">Juárez, L.A.,Caballero, J.L. Rasilla, M. Ortiz, M. y <strong>López, A.N</strong>.(2022)Laboratorio de ecotecnologías como espacio de aprendizaje generador de conocimientos frente a problemáticas sociales.XV Congreso Internacional: Estudios Ambientales y del territorio.Popayán, Cauca, Colombia.</p>



<p class="rtejustify"><strong>López, A.N</strong>.(2021) la vivienda rural y el principio de sustentabilidad arquitectónica.Materiales Alternativos y vivienda rural.VII Seminario Internacional de Investigación del Diseño Sustentable.(SIIDS). Facultad de Arquitectura,Diseño y Urbanismo de la Universidad Autónoma de Tamaulipas.</p>



<p class="rtejustify">Vera, J.D. Caballero, J.L., Juárez, L.A. y <strong>López, A.N.</strong> (2020). Valores solidarios en el diseño de la vivienda tradicional para familias afectadas por sismos con enfoque de reconstrucción integral y social del Hábitat dañado por sismos. III Encuentro Internacional en Economía Solidaria e Innovación Social: Conexión Generacional, Bogota, Colombia: INDESCO.</p>



<p class="rtejustify"><strong>López, A.N.</strong>(2020)Vivienda rural como principio de sustentabilidad arquitectónica.Seminario Institucional de la LGAC Diseño y Tecnologías Sustentables para la Edificación, de la Maestría en Gestión de Proyectos para el Desarrollo Solidario.CIIDIR IPN Oaxaca.</p>



<h3 class="wp-block-heading rtejustify"><strong>Talleres impartidos.</strong></h3>



<ul class="wp-block-list">
<li>Taller construcción de un deshidratador solar (Junio 2025)Soledad Etla Oaxaca.</li>



<li>Taller estufa solar ( Noviembre,2022)CIIDIR IPN Unidad OAXACA.</li>



<li>Bioconstrucción con Bajareque(julio 2022)CIIDIR IPN Unidad OAXACA.</li>
</ul>



<p class="rtejustify">&nbsp;</p>



<p class="rtejustify">&nbsp;</p>



<p class="rtejustify">&nbsp;</p>



<p class="rtejustify">&nbsp;</p>

<p>Pertenece a las academias: Coordinadora del Programa de Maestría en Gestión de Proyectos para el Desarrollo Solidario, con acreditación 0003913 del SNP de la SECIHTI. Docencia Profesora de la Maestría Gestión de Proyectos para el Desarrollo Solidario del CIIDIR IPN Oaxaca. Profesor Titular en la Unidad de aprendizaje Tecnologías Sustentables. Profesor asistente de la Unidad de aprendizaje [&hellip;]</p>
