{"id":5,"date":"2024-05-13T16:29:27","date_gmt":"2024-05-13T16:29:27","guid":{"rendered":"https:\/\/web.ciidiroaxaca.ipn.mx\/anlopezl\/capitulos-de-libro\/"},"modified":"2025-09-30T19:21:19","modified_gmt":"2025-09-30T19:21:19","slug":"publicaciones","status":"publish","type":"page","link":"https:\/\/web.ciidiroaxaca.ipn.mx\/anlopezl\/publicaciones\/","title":{"rendered":"Publicaciones"},"content":{"rendered":"\n<p><strong>Cap\u00edtulos de libro.<\/strong><\/p>\n\n\n\n<p class=\"rtejustify\"><strong>L\u00f3pez, A.N.,<\/strong>&nbsp;Caballero, J.L y Alav\u00e9z, R. (2022). Desarrollo de competencias digitales en estudiantes de nivel superior con la plataforma Microsoft Teams para el aprendizaje de la arquitectura sustentable. <em>Aprender innovando. Transferencia del conocimiento en los estudios de Historia, Artes, Arquitectura y Dise\u00f1o<\/em>. Aula Magna proyecto Clave McGraw-Hill.<\/p>\n\n\n\n<p class=\"rtejustify\">Caballero, J.L., <strong>L\u00f3pez, A.N.,<\/strong> y Alav\u00e9z, R. (2022). Las pol\u00edticas educativas para mejorar la infraestructura escolar en M\u00e9xico; propuesta de modelo de escuela sostenible para comunidades marginadas. <em>Tendencias en innovaci\u00f3n y transferencia del conocimiento: de la universidad a la sociedad.&nbsp;<\/em>&nbsp;Dykinson S.L.<\/p>\n\n\n\n<p class=\"rtejustify\">Caballero, J.L., <strong>L\u00f3pez, A.N.,<\/strong> y Alav\u00e9z, R. (2022). La desigualdad de la educaci\u00f3n a distancia en estudiantes de nivel b\u00e1sico en M\u00e9xico ante la pandemia del COVID-19. <em>Innovaci\u00f3n docente y educativa aplicadas a la intervenci\u00f3n social. <\/em>Aula Magna. Clave McGraw-Hill.<\/p>\n\n\n\n<p class=\"rtejustify\">&nbsp;<\/p>\n\n\n\n<p class=\"rtejustify\">&nbsp;<\/p>\n","protected":false},"excerpt":{"rendered":"<p>Cap\u00edtulos de libro. L\u00f3pez, A.N.,&nbsp;Caballero, J.L y Alav\u00e9z, R. (2022). Desarrollo de competencias digitales en estudiantes de nivel superior con la plataforma Microsoft Teams para el aprendizaje de la arquitectura sustentable. Aprender innovando. Transferencia del conocimiento en los estudios de Historia, Artes, Arquitectura y Dise\u00f1o. Aula Magna proyecto Clave McGraw-Hill. Caballero, J.L., L\u00f3pez, A.N., y [&hellip;]<\/p>\n","protected":false},"author":66,"featured_media":0,"parent":0,"menu_order":0,"comment_status":"closed","ping_status":"closed","template":"","meta":{"_swt_meta_header_display":false,"_swt_meta_footer_display":false,"_swt_meta_site_title_display":false,"_swt_meta_sticky_header":false,"_swt_meta_transparent_header":false,"footnotes":""},"class_list":["post-5","page","type-page","status-publish","hentry"],"_links":{"self":[{"href":"https:\/\/web.ciidiroaxaca.ipn.mx\/anlopezl\/wp-json\/wp\/v2\/pages\/5","targetHints":{"allow":["GET"]}}],"collection":[{"href":"https:\/\/web.ciidiroaxaca.ipn.mx\/anlopezl\/wp-json\/wp\/v2\/pages"}],"about":[{"href":"https:\/\/web.ciidiroaxaca.ipn.mx\/anlopezl\/wp-json\/wp\/v2\/types\/page"}],"author":[{"embeddable":true,"href":"https:\/\/web.ciidiroaxaca.ipn.mx\/anlopezl\/wp-json\/wp\/v2\/users\/66"}],"replies":[{"embeddable":true,"href":"https:\/\/web.ciidiroaxaca.ipn.mx\/anlopezl\/wp-json\/wp\/v2\/comments?post=5"}],"version-history":[{"count":3,"href":"https:\/\/web.ciidiroaxaca.ipn.mx\/anlopezl\/wp-json\/wp\/v2\/pages\/5\/revisions"}],"predecessor-version":[{"id":31,"href":"https:\/\/web.ciidiroaxaca.ipn.mx\/anlopezl\/wp-json\/wp\/v2\/pages\/5\/revisions\/31"}],"wp:attachment":[{"href":"https:\/\/web.ciidiroaxaca.ipn.mx\/anlopezl\/wp-json\/wp\/v2\/media?parent=5"}],"curies":[{"name":"wp","href":"https:\/\/api.w.org\/{rel}","templated":true}]}}