{"id":4,"date":"2024-05-13T16:25:52","date_gmt":"2024-05-13T16:25:52","guid":{"rendered":"https:\/\/web.ciidiroaxaca.ipn.mx\/anlopezl\/dra-adriana-natividad-lopez-lopez\/"},"modified":"2026-03-01T02:43:04","modified_gmt":"2026-03-01T08:43:04","slug":"dra-adriana-natividad-lopez-lopez","status":"publish","type":"page","link":"https:\/\/web.ciidiroaxaca.ipn.mx\/anlopezl\/","title":{"rendered":"Dra. Adriana Natividad L\u00f3pez L\u00f3pez"},"content":{"rendered":"\n<h4 class=\"wp-block-heading has-text-align-center rtecenter\"><strong>Arquitecta <\/strong>egresada de la Facultad de Arquitectura C.U de la Universidad Aut\u00f3noma Benito Ju\u00e1rez de Oaxaca &#8211; <strong>UABJO<\/strong>.<\/h4>\n\n\n\n<h4 class=\"wp-block-heading has-text-align-center rtecenter\"><strong>Dra. en Arquitectura <\/strong>por la <strong>Universidad de Baja California UBC<\/strong>. <\/h4>\n\n\n\n<p><\/p>\n\n\n\n<h3 class=\"wp-block-heading\">\u00c1rea de inter\u00e9s:<\/h3>\n\n\n\n<ul class=\"wp-block-list\">\n<li>Arquitectura comunitaria.<\/li>\n\n\n\n<li>Tecnolog\u00edas regionales,sistemas constructivos con tierra.<\/li>\n\n\n\n<li>Vivienda y sustentabilidad.<\/li>\n\n\n\n<li>Infraestructura f\u00edsica educativa.<\/li>\n\n\n\n<li>Arquitectura con perspectiva de g\u00e9nero.<\/li>\n<\/ul>\n\n\n\n<p class=\"has-text-align-center\">e-mail: anlopezl@ipn.mx<\/p>\n\n\n\n<p>                                                       ext:82713<\/p>\n\n\n\n<p><\/p>\n","protected":false},"excerpt":{"rendered":"<p>Arquitecta egresada de la Facultad de Arquitectura C.U de la Universidad Aut\u00f3noma Benito Ju\u00e1rez de Oaxaca &#8211; UABJO. Dra. en Arquitectura por la Universidad de Baja California UBC. \u00c1rea de inter\u00e9s: e-mail: anlopezl@ipn.mx ext:82713<\/p>\n","protected":false},"author":66,"featured_media":63,"parent":0,"menu_order":0,"comment_status":"closed","ping_status":"closed","template":"","meta":{"_swt_meta_header_display":false,"_swt_meta_footer_display":false,"_swt_meta_site_title_display":false,"_swt_meta_sticky_header":false,"_swt_meta_transparent_header":false,"footnotes":""},"class_list":["post-4","page","type-page","status-publish","has-post-thumbnail","hentry"],"_links":{"self":[{"href":"https:\/\/web.ciidiroaxaca.ipn.mx\/anlopezl\/wp-json\/wp\/v2\/pages\/4","targetHints":{"allow":["GET"]}}],"collection":[{"href":"https:\/\/web.ciidiroaxaca.ipn.mx\/anlopezl\/wp-json\/wp\/v2\/pages"}],"about":[{"href":"https:\/\/web.ciidiroaxaca.ipn.mx\/anlopezl\/wp-json\/wp\/v2\/types\/page"}],"author":[{"embeddable":true,"href":"https:\/\/web.ciidiroaxaca.ipn.mx\/anlopezl\/wp-json\/wp\/v2\/users\/66"}],"replies":[{"embeddable":true,"href":"https:\/\/web.ciidiroaxaca.ipn.mx\/anlopezl\/wp-json\/wp\/v2\/comments?post=4"}],"version-history":[{"count":13,"href":"https:\/\/web.ciidiroaxaca.ipn.mx\/anlopezl\/wp-json\/wp\/v2\/pages\/4\/revisions"}],"predecessor-version":[{"id":70,"href":"https:\/\/web.ciidiroaxaca.ipn.mx\/anlopezl\/wp-json\/wp\/v2\/pages\/4\/revisions\/70"}],"wp:featuredmedia":[{"embeddable":true,"href":"https:\/\/web.ciidiroaxaca.ipn.mx\/anlopezl\/wp-json\/wp\/v2\/media\/63"}],"wp:attachment":[{"href":"https:\/\/web.ciidiroaxaca.ipn.mx\/anlopezl\/wp-json\/wp\/v2\/media?parent=4"}],"curies":[{"name":"wp","href":"https:\/\/api.w.org\/{rel}","templated":true}]}}

Dra. Adriana Natividad López López

<h4 class="wp-block-heading has-text-align-center rtecenter"><strong>Arquitecta </strong>egresada de la Facultad de Arquitectura C.U de la Universidad Autónoma Benito Juárez de Oaxaca &#8211; <strong>UABJO</strong>.</h4>



<h4 class="wp-block-heading has-text-align-center rtecenter"><strong>Dra. en Arquitectura </strong>por la <strong>Universidad de Baja California UBC</strong>. </h4>



<p></p>



<h3 class="wp-block-heading">Área de interés:</h3>



<ul class="wp-block-list">
<li>Arquitectura comunitaria.</li>



<li>Tecnologías regionales,sistemas constructivos con tierra.</li>



<li>Vivienda y sustentabilidad.</li>



<li>Infraestructura física educativa.</li>



<li>Arquitectura con perspectiva de género.</li>
</ul>



<p class="has-text-align-center">e-mail: anlopezl@ipn.mx</p>



<p>                                                       ext:82713</p>



<p></p>

<p>Arquitecta egresada de la Facultad de Arquitectura C.U de la Universidad Autónoma Benito Juárez de Oaxaca &#8211; UABJO. Dra. en Arquitectura por la Universidad de Baja California UBC. Área de interés: e-mail: anlopezl@ipn.mx ext:82713</p>
