{"id":4,"date":"2015-01-22T17:12:11","date_gmt":"2015-01-22T17:12:11","guid":{"rendered":"https:\/\/web.ciidiroaxaca.ipn.mx\/alperezh\/dra-aleyda-perez-herrera\/"},"modified":"2025-10-21T09:46:34","modified_gmt":"2025-10-21T15:46:34","slug":"dra-aleyda-perez-herrera","status":"publish","type":"page","link":"https:\/\/web.ciidiroaxaca.ipn.mx\/alperezh\/","title":{"rendered":"Dra. Aleyda P\u00e9rez Herrera"},"content":{"rendered":"\n<figure class=\"wp-block-image aligncenter size-full is-resized\"><img loading=\"lazy\" decoding=\"async\" width=\"485\" height=\"339\" src=\"https:\/\/web.ciidiroaxaca.ipn.mx\/alperezh\/wp-content\/uploads\/sites\/55\/2025\/09\/image.jpeg\" alt=\"\" class=\"wp-image-26\" style=\"width:425px;height:auto\" srcset=\"https:\/\/web.ciidiroaxaca.ipn.mx\/alperezh\/wp-content\/uploads\/sites\/55\/2025\/09\/image.jpeg 485w, https:\/\/web.ciidiroaxaca.ipn.mx\/alperezh\/wp-content\/uploads\/sites\/55\/2025\/09\/image-300x210.jpeg 300w\" sizes=\"auto, (max-width: 485px) 100vw, 485px\" \/><\/figure>\n\n\n\n<div style=\"height:46px\" aria-hidden=\"true\" class=\"wp-block-spacer\"><\/div>\n\n\n\n<h3 class=\"wp-block-heading has-text-align-center\"><strong>NUTRICI\u00d3N Y ALIMENTACI\u00d3N HUMANA<\/strong><\/h3>\n\n\n\n<p><strong>Proyecto 2025-2035: <\/strong>Revalorizaci\u00f3n de alimentos nativos y su aporte en la salud y seguridad alimentaria y nutricional en comunidades rurales de Oaxaca<\/p>\n\n\n\n<p class=\"has-text-align-left\"><strong>Proyecto 2014-2024:<\/strong> Estudio de alimentos nativos del estado de Oaxaca y su efecto sobre el S\u00edndrome Metab\u00f3lico<\/p>\n\n\n\n<h4 class=\"wp-block-heading has-text-align-center\"><strong>Sistema Nacional de Investigadoras (SNII) nivel <\/strong>2<\/h4>\n\n\n\n<p class=\"has-text-align-center\">Secretar\u00eda de Ciencia, Humanidades, Tecnolog\u00eda e Innovaci\u00f3n (SECIHTI)<\/p>\n\n\n\n<p class=\"has-text-align-center\">E-mail: aperezhe@conacyt.mx, alperezh@ipn.mx<\/p>\n\n\n\n<p class=\"has-text-align-center\"><strong>Tel\u00e9fono:&nbsp;<\/strong>(951)5170610 Ext. 82786<\/p>\n\n\n\n<h5 class=\"wp-block-heading has-text-align-center\">Coordinadora del Laboratorio de Alimentaci\u00f3n, Nutrici\u00f3n y Desarrollo Sostenible (LANDS)<\/h5>\n\n\n\n<figure class=\"wp-block-image aligncenter size-full is-resized\"><img loading=\"lazy\" decoding=\"async\" width=\"792\" height=\"612\" src=\"https:\/\/web.ciidiroaxaca.ipn.mx\/alperezh\/wp-content\/uploads\/sites\/55\/2025\/10\/Logo-Laboratorio-4.2-F-2.png\" alt=\"\" class=\"wp-image-51\" style=\"width:216px;height:auto\" srcset=\"https:\/\/web.ciidiroaxaca.ipn.mx\/alperezh\/wp-content\/uploads\/sites\/55\/2025\/10\/Logo-Laboratorio-4.2-F-2.png 792w, https:\/\/web.ciidiroaxaca.ipn.mx\/alperezh\/wp-content\/uploads\/sites\/55\/2025\/10\/Logo-Laboratorio-4.2-F-2-300x232.png 300w, https:\/\/web.ciidiroaxaca.ipn.mx\/alperezh\/wp-content\/uploads\/sites\/55\/2025\/10\/Logo-Laboratorio-4.2-F-2-768x593.png 768w\" sizes=\"auto, (max-width: 792px) 100vw, 792px\" \/><\/figure>\n\n\n\n<hr class=\"wp-block-separator has-alpha-channel-opacity\" \/>\n\n\n\n<p>Trabajo en zonas rurales del estado de Oaxaca para conocer la interacci\u00f3n que tienen las personas con los alimentos locales de sus comunidades y el desarrollo de enfermedades metab\u00f3licas. En este sentido recolectamos los alimentos end\u00e9micos y analizamos su contenido nutrimental y de compuestos bioactivos, as\u00ed como la incorporaci\u00f3n de los mismos a la dieta de las personas. A su vez, estudiamos el estado nutricional de las personas de las comunidades y aplicamos encuestas para conocer el grado de seguridad alimentaria y nutricional en el que se encuentran.<\/p>\n\n\n\n<p>Existen alimentos con propiedades especiales que merece la pena destacar dentro de nuestros estudios, los cuales son analizados mediante estudios de nutrigen\u00f3mica (interacci\u00f3n alimento-gen) en modelos <em>in vivo <\/em>o de intervenci\u00f3n en humanos, para que de esta forma podamos difundir el efecto en la salud que presentan dichos alimentos. <\/p>\n\n\n\n<p>Algunos ejemplos son los hongos y quelites. Una parte interesante de trabajar con las comunidades y sus alimentos es que tambi\u00e9n podemos aportar en temas de tecnolog\u00eda alimentaria, para que las personas puedan disponer de sus alimentos en cualquier \u00e9poca del a\u00f1o de una forma segura y sustentable.<\/p>\n\n\n\n<h4 class=\"wp-block-heading\">M\u00e9ritos<\/h4>\n\n\n\n<p>2024-2025 Miembro de la Comisi\u00f3n Dictaminadora del SNII-\u00c1rea 3-Medicina<\/p>\n\n\n\n<p>2022-Actual Miembro activo del Comit\u00e9 de Imparcialidad de Certificadora Mexicana de Productos y Procesos Ecol\u00f3gicos\u00a0 (Certimex) S.C.<\/p>\n\n\n\n<p>2023-2027 Sistema Nacional de Investigadoras e Investigadoras. Nivel 2<\/p>\n\n\n\n<p>2019-2022 Sistema Nacional de Investigadoras e Investigadoras. Nivel 1<\/p>\n\n\n\n<p>2022-Actual Miembro experto del Comit\u00e9 de Mol\u00e9culas Nuevas (COFEPRIS)<\/p>\n\n\n\n<p>2022-Actual Editora de la Revista Frontiers in Nutrition (Factor de impacto 5). Nutrition and Sustainable Development Goal 2: Zero Hunger<\/p>\n\n\n\n<p>2013 Obtenci\u00f3n <em>Cum Laudem<\/em> y Menci\u00f3n Internacional en la obtenci\u00f3n del grado de Doctora en Biomedicina<\/p>\n\n\n\n<p><\/p>\n","protected":false},"excerpt":{"rendered":"<p>NUTRICI\u00d3N Y ALIMENTACI\u00d3N HUMANA Proyecto 2025-2035: Revalorizaci\u00f3n de alimentos nativos y su aporte en la salud y seguridad alimentaria y nutricional en comunidades rurales de Oaxaca Proyecto 2014-2024: Estudio de alimentos nativos del estado de Oaxaca y su efecto sobre el S\u00edndrome Metab\u00f3lico Sistema Nacional de Investigadoras (SNII) nivel 2 Secretar\u00eda de Ciencia, Humanidades, Tecnolog\u00eda [&hellip;]<\/p>\n","protected":false},"author":55,"featured_media":0,"parent":0,"menu_order":0,"comment_status":"closed","ping_status":"closed","template":"","meta":{"_swt_meta_header_display":false,"_swt_meta_footer_display":false,"_swt_meta_site_title_display":false,"_swt_meta_sticky_header":false,"_swt_meta_transparent_header":false,"footnotes":""},"class_list":["post-4","page","type-page","status-publish","hentry"],"_links":{"self":[{"href":"https:\/\/web.ciidiroaxaca.ipn.mx\/alperezh\/wp-json\/wp\/v2\/pages\/4","targetHints":{"allow":["GET"]}}],"collection":[{"href":"https:\/\/web.ciidiroaxaca.ipn.mx\/alperezh\/wp-json\/wp\/v2\/pages"}],"about":[{"href":"https:\/\/web.ciidiroaxaca.ipn.mx\/alperezh\/wp-json\/wp\/v2\/types\/page"}],"author":[{"embeddable":true,"href":"https:\/\/web.ciidiroaxaca.ipn.mx\/alperezh\/wp-json\/wp\/v2\/users\/55"}],"replies":[{"embeddable":true,"href":"https:\/\/web.ciidiroaxaca.ipn.mx\/alperezh\/wp-json\/wp\/v2\/comments?post=4"}],"version-history":[{"count":10,"href":"https:\/\/web.ciidiroaxaca.ipn.mx\/alperezh\/wp-json\/wp\/v2\/pages\/4\/revisions"}],"predecessor-version":[{"id":62,"href":"https:\/\/web.ciidiroaxaca.ipn.mx\/alperezh\/wp-json\/wp\/v2\/pages\/4\/revisions\/62"}],"wp:attachment":[{"href":"https:\/\/web.ciidiroaxaca.ipn.mx\/alperezh\/wp-json\/wp\/v2\/media?parent=4"}],"curies":[{"name":"wp","href":"https:\/\/api.w.org\/{rel}","templated":true}]}}